Last updated on 2025-06-30 15:49:35 CEST.
Flavor | Version | Tinstall | Tcheck | Ttotal | Status | Flags |
---|---|---|---|---|---|---|
r-devel-linux-x86_64-debian-clang | 1.6.1 | 52.89 | 23.21 | 76.10 | OK | |
r-devel-linux-x86_64-debian-gcc | 1.6.1 | 37.69 | 18.51 | 56.20 | OK | |
r-devel-linux-x86_64-fedora-clang | 1.6.1 | 177.92 | OK | |||
r-devel-linux-x86_64-fedora-gcc | 1.6.1 | 133.71 | OK | |||
r-devel-windows-x86_64 | 1.6.1 | 69.00 | 68.00 | 137.00 | OK | |
r-patched-linux-x86_64 | OK | |||||
r-release-linux-x86_64 | 1.6.1 | 51.68 | 21.65 | 73.33 | OK | |
r-release-macos-arm64 | 1.6.1 | 41.00 | OK | |||
r-release-macos-x86_64 | 1.6.1 | 67.00 | OK | |||
r-release-windows-x86_64 | 1.6.1 | 69.00 | 69.00 | 138.00 | OK | |
r-oldrel-macos-arm64 | 1.6.1 | 39.00 | NOTE | |||
r-oldrel-macos-x86_64 | 1.6.1 | 56.00 | NOTE | |||
r-oldrel-windows-x86_64 | 1.6.1 | 58.00 | 80.00 | 138.00 | OK |
Version: 1.6.1
Check: installed package size
Result: NOTE
installed size is 9.4Mb
sub-directories of 1Mb or more:
libs 9.3Mb
Flavors: r-oldrel-macos-arm64, r-oldrel-macos-x86_64