Last updated on 2025-02-22 12:50:15 CET.
Flavor | Version | Tinstall | Tcheck | Ttotal | Status | Flags |
---|---|---|---|---|---|---|
r-devel-linux-x86_64-debian-clang | 0.2.2 | 5.32 | 60.55 | 65.87 | NOTE | |
r-devel-linux-x86_64-debian-gcc | 0.2.2 | 3.85 | 43.56 | 47.41 | NOTE | |
r-devel-linux-x86_64-fedora-clang | 0.2.2 | 103.87 | NOTE | |||
r-devel-linux-x86_64-fedora-gcc | 0.2.2 | 114.12 | NOTE | |||
r-devel-macos-arm64 | 0.2.2 | 46.00 | OK | |||
r-devel-macos-x86_64 | 0.2.2 | 86.00 | NOTE | |||
r-devel-windows-x86_64 | 0.2.2 | 8.00 | 93.00 | 101.00 | NOTE | |
r-patched-linux-x86_64 | 0.2.2 | 5.14 | 55.86 | 61.00 | OK | |
r-release-linux-x86_64 | 0.2.2 | 5.04 | 55.76 | 60.80 | OK | |
r-release-macos-arm64 | 0.2.2 | 43.00 | OK | |||
r-release-macos-x86_64 | 0.2.2 | 63.00 | OK | |||
r-release-windows-x86_64 | 0.2.2 | 7.00 | 86.00 | 93.00 | OK | |
r-oldrel-macos-arm64 | 0.2.2 | 47.00 | OK | |||
r-oldrel-macos-x86_64 | 0.2.2 | 96.00 | OK | |||
r-oldrel-windows-x86_64 | 0.2.2 | 8.00 | 94.00 | 102.00 | OK |
Version: 0.2.2
Check: DESCRIPTION meta-information
Result: NOTE
Missing dependency on R >= 4.1.0 because package code uses the pipe
|> or function shorthand \(...) syntax added in R 4.1.0.
File(s) using such syntax:
‘chronicle.R’
Flavors: r-devel-linux-x86_64-debian-clang, r-devel-linux-x86_64-debian-gcc, r-devel-linux-x86_64-fedora-clang, r-devel-linux-x86_64-fedora-gcc, r-devel-macos-x86_64, r-devel-windows-x86_64