Last updated on 2025-11-04 07:49:49 CET.
| Flavor | Version | Tinstall | Tcheck | Ttotal | Status | Flags | 
|---|---|---|---|---|---|---|
| r-devel-linux-x86_64-debian-clang | 0.2.3 | 2.24 | 35.86 | 38.10 | OK | |
| r-devel-linux-x86_64-debian-gcc | 0.2.3 | 1.76 | 27.73 | 29.49 | OK | |
| r-devel-linux-x86_64-fedora-clang | 0.2.3 | 57.22 | NOTE | |||
| r-devel-linux-x86_64-fedora-gcc | 0.2.3 | 71.71 | NOTE | |||
| r-devel-windows-x86_64 | 0.2.3 | 4.00 | 85.00 | 89.00 | OK | |
| r-patched-linux-x86_64 | 0.2.3 | 2.41 | 33.67 | 36.08 | OK | |
| r-release-linux-x86_64 | 0.2.3 | 1.96 | 34.06 | 36.02 | OK | |
| r-release-macos-arm64 | 0.2.3 | 1.00 | 55.00 | 56.00 | OK | |
| r-release-macos-x86_64 | 0.2.3 | 3.00 | 99.00 | 102.00 | OK | |
| r-release-windows-x86_64 | 0.2.3 | 3.00 | 81.00 | 84.00 | OK | |
| r-oldrel-macos-arm64 | 0.2.3 | 1.00 | 57.00 | 58.00 | OK | |
| r-oldrel-macos-x86_64 | 0.2.3 | 2.00 | 70.00 | 72.00 | OK | |
| r-oldrel-windows-x86_64 | 0.2.3 | 5.00 | 92.00 | 97.00 | OK | 
Version: 0.2.3
Check: dependencies in R code
Result: NOTE
  Namespace in Imports field not imported from: ‘dbplyr’
    All declared Imports should be used.
Flavors: r-devel-linux-x86_64-fedora-clang, r-devel-linux-x86_64-fedora-gcc