Last updated on 2024-04-27 12:48:05 CEST.
Flavor | Version | Tinstall | Tcheck | Ttotal | Status | Flags |
---|---|---|---|---|---|---|
r-devel-linux-x86_64-debian-clang | 4.1 | 3.15 | 31.68 | 34.83 | OK | |
r-devel-linux-x86_64-debian-gcc | 4.1 | 2.67 | 24.36 | 27.03 | OK | |
r-devel-linux-x86_64-fedora-clang | 4.1 | 47.40 | NOTE | |||
r-devel-linux-x86_64-fedora-gcc | 4.1 | 44.24 | OK | |||
r-devel-windows-x86_64 | 4.1 | 4.00 | 51.00 | 55.00 | OK | |
r-patched-linux-x86_64 | 4.1 | 4.63 | 31.65 | 36.28 | OK | |
r-release-linux-x86_64 | 4.1 | 3.65 | 31.55 | 35.20 | OK | |
r-release-macos-arm64 | 4.1 | 17.00 | OK | |||
r-release-windows-x86_64 | 4.1 | 4.00 | 49.00 | 53.00 | OK | |
r-oldrel-macos-arm64 | 4.1 | 21.00 | OK | |||
r-oldrel-macos-x86_64 | 4.1 | 42.00 | OK | |||
r-oldrel-windows-x86_64 | 4.1 | 4.00 | 51.00 | 55.00 | OK |
Version: 4.1
Check: Rd cross-references
Result: NOTE
Undeclared packages ‘bigBits’, ‘dplyr’, ‘matrixStats’, ‘filesstrings’, ‘pracma’, ‘sf’ in Rd xrefs
Flavor: r-devel-linux-x86_64-fedora-clang