CRAN Package Check Results for Package catSurv

Last updated on 2025-06-30 15:49:34 CEST.

Flavor Version Tinstall Tcheck Ttotal Status Flags
r-devel-linux-x86_64-debian-clang 1.5.0 108.36 128.10 236.46 NOTE
r-devel-linux-x86_64-debian-gcc 1.5.0 75.13 88.38 163.51 NOTE
r-devel-linux-x86_64-fedora-clang 1.5.0 459.44 NOTE
r-devel-linux-x86_64-fedora-gcc 1.5.0 364.66 NOTE
r-devel-windows-x86_64 1.5.0 153.00 165.00 318.00 NOTE
r-patched-linux-x86_64 NOTE
r-release-linux-x86_64 1.5.0 100.55 121.96 222.51 NOTE
r-release-macos-arm64 1.5.0 114.00 NOTE
r-release-macos-x86_64 1.5.0 143.00 NOTE
r-release-windows-x86_64 1.5.0 151.00 161.00 312.00 NOTE
r-oldrel-macos-arm64 1.5.0 58.00 NOTE
r-oldrel-macos-x86_64 1.5.0 80.00 NOTE
r-oldrel-windows-x86_64 1.5.0 171.00 217.00 388.00 NOTE

Check Details

Version: 1.5.0
Check: C++ specification
Result: NOTE Specified C++11: please drop specification unless essential Flavors: r-devel-linux-x86_64-debian-clang, r-devel-linux-x86_64-debian-gcc, r-devel-linux-x86_64-fedora-clang, r-devel-linux-x86_64-fedora-gcc, r-devel-windows-x86_64, r-patched-linux-x86_64, r-release-linux-x86_64, r-release-macos-arm64, r-release-macos-x86_64, r-release-windows-x86_64, r-oldrel-macos-arm64, r-oldrel-macos-x86_64, r-oldrel-windows-x86_64

Version: 1.5.0
Check: installed package size
Result: NOTE installed size is 7.1Mb sub-directories of 1Mb or more: libs 6.2Mb Flavors: r-oldrel-macos-arm64, r-oldrel-macos-x86_64

Version: 1.5.0
Check: for GNU extensions in Makefiles
Result: NOTE GNU make is a SystemRequirements. Flavors: r-oldrel-macos-arm64, r-oldrel-macos-x86_64, r-oldrel-windows-x86_64