CRAN Package Check Results for Package capl

Last updated on 2025-06-30 15:49:34 CEST.

Flavor Version Tinstall Tcheck Ttotal Status Flags
r-devel-linux-x86_64-debian-clang 1.42 8.22 157.45 165.67 NOTE
r-devel-linux-x86_64-debian-gcc 1.42 4.83 96.79 101.62 NOTE
r-devel-linux-x86_64-fedora-clang 1.42 257.75 OK
r-devel-linux-x86_64-fedora-gcc 1.42 256.81 OK
r-devel-windows-x86_64 1.42 9.00 151.00 160.00 OK
r-patched-linux-x86_64 OK
r-release-linux-x86_64 1.42 7.64 142.60 150.24 OK
r-release-macos-arm64 1.42 79.00 OK
r-release-macos-x86_64 1.42 138.00 OK
r-release-windows-x86_64 1.42 11.00 145.00 156.00 OK
r-oldrel-macos-arm64 1.42 63.00 OK
r-oldrel-macos-x86_64 1.42 106.00 OK
r-oldrel-windows-x86_64 1.42 13.00 216.00 229.00 OK

Check Details

Version: 1.42
Check: CRAN incoming feasibility
Result: NOTE Maintainer: ‘Joel Barnes <j@barnzilla.ca>’ Package CITATION file contains call(s) to old-style citEntry(). Please use bibentry() instead. Flavors: r-devel-linux-x86_64-debian-clang, r-devel-linux-x86_64-debian-gcc