CRAN Package Check Results for Package cancensus

Last updated on 2025-11-04 07:49:48 CET.

Flavor Version Tinstall Tcheck Ttotal Status Flags
r-devel-linux-x86_64-debian-clang 0.5.7 5.42 75.10 80.52 NOTE
r-devel-linux-x86_64-debian-gcc 0.5.7 3.68 54.94 58.62 NOTE
r-devel-linux-x86_64-fedora-clang 0.5.7 13.00 109.56 122.56 NOTE
r-devel-linux-x86_64-fedora-gcc 0.5.7 21.00 119.53 140.53 NOTE
r-devel-windows-x86_64 0.5.7 9.00 106.00 115.00 NOTE
r-patched-linux-x86_64 0.5.7 6.21 69.74 75.95 NOTE
r-release-linux-x86_64 0.5.7 6.04 70.37 76.41 NOTE
r-release-macos-arm64 0.5.7 3.00 73.00 76.00 NOTE
r-release-macos-x86_64 0.5.7 5.00 92.00 97.00 NOTE
r-release-windows-x86_64 0.5.7 9.00 106.00 115.00 NOTE
r-oldrel-macos-arm64 0.5.7 3.00 59.00 62.00 OK
r-oldrel-macos-x86_64 0.5.7 4.00 76.00 80.00 OK
r-oldrel-windows-x86_64 0.5.7 10.00 128.00 138.00 OK

Check Details

Version: 0.5.7
Check: DESCRIPTION meta-information
Result: NOTE Missing dependency on R >= 4.1.0 because package code uses the pipe |> or function shorthand \(...) syntax added in R 4.1.0. File(s) using such syntax: ‘wds.R’ Flavors: r-devel-linux-x86_64-debian-clang, r-devel-linux-x86_64-debian-gcc, r-devel-linux-x86_64-fedora-clang, r-devel-linux-x86_64-fedora-gcc, r-devel-windows-x86_64, r-patched-linux-x86_64, r-release-linux-x86_64, r-release-macos-arm64, r-release-macos-x86_64, r-release-windows-x86_64