CRAN Package Check Results for Package camsRad

Last updated on 2025-06-30 15:49:34 CEST.

Flavor Version Tinstall Tcheck Ttotal Status Flags
r-devel-linux-x86_64-debian-clang 0.3.0 1.83 24.08 25.91 NOTE
r-devel-linux-x86_64-debian-gcc 0.3.0 1.38 20.69 22.07 NOTE
r-devel-linux-x86_64-fedora-clang 0.3.0 38.53 OK
r-devel-linux-x86_64-fedora-gcc 0.3.0 50.46 OK
r-devel-windows-x86_64 0.3.0 3.00 44.00 47.00 OK
r-patched-linux-x86_64 OK
r-release-linux-x86_64 0.3.0 1.47 21.35 22.82 OK
r-release-macos-arm64 0.3.0 34.00 OK
r-release-macos-x86_64 0.3.0 47.00 OK
r-release-windows-x86_64 0.3.0 3.00 45.00 48.00 OK
r-oldrel-macos-arm64 0.3.0 22.00 NOTE
r-oldrel-macos-x86_64 0.3.0 47.00 NOTE
r-oldrel-windows-x86_64 0.3.0 3.00 48.00 51.00 NOTE

Check Details

Version: 0.3.0
Check: CRAN incoming feasibility
Result: NOTE Maintainer: ‘Lukas Lundstrom <lukas.rokka@gmail.com>’ Found the following (possibly) invalid file URI: URI: CONDUCT.md From: README.md Flavors: r-devel-linux-x86_64-debian-clang, r-devel-linux-x86_64-debian-gcc

Version: 0.3.0
Check: LazyData
Result: NOTE 'LazyData' is specified without a 'data' directory Flavors: r-oldrel-macos-arm64, r-oldrel-macos-x86_64, r-oldrel-windows-x86_64