CRAN Package Check Results for Package caRecall

Last updated on 2025-06-30 15:49:34 CEST.

Flavor Version Tinstall Tcheck Ttotal Status Flags
r-devel-linux-x86_64-debian-clang 0.1.0 1.82 26.68 28.50 OK
r-devel-linux-x86_64-debian-gcc 0.1.0 1.37 21.58 22.95 OK
r-devel-linux-x86_64-fedora-clang 0.1.0 43.53 OK
r-devel-linux-x86_64-fedora-gcc 0.1.0 53.84 OK
r-devel-windows-x86_64 0.1.0 4.00 53.00 57.00 OK
r-patched-linux-x86_64 OK
r-release-linux-x86_64 0.1.0 1.43 23.90 25.33 OK
r-release-macos-arm64 0.1.0 66.00 OK
r-release-macos-x86_64 0.1.0 77.00 OK
r-release-windows-x86_64 0.1.0 4.00 47.00 51.00 OK
r-oldrel-macos-arm64 0.1.0 54.00 NOTE
r-oldrel-macos-x86_64 0.1.0 64.00 NOTE
r-oldrel-windows-x86_64 0.1.0 5.00 54.00 59.00 NOTE

Check Details

Version: 0.1.0
Check: LazyData
Result: NOTE 'LazyData' is specified without a 'data' directory Flavors: r-oldrel-macos-arm64, r-oldrel-macos-x86_64, r-oldrel-windows-x86_64