Last updated on 2025-11-04 07:49:49 CET.
| Flavor | Version | Tinstall | Tcheck | Ttotal | Status | Flags | 
|---|---|---|---|---|---|---|
| r-devel-linux-x86_64-debian-clang | 1.1.1 | 3.27 | 29.07 | 32.34 | NOTE | |
| r-devel-linux-x86_64-debian-gcc | 1.1.1 | 2.22 | 23.12 | 25.34 | NOTE | |
| r-devel-linux-x86_64-fedora-clang | 1.1.1 | 50.30 | OK | |||
| r-devel-linux-x86_64-fedora-gcc | 1.1.1 | 10.00 | 39.58 | 49.58 | OK | |
| r-devel-windows-x86_64 | 1.1.1 | 4.00 | 54.00 | 58.00 | OK | |
| r-patched-linux-x86_64 | 1.1.1 | 3.02 | 27.67 | 30.69 | OK | |
| r-release-linux-x86_64 | 1.1.1 | 3.28 | 27.84 | 31.12 | OK | |
| r-release-macos-arm64 | 1.1.1 | 1.00 | 18.00 | 19.00 | OK | |
| r-release-macos-x86_64 | 1.1.1 | 4.00 | 37.00 | 41.00 | OK | |
| r-release-windows-x86_64 | 1.1.1 | 5.00 | 53.00 | 58.00 | OK | |
| r-oldrel-macos-arm64 | 1.1.1 | 1.00 | 24.00 | 25.00 | NOTE | |
| r-oldrel-macos-x86_64 | 1.1.1 | 2.00 | 25.00 | 27.00 | NOTE | |
| r-oldrel-windows-x86_64 | 1.1.1 | 5.00 | 58.00 | 63.00 | OK | 
Version: 1.1.1
Check: CRAN incoming feasibility
Result: NOTE
  Maintainer: ‘Daniel Kaschek <daniel.kaschek@gmail.com>’
  
  No Authors@R field in DESCRIPTION.
  Please add one, modifying
    Authors@R: person(given = "Daniel",
                      family = "Kaschek",
                      role = c("aut", "cre"),
                      email = "daniel.kaschek@gmail.com")
  as necessary.
Flavors: r-devel-linux-x86_64-debian-clang, r-devel-linux-x86_64-debian-gcc
Version: 1.1.1
Check: package dependencies
Result: NOTE
  Package suggested but not available for checking: ‘bvpSolve’
Flavors: r-oldrel-macos-arm64, r-oldrel-macos-x86_64