Last updated on 2025-11-04 07:49:49 CET.
| Flavor | Version | Tinstall | Tcheck | Ttotal | Status | Flags |
|---|---|---|---|---|---|---|
| r-devel-linux-x86_64-debian-clang | 1.3.3 | 54.12 | 306.92 | 361.04 | OK | |
| r-devel-linux-x86_64-debian-gcc | 1.3.3 | 35.09 | 255.31 | 290.40 | OK | |
| r-devel-linux-x86_64-fedora-clang | 1.3.3 | 45.00 | 566.49 | 611.49 | OK | |
| r-devel-linux-x86_64-fedora-gcc | 1.3.3 | 92.00 | 490.15 | 582.15 | OK | |
| r-devel-windows-x86_64 | 1.3.3 | 64.00 | 363.00 | 427.00 | OK | |
| r-patched-linux-x86_64 | 1.3.3 | 52.93 | 284.42 | 337.35 | OK | |
| r-release-linux-x86_64 | 1.3.3 | 55.05 | 285.41 | 340.46 | OK | |
| r-release-macos-arm64 | 1.3.3 | 19.00 | 226.00 | 245.00 | OK | |
| r-release-macos-x86_64 | 1.3.3 | 61.00 | 696.00 | 757.00 | OK | |
| r-release-windows-x86_64 | 1.3.3 | 58.00 | 365.00 | 423.00 | OK | |
| r-oldrel-macos-arm64 | 1.3.3 | 20.00 | 233.00 | 253.00 | OK | |
| r-oldrel-macos-x86_64 | 1.3.3 | 57.00 | 672.00 | 729.00 | NOTE | |
| r-oldrel-windows-x86_64 | 1.3.3 | 73.00 | 438.00 | 511.00 | OK |
Version: 1.3.3
Check: installed package size
Result: NOTE
installed size is 5.7Mb
sub-directories of 1Mb or more:
libs 5.5Mb
Flavor: r-oldrel-macos-x86_64