CRAN Package Check Results for Package breathteststan

Last updated on 2025-06-30 15:49:34 CEST.

Flavor Version Tinstall Tcheck Ttotal Status Flags
r-devel-linux-x86_64-debian-clang 0.8.9 138.27 157.76 296.03 OK
r-devel-linux-x86_64-debian-gcc 0.8.9 121.01 121.81 242.82 OK
r-devel-linux-x86_64-fedora-clang 0.8.9 474.80 OK
r-devel-linux-x86_64-fedora-gcc 0.8.9 499.43 OK
r-devel-windows-x86_64 0.8.9 151.00 168.00 319.00 OK
r-patched-linux-x86_64 OK
r-release-linux-x86_64 0.8.9 153.73 165.79 319.52 OK
r-release-macos-arm64 0.8.9 113.00 OK
r-release-macos-x86_64 0.8.9 277.00 OK
r-release-windows-x86_64 0.8.9 143.00 161.00 304.00 OK
r-oldrel-macos-arm64 0.8.9 119.00 NOTE
r-oldrel-macos-x86_64 0.8.9 162.00 NOTE
r-oldrel-windows-x86_64 0.8.9 169.00 212.00 381.00 OK

Check Details

Version: 0.8.9
Check: installed package size
Result: NOTE installed size is 45.3Mb sub-directories of 1Mb or more: libs 45.0Mb Flavors: r-oldrel-macos-arm64, r-oldrel-macos-x86_64

Version: 0.8.9
Check: for GNU extensions in Makefiles
Result: NOTE GNU make is a SystemRequirements. Flavors: r-oldrel-macos-arm64, r-oldrel-macos-x86_64