Last updated on 2025-11-04 07:49:48 CET.
| Flavor | Version | Tinstall | Tcheck | Ttotal | Status | Flags | 
|---|---|---|---|---|---|---|
| r-devel-linux-x86_64-debian-clang | 2.0.3 | 57.26 | 70.25 | 127.51 | OK | |
| r-devel-linux-x86_64-debian-gcc | 2.0.3 | 38.36 | 48.33 | 86.69 | OK | |
| r-devel-linux-x86_64-fedora-clang | 2.0.3 | 103.00 | 116.31 | 219.31 | OK | |
| r-devel-linux-x86_64-fedora-gcc | 2.0.3 | 84.00 | 134.01 | 218.01 | OK | |
| r-devel-windows-x86_64 | 2.0.3 | 68.00 | 105.00 | 173.00 | OK | |
| r-patched-linux-x86_64 | 2.0.3 | 59.91 | 61.86 | 121.77 | OK | |
| r-release-linux-x86_64 | 2.0.3 | 55.48 | 62.27 | 117.75 | OK | |
| r-release-macos-arm64 | 2.0.3 | 23.00 | 42.00 | 65.00 | OK | |
| r-release-macos-x86_64 | 2.0.3 | 29.00 | 86.00 | 115.00 | OK | |
| r-release-windows-x86_64 | 2.0.3 | 66.00 | 104.00 | 170.00 | OK | |
| r-oldrel-macos-arm64 | 2.0.3 | 23.00 | 35.00 | 58.00 | OK | |
| r-oldrel-macos-x86_64 | 2.0.3 | 28.00 | 65.00 | 93.00 | NOTE | |
| r-oldrel-windows-x86_64 | 2.0.3 | 81.00 | 126.00 | 207.00 | OK | 
Version: 2.0.3
Check: installed package size
Result: NOTE
    installed size is  5.1Mb
    sub-directories of 1Mb or more:
      libs   4.6Mb
Flavor: r-oldrel-macos-x86_64