Last updated on 2025-11-03 07:48:33 CET.
| Flavor | Version | Tinstall | Tcheck | Ttotal | Status | Flags | 
|---|---|---|---|---|---|---|
| r-devel-linux-x86_64-debian-clang | 1.0.9 | 75.97 | 80.69 | 156.66 | WARN | |
| r-devel-linux-x86_64-debian-gcc | 1.1.1 | 52.62 | 47.19 | 99.81 | OK | |
| r-devel-linux-x86_64-fedora-clang | 1.1.1 | 181.00 | 86.94 | 267.94 | OK | |
| r-devel-linux-x86_64-fedora-gcc | 1.1.1 | 166.00 | 84.34 | 250.34 | OK | |
| r-devel-windows-x86_64 | 1.1.1 | 81.00 | 95.00 | 176.00 | OK | |
| r-patched-linux-x86_64 | 1.0.9 | 75.29 | 75.28 | 150.57 | NOTE | |
| r-release-linux-x86_64 | 1.1.1 | 77.63 | 63.35 | 140.98 | OK | |
| r-release-macos-arm64 | 1.1.1 | 29.00 | 30.00 | 59.00 | OK | |
| r-release-macos-x86_64 | 1.1.1 | 40.00 | 82.00 | 122.00 | OK | |
| r-release-windows-x86_64 | 1.1.1 | 87.00 | 93.00 | 180.00 | OK | |
| r-oldrel-macos-arm64 | 1.1.1 | 29.00 | 33.00 | 62.00 | NOTE | |
| r-oldrel-macos-x86_64 | 1.1.1 | 50.00 | 60.00 | 110.00 | NOTE | |
| r-oldrel-windows-x86_64 | 1.1.1 | 77.00 | 117.00 | 194.00 | OK | 
Version: 1.0.9
Check: CRAN incoming feasibility
Result: NOTE
  Maintainer: ‘Yaoxiang Li <yl814@georgetown.edu>’
  
  No Authors@R field in DESCRIPTION.
  Please add one, modifying
    Authors@R: c(person(given = "Xiang",
                        family = "Lu",
                        role = "aut",
                        email = "Xiang_Luaturmc.rochester.edu"),
                 person(given = "Yaoxiang",
                        family = "Li",
                        role = c("aut", "cre"),
                        email = "yl814atgeorgetown.edu"),
                 person(given = "Tanzy",
                        family = "Love",
                        role = "aut",
                        email = "tanzy_loveaturmc.rochester.edu"))
  as necessary.
Flavor: r-devel-linux-x86_64-debian-clang
Version: 1.0.9
Check: whether package can be installed
Result: WARN
  Found the following significant warnings:
    /home/hornik/tmp/R.check/r-devel-clang/Work/build/Packages/RcppArmadillo/include/RcppArmadillo/version/arma.h:66:17: warning: Using fallback compilation with Armadillo 14.6.3. Please consider defining -DARMA_USE_CURRENT and also removing C++11 compilation directive. See GitHub issue #475 for more. [-W#pragma-messages]
  See ‘/home/hornik/tmp/R.check/r-devel-clang/Work/PKGS/bpgmm.Rcheck/00install.out’ for details.
  * used C++ compiler: ‘Debian clang version 19.1.7 (7)’
Flavor: r-devel-linux-x86_64-debian-clang
Version: 1.0.9
Check: C++ specification
Result: NOTE
    Specified C++11: please drop specification unless essential
Flavors: r-devel-linux-x86_64-debian-clang, r-patched-linux-x86_64
Version: 1.1.1
Check: installed package size
Result: NOTE
    installed size is  5.8Mb
    sub-directories of 1Mb or more:
      libs   5.7Mb
Flavors: r-oldrel-macos-arm64, r-oldrel-macos-x86_64