Last updated on 2024-05-02 12:50:41 CEST.
Flavor | Version | Tinstall | Tcheck | Ttotal | Status | Flags |
---|---|---|---|---|---|---|
r-devel-linux-x86_64-debian-clang | 4.9.3 | 65.71 | 135.63 | 201.34 | OK | |
r-devel-linux-x86_64-debian-gcc | 4.9.3 | 47.36 | 94.77 | 142.13 | OK | |
r-devel-linux-x86_64-fedora-clang | 4.9.3 | 251.66 | OK | |||
r-devel-linux-x86_64-fedora-gcc | 4.9.3 | 260.09 | OK | |||
r-devel-windows-x86_64 | 4.9.3 | 83.00 | 119.00 | 202.00 | OK | |
r-patched-linux-x86_64 | 4.9.3 | 54.84 | 123.58 | 178.42 | OK | |
r-release-linux-x86_64 | 4.9.3 | 60.10 | 126.54 | 186.64 | OK | |
r-release-macos-arm64 | 4.9.3 | 52.00 | OK | |||
r-release-macos-x86_64 | 4.9.3 | 180.00 | NOTE | |||
r-release-windows-x86_64 | 4.9.3 | 84.00 | 48492.00 | 48576.00 | OK | |
r-oldrel-macos-arm64 | 4.9.3 | 82.00 | OK | |||
r-oldrel-macos-x86_64 | 4.9.3 | 173.00 | OK | |||
r-oldrel-windows-x86_64 | 4.9.3 | 84.00 | 147.00 | 231.00 | OK |
Version: 4.9.3
Check: installed package size
Result: NOTE
installed size is 5.1Mb
sub-directories of 1Mb or more:
data 2.1Mb
libs 1.7Mb
Flavor: r-release-macos-x86_64