CRAN Package Check Results for Package blapsr

Last updated on 2025-06-30 15:49:33 CEST.

Flavor Version Tinstall Tcheck Ttotal Status Flags
r-devel-linux-x86_64-debian-clang 0.6.1 13.18 126.91 140.09 NOTE
r-devel-linux-x86_64-debian-gcc 0.6.1 9.42 89.40 98.82 NOTE
r-devel-linux-x86_64-fedora-clang 0.6.1 220.77 OK
r-devel-linux-x86_64-fedora-gcc 0.6.1 238.81 OK
r-devel-windows-x86_64 0.6.1 15.00 136.00 151.00 NOTE
r-patched-linux-x86_64 NOTE
r-release-linux-x86_64 0.6.1 11.94 119.19 131.13 NOTE
r-release-macos-arm64 0.6.1 90.00 OK
r-release-macos-x86_64 0.6.1 180.00 OK
r-release-windows-x86_64 0.6.1 15.00 128.00 143.00 NOTE
r-oldrel-macos-arm64 0.6.1 66.00 OK
r-oldrel-macos-x86_64 0.6.1 117.00 OK
r-oldrel-windows-x86_64 0.6.1 19.00 163.00 182.00 OK

Check Details

Version: 0.6.1
Check: CRAN incoming feasibility
Result: NOTE Maintainer: ‘Oswaldo Gressani <oswaldo_gressani@hotmail.fr>’ Package CITATION file contains call(s) to old-style personList() or as.personList(). Please use c() on person objects instead. Package CITATION file contains call(s) to old-style citEntry(). Please use bibentry() instead. Flavors: r-devel-linux-x86_64-debian-clang, r-devel-linux-x86_64-debian-gcc

Version: 0.6.1
Check: Rd cross-references
Result: NOTE Found the following Rd file(s) with Rd \link{} targets missing package anchors: coxlps.Rd: Surv, coxph curelps.Rd: Surv Please provide package anchors for all Rd \link{} targets not in the package itself and the base packages. Flavors: r-devel-linux-x86_64-debian-clang, r-devel-linux-x86_64-debian-gcc, r-devel-windows-x86_64, r-patched-linux-x86_64, r-release-linux-x86_64, r-release-windows-x86_64