Last updated on 2024-05-02 12:50:41 CEST.
Flavor | Version | Tinstall | Tcheck | Ttotal | Status | Flags |
---|---|---|---|---|---|---|
r-devel-linux-x86_64-debian-clang | 1.0.16 | 5.42 | 91.40 | 96.82 | NOTE | |
r-devel-linux-x86_64-debian-gcc | 1.0.16 | 4.04 | 66.58 | 70.62 | OK | |
r-devel-linux-x86_64-fedora-clang | 1.0.16 | 123.02 | NOTE | |||
r-devel-linux-x86_64-fedora-gcc | 1.0.16 | 126.69 | OK | |||
r-devel-windows-x86_64 | 1.0.16 | 13.00 | 144.00 | 157.00 | OK | |
r-patched-linux-x86_64 | 1.0.16 | 5.15 | 85.84 | 90.99 | OK | |
r-release-linux-x86_64 | 1.0.16 | 6.50 | 85.95 | 92.45 | OK | |
r-release-macos-arm64 | 1.0.16 | 46.00 | OK | |||
r-release-macos-x86_64 | 1.0.16 | 161.00 | OK | |||
r-release-windows-x86_64 | 1.0.16 | 12.00 | 147.00 | 159.00 | OK | |
r-oldrel-macos-arm64 | 1.0.16 | 52.00 | OK | |||
r-oldrel-macos-x86_64 | 1.0.16 | 160.00 | OK | |||
r-oldrel-windows-x86_64 | 1.0.16 | 13.00 | 161.00 | 174.00 | OK |
Version: 1.0.16
Check: package dependencies
Result: NOTE
Package suggested but not available for checking: ‘RQuantLib’
Flavors: r-devel-linux-x86_64-debian-clang, r-devel-linux-x86_64-fedora-clang