CRAN Package Check Results for Package bionetdata

Last updated on 2025-11-25 07:49:49 CET.

Flavor Version Tinstall Tcheck Ttotal Status Flags
r-devel-linux-x86_64-debian-clang 1.1 1.25 27.36 28.61 NOTE
r-devel-linux-x86_64-debian-gcc 1.1 1.09 23.21 24.30 NOTE
r-devel-linux-x86_64-fedora-clang 1.1 38.85 OK
r-devel-linux-x86_64-fedora-gcc 1.1 37.08 OK
r-devel-windows-x86_64 1.1 3.00 47.00 50.00 OK
r-patched-linux-x86_64 1.1 1.41 25.91 27.32 OK
r-release-linux-x86_64 1.1 1.25 25.63 26.88 OK
r-release-macos-arm64 1.1 OK
r-release-macos-x86_64 1.1 2.00 42.00 44.00 OK
r-release-windows-x86_64 1.1 2.00 46.00 48.00 OK
r-oldrel-macos-arm64 1.1 OK
r-oldrel-macos-x86_64 1.1 1.00 27.00 28.00 OK
r-oldrel-windows-x86_64 1.1 2.00 50.00 52.00 OK

Check Details

Version: 1.1
Check: CRAN incoming feasibility
Result: NOTE Maintainer: ‘Giorgio Valentini<valentini@di.unimi.it>’ No Authors@R field in DESCRIPTION. Please add one, modifying Authors@R: c(person(given = "Giorgio", family = "Valentini", role = c("aut", "cre"), email = "valentini@di.unimi.it"), person(given = c("Matteo", "Re", "--", "Universita'", "degli", "Studi", "di"), family = "Milano", role = "aut")) as necessary. Flavors: r-devel-linux-x86_64-debian-clang, r-devel-linux-x86_64-debian-gcc