CRAN Package Check Results for Package bigQF

Last updated on 2025-11-24 07:49:55 CET.

Flavor Version Tinstall Tcheck Ttotal Status Flags
r-devel-linux-x86_64-debian-clang 1.6 9.63 138.18 147.81 NOTE
r-devel-linux-x86_64-debian-gcc 1.6 7.74 112.26 120.00 NOTE
r-devel-linux-x86_64-fedora-clang 1.6 21.00 206.08 227.08 NOTE
r-devel-windows-x86_64 1.6 16.00 145.00 161.00 NOTE
r-patched-linux-x86_64 1.6 10.68 137.18 147.86 NOTE
r-release-linux-x86_64 1.6 10.81 139.50 150.31 NOTE
r-release-macos-arm64 1.6 NOTE
r-release-macos-x86_64 1.6 12.00 174.00 186.00 NOTE
r-release-windows-x86_64 1.6 14.00 164.00 178.00 NOTE
r-oldrel-macos-arm64 1.6 NOTE
r-oldrel-macos-x86_64 1.6 10.00 150.00 160.00 NOTE
r-oldrel-windows-x86_64 1.6 16.00 203.00 219.00 NOTE

Check Details

Version: 1.6
Check: CRAN incoming feasibility
Result: NOTE Maintainer: ‘Thomas Lumley <t.lumley@auckland.ac.nz>’ No Authors@R field in DESCRIPTION. Please add one, modifying Authors@R: person(given = "Thomas", family = "Lumley", role = c("aut", "cre"), email = "t.lumley@auckland.ac.nz") as necessary. Flavors: r-devel-linux-x86_64-debian-clang, r-devel-linux-x86_64-debian-gcc

Version: 1.6
Check: Rd files
Result: NOTE checkRd: (-1) pQF.Rd:30: Lost braces; missing escapes or markup? 30 | When \code{M} is not square, a randomised estimator for the trace of \code{crossprod(M)^2} is used. This is the sample size. When \code{M} is of \code{"matrixfree"} and does not include the trace of {crossprod(M)} as a component, this sample size will also be used to compute that. See Hutchinson reference. } | ^ Flavors: r-devel-linux-x86_64-debian-clang, r-devel-linux-x86_64-debian-gcc, r-devel-linux-x86_64-fedora-clang, r-devel-windows-x86_64, r-patched-linux-x86_64, r-release-linux-x86_64, r-release-macos-arm64, r-release-macos-x86_64, r-release-windows-x86_64, r-oldrel-macos-arm64, r-oldrel-macos-x86_64, r-oldrel-windows-x86_64