Last updated on 2025-11-16 07:49:28 CET.
| Flavor | Version | Tinstall | Tcheck | Ttotal | Status | Flags |
|---|---|---|---|---|---|---|
| r-devel-linux-x86_64-debian-clang | 0.9.0 | 22.67 | 49.61 | 72.28 | OK | |
| r-devel-linux-x86_64-debian-gcc | 0.9.0 | 16.20 | 39.07 | 55.27 | NOTE | |
| r-devel-linux-x86_64-fedora-clang | 0.9.0 | 132.00 | -6.33 | 125.67 | OK | |
| r-devel-linux-x86_64-fedora-gcc | 0.9.0 | 39.00 | 94.82 | 133.82 | OK | |
| r-devel-windows-x86_64 | 0.9.0 | 32.00 | 84.00 | 116.00 | OK | |
| r-patched-linux-x86_64 | 0.9.0 | 25.74 | 46.90 | 72.64 | OK | |
| r-release-linux-x86_64 | 0.9.0 | 25.71 | 46.93 | 72.64 | OK | |
| r-release-macos-arm64 | 0.9.0 | 11.00 | 67.00 | 78.00 | OK | |
| r-release-macos-x86_64 | 0.9.0 | 20.00 | 101.00 | 121.00 | OK | |
| r-release-windows-x86_64 | 0.9.0 | 30.00 | 86.00 | 116.00 | OK | |
| r-oldrel-macos-arm64 | 0.9.0 | 12.00 | 37.00 | 49.00 | OK | |
| r-oldrel-macos-x86_64 | 0.9.0 | 20.00 | 70.00 | 90.00 | OK | |
| r-oldrel-windows-x86_64 | 0.9.0 | 29.00 | 101.00 | 130.00 | OK |
Version: 0.9.0
Check: CRAN incoming feasibility
Result: NOTE
Maintainer: ‘Frederic Bertrand <frederic.bertrand@lecnam.net>’
The BugReports field in DESCRIPTION has
https://github.com/fbertran/bigPCAcpp/issues/
which should likely be
https://github.com/fbertran/bigPCAcpp/issues/issues
instead.
Flavor: r-devel-linux-x86_64-debian-gcc