Last updated on 2024-05-01 12:55:30 CEST.
Flavor | Version | Tinstall | Tcheck | Ttotal | Status | Flags |
---|---|---|---|---|---|---|
r-devel-linux-x86_64-debian-clang | 1.99.3 | 10.20 | 108.76 | 118.96 | OK | |
r-devel-linux-x86_64-debian-gcc | 1.99.3 | 9.30 | 82.53 | 91.83 | OK | |
r-devel-linux-x86_64-fedora-clang | 1.99.3 | 149.68 | NOTE | |||
r-devel-linux-x86_64-fedora-gcc | 1.99.3 | 154.31 | NOTE | |||
r-devel-windows-x86_64 | 1.99.3 | 11.00 | 90.00 | 101.00 | OK | |
r-patched-linux-x86_64 | 1.99.3 | 14.65 | 103.84 | 118.49 | OK | |
r-release-linux-x86_64 | 1.99.3 | 8.53 | 106.27 | 114.80 | OK | |
r-release-macos-arm64 | 1.99.3 | 52.00 | OK | |||
r-release-windows-x86_64 | 1.99.3 | 11.00 | 90.00 | 101.00 | OK | |
r-oldrel-macos-arm64 | 1.99.3 | 52.00 | OK | |||
r-oldrel-macos-x86_64 | 1.99.3 | 120.00 | OK | |||
r-oldrel-windows-x86_64 | 1.99.3 | 14.00 | 110.00 | 124.00 | OK |
Version: 1.99.3
Check: data for non-ASCII characters
Result: NOTE
Note: found 379 marked UTF-8 strings
Flavors: r-devel-linux-x86_64-fedora-clang, r-devel-linux-x86_64-fedora-gcc