Last updated on 2024-05-07 13:51:26 CEST.
Flavor | Version | Tinstall | Tcheck | Ttotal | Status | Flags |
---|---|---|---|---|---|---|
r-devel-linux-x86_64-debian-clang | 1.1.4 | 38.04 | 421.11 | 459.15 | OK | |
r-devel-linux-x86_64-debian-gcc | 1.1.4 | 28.02 | 289.95 | 317.97 | OK | |
r-devel-linux-x86_64-fedora-clang | 1.1.4 | 598.71 | NOTE | |||
r-devel-linux-x86_64-fedora-gcc | 1.1.4 | 742.68 | OK | |||
r-devel-windows-x86_64 | 1.1.4 | 30.00 | 257.00 | 287.00 | NOTE | |
r-patched-linux-x86_64 | 1.1.4 | 24.79 | 390.33 | 415.12 | OK | |
r-release-linux-x86_64 | 1.1.4 | 23.52 | 387.40 | 410.92 | OK | |
r-release-macos-arm64 | 1.1.4 | 137.00 | NOTE | |||
r-release-windows-x86_64 | 1.1.4 | 29.00 | 254.00 | 283.00 | NOTE | |
r-oldrel-macos-arm64 | 1.1.4 | 164.00 | NOTE | |||
r-oldrel-macos-x86_64 | 1.1.4 | 329.00 | NOTE | |||
r-oldrel-windows-x86_64 | 1.1.4 | 40.00 | 343.00 | 383.00 | NOTE |
Version: 1.1.4
Check: installed package size
Result: NOTE
installed size is 5.3Mb
sub-directories of 1Mb or more:
doc 3.6Mb
extdata 1.2Mb
Flavors: r-devel-linux-x86_64-fedora-clang, r-devel-windows-x86_64, r-release-macos-arm64, r-release-windows-x86_64, r-oldrel-macos-arm64, r-oldrel-macos-x86_64, r-oldrel-windows-x86_64