Last updated on 2025-06-30 15:49:33 CEST.
Flavor | Version | Tinstall | Tcheck | Ttotal | Status | Flags |
---|---|---|---|---|---|---|
r-devel-linux-x86_64-debian-clang | 0.0.1.5 | 2142.32 | 206.35 | 2348.67 | OK | |
r-devel-linux-x86_64-debian-gcc | 0.0.1.5 | 1769.83 | 290.28 | 2060.11 | OK | |
r-devel-linux-x86_64-fedora-clang | 0.0.1.5 | 3547.48 | OK | |||
r-devel-linux-x86_64-fedora-gcc | 0.0.1.5 | 4985.04 | OK | |||
r-devel-windows-x86_64 | 0.0.1.5 | 2288.00 | 403.00 | 2691.00 | OK | |
r-patched-linux-x86_64 | OK | |||||
r-release-linux-x86_64 | 0.0.1.5 | 2332.55 | 408.16 | 2740.71 | OK | |
r-release-macos-arm64 | 0.0.1.5 | 1379.00 | OK | |||
r-release-macos-x86_64 | 0.0.1.5 | 862.00 | OK | |||
r-release-windows-x86_64 | 0.0.1.5 | 2244.00 | 409.00 | 2653.00 | OK | |
r-oldrel-macos-arm64 | 0.0.1.5 | 779.00 | NOTE | |||
r-oldrel-macos-x86_64 | 0.0.1.5 | 587.00 | NOTE | |||
r-oldrel-windows-x86_64 | 0.0.1.5 | 2569.00 | 482.00 | 3051.00 | NOTE |
Version: 0.0.1.5
Check: installed package size
Result: NOTE
installed size is 244.0Mb
sub-directories of 1Mb or more:
libs 243.2Mb
Flavors: r-oldrel-macos-arm64, r-oldrel-macos-x86_64, r-oldrel-windows-x86_64
Version: 0.0.1.5
Check: for GNU extensions in Makefiles
Result: NOTE
GNU make is a SystemRequirements.
Flavors: r-oldrel-macos-arm64, r-oldrel-macos-x86_64, r-oldrel-windows-x86_64