Last updated on 2025-02-22 12:50:10 CET.
Flavor | Version | Tinstall | Tcheck | Ttotal | Status | Flags |
---|---|---|---|---|---|---|
r-devel-linux-x86_64-debian-clang | 1.1.3 | 11.35 | 76.91 | 88.26 | NOTE | |
r-devel-linux-x86_64-debian-gcc | 1.1.3 | 8.24 | 54.99 | 63.23 | NOTE | |
r-devel-linux-x86_64-fedora-clang | 1.1.3 | 144.62 | NOTE | |||
r-devel-linux-x86_64-fedora-gcc | 1.1.3 | 160.26 | NOTE | |||
r-devel-macos-arm64 | 1.1.3 | 50.00 | NOTE | |||
r-devel-macos-x86_64 | 1.1.3 | 117.00 | NOTE | |||
r-devel-windows-x86_64 | 1.1.3 | 18.00 | 112.00 | 130.00 | NOTE | |
r-patched-linux-x86_64 | 1.1.3 | 11.74 | 72.08 | 83.82 | NOTE | |
r-release-linux-x86_64 | 1.1.3 | 10.03 | 73.10 | 83.13 | NOTE | |
r-release-macos-arm64 | 1.1.3 | 50.00 | NOTE | |||
r-release-macos-x86_64 | 1.1.3 | 77.00 | NOTE | |||
r-release-windows-x86_64 | 1.1.3 | 17.00 | 109.00 | 126.00 | NOTE | |
r-oldrel-macos-arm64 | 1.1.3 | 55.00 | OK | |||
r-oldrel-macos-x86_64 | 1.1.3 | 84.00 | OK | |||
r-oldrel-windows-x86_64 | 1.1.3 | 21.00 | 139.00 | 160.00 | OK |
Version: 1.1.3
Check: Rd files
Result: NOTE
checkRd: (-1) plotDistributions.Rd:32: Lost braces
32 | plot{...} functions are generated programmatically so the function calls in
| ^
Flavors: r-devel-linux-x86_64-debian-clang, r-devel-linux-x86_64-debian-gcc, r-devel-linux-x86_64-fedora-clang, r-devel-linux-x86_64-fedora-gcc, r-devel-macos-arm64, r-devel-macos-x86_64, r-devel-windows-x86_64, r-patched-linux-x86_64, r-release-linux-x86_64, r-release-macos-arm64, r-release-macos-x86_64, r-release-windows-x86_64