Last updated on 2025-11-04 07:49:47 CET.
| Flavor | Version | Tinstall | Tcheck | Ttotal | Status | Flags | 
|---|---|---|---|---|---|---|
| r-devel-linux-x86_64-debian-clang | 0.1.0 | 12.48 | 25.60 | 38.08 | NOTE | |
| r-devel-linux-x86_64-debian-gcc | 0.1.0 | 8.42 | 20.22 | 28.64 | NOTE | |
| r-devel-linux-x86_64-fedora-clang | 0.1.0 | 29.00 | 36.48 | 65.48 | NOTE | |
| r-devel-linux-x86_64-fedora-gcc | 0.1.0 | 24.00 | 33.78 | 57.78 | NOTE | |
| r-devel-windows-x86_64 | 0.1.0 | 16.00 | 58.00 | 74.00 | OK | |
| r-patched-linux-x86_64 | 0.1.0 | 12.07 | 23.87 | 35.94 | OK | |
| r-release-linux-x86_64 | 0.1.0 | 12.30 | 23.98 | 36.28 | OK | |
| r-release-macos-arm64 | 0.1.0 | 5.00 | 18.00 | 23.00 | OK | |
| r-release-macos-x86_64 | 0.1.0 | 8.00 | 26.00 | 34.00 | OK | |
| r-release-windows-x86_64 | 0.1.0 | 16.00 | 56.00 | 72.00 | OK | |
| r-oldrel-macos-arm64 | 0.1.0 | 4.00 | 19.00 | 23.00 | OK | |
| r-oldrel-macos-x86_64 | 0.1.0 | 8.00 | 22.00 | 30.00 | OK | |
| r-oldrel-windows-x86_64 | 0.1.0 | 18.00 | 74.00 | 92.00 | OK | 
Version: 0.1.0
Check: CRAN incoming feasibility
Result: NOTE
  Maintainer: ‘Oliver Keyes <ironholds@gmail.com>’
  
  No Authors@R field in DESCRIPTION.
  Please add one, modifying
    Authors@R: c(person(given = "Oliver",
                        family = "Keyes",
                        role = c("aut", "cre"),
                        email = "ironholds@gmail.com"),
                 person(given = c("Ruben", "C."),
                        family = "Arslan",
                        role = "ctb"),
                 person(given = "Christopher",
                        family = "Akiki",
                        role = "ctb"),
                 person(given = "Mine",
                        family = "Cetinkaya-Rundel",
                        role = "ctb"),
                 person(given = "Peter",
                        family = "Meissner",
                        role = "ctb"),
                 person(given = "Ilaria",
                        family = "Prosdocimi",
                        role = "ctb"),
                 person(given = "Thomas",
                        family = "Leeper",
                        role = "ctb"),
                 person(given = "Amy",
                        family = "Lee",
                        role = "ctb"),
                 person(given = "Adolfo",
                        family = "Álvarez",
                        role = "ctb"))
  as necessary.
Flavors: r-devel-linux-x86_64-debian-clang, r-devel-linux-x86_64-debian-gcc
Version: 0.1.0
Check: compiled code
Result: NOTE
  File ‘batman/libs/batman.so’:
    Found no calls to: ‘R_registerRoutines’, ‘R_useDynamicSymbols’
  
  It is good practice to register native routines and to disable symbol
  search.
  
  See ‘Writing portable packages’ in the ‘Writing R Extensions’ manual.
Flavors: r-devel-linux-x86_64-fedora-clang, r-devel-linux-x86_64-fedora-gcc