Last updated on 2024-05-09 12:49:05 CEST.
Flavor | Version | Tinstall | Tcheck | Ttotal | Status | Flags |
---|---|---|---|---|---|---|
r-devel-linux-x86_64-debian-clang | 0.1.0 | 73.02 | 32.03 | 105.05 | NOTE | |
r-devel-linux-x86_64-debian-gcc | 0.1.0 | 51.38 | 24.87 | 76.25 | NOTE | |
r-devel-linux-x86_64-fedora-clang | 0.1.0 | 135.99 | NOTE | |||
r-devel-linux-x86_64-fedora-gcc | 0.1.0 | 152.72 | NOTE | |||
r-devel-windows-x86_64 | 0.1.0 | 52.00 | 60.00 | 112.00 | NOTE | |
r-patched-linux-x86_64 | 0.1.0 | 74.12 | 31.18 | 105.30 | OK | |
r-release-linux-x86_64 | 0.1.0 | 70.29 | 31.13 | 101.42 | OK | |
r-release-macos-arm64 | 0.1.0 | 36.00 | NOTE | |||
r-release-windows-x86_64 | 0.1.0 | 56.00 | 61.00 | 117.00 | OK | |
r-oldrel-macos-arm64 | 0.1.0 | 41.00 | NOTE | |||
r-oldrel-macos-x86_64 | 0.1.0 | 70.00 | NOTE | |||
r-oldrel-windows-x86_64 | 0.1.0 | 62.00 | 64.00 | 126.00 | OK |
Version: 0.1.0
Check: compiled code
Result: NOTE
File ‘b64/libs/b64.so’:
Found non-API calls to R: ‘SET_ENCLOS’, ‘SET_ENVFLAGS’, ‘SET_PRCODE’,
‘SET_PRENV’, ‘SET_PRVALUE’
Compiled code should not call non-API entry points in R.
See ‘Writing portable packages’ in the ‘Writing R Extensions’ manual.
Flavors: r-devel-linux-x86_64-debian-clang, r-devel-linux-x86_64-debian-gcc, r-devel-linux-x86_64-fedora-clang, r-devel-linux-x86_64-fedora-gcc
Version: 0.1.0
Check: compiled code
Result: NOTE
File 'b64/libs/x64/b64.dll':
Found non-API calls to R: 'SET_ENCLOS', 'SET_ENVFLAGS', 'SET_PRCODE',
'SET_PRENV', 'SET_PRVALUE'
Compiled code should not call non-API entry points in R.
See 'Writing portable packages' in the 'Writing R Extensions' manual.
Flavor: r-devel-windows-x86_64
Version: 0.1.0
Check: installed package size
Result: NOTE
installed size is 7.4Mb
sub-directories of 1Mb or more:
libs 7.3Mb
Flavors: r-release-macos-arm64, r-oldrel-macos-arm64, r-oldrel-macos-x86_64