CRAN Package Check Results for Package automl

Last updated on 2025-06-30 15:49:32 CEST.

Flavor Version Tinstall Tcheck Ttotal Status Flags
r-devel-linux-x86_64-debian-clang 1.3.2 3.67 35.09 38.76 OK
r-devel-linux-x86_64-debian-gcc 1.3.2 3.28 26.20 29.48 OK
r-devel-linux-x86_64-fedora-clang 1.3.2 62.00 OK
r-devel-linux-x86_64-fedora-gcc 1.3.2 71.35 OK
r-devel-windows-x86_64 1.3.2 4.00 61.00 65.00 OK
r-patched-linux-x86_64 OK
r-release-linux-x86_64 1.3.2 4.13 32.58 36.71 OK
r-release-macos-arm64 1.3.2 25.00 OK
r-release-macos-x86_64 1.3.2 47.00 OK
r-release-windows-x86_64 1.3.2 4.00 65.00 69.00 OK
r-oldrel-macos-arm64 1.3.2 27.00 NOTE
r-oldrel-macos-x86_64 1.3.2 41.00 NOTE
r-oldrel-windows-x86_64 1.3.2 5.00 58.00 63.00 NOTE

Check Details

Version: 1.3.2
Check: LazyData
Result: NOTE 'LazyData' is specified without a 'data' directory Flavors: r-oldrel-macos-arm64, r-oldrel-macos-x86_64, r-oldrel-windows-x86_64