Last updated on 2024-05-06 12:52:42 CEST.
Flavor | Version | Tinstall | Tcheck | Ttotal | Status | Flags |
---|---|---|---|---|---|---|
r-devel-linux-x86_64-debian-clang | 0.2.0.1001 | 35.92 | 808.62 | 844.54 | OK | |
r-devel-linux-x86_64-debian-gcc | 0.2.0.1001 | 27.33 | 568.79 | 596.12 | OK | |
r-devel-linux-x86_64-fedora-clang | 0.2.0.1001 | 1020.67 | OK | |||
r-devel-linux-x86_64-fedora-gcc | 0.2.0.1001 | 1009.45 | OK | |||
r-devel-windows-x86_64 | 0.2.0.1001 | 20.00 | 554.00 | 574.00 | OK | |
r-patched-linux-x86_64 | 0.2.0.1001 | 0.30 | 2.18 | 2.48 | ERROR | |
r-release-linux-x86_64 | 0.2.0.1001 | 0.46 | 2.33 | 2.79 | ERROR | |
r-release-macos-arm64 | 0.2.0.1001 | 258.00 | OK | |||
r-release-macos-x86_64 | 0.2.0.1001 | 622.00 | OK | |||
r-release-windows-x86_64 | 0.2.0.1001 | 20.00 | 562.00 | 582.00 | OK | |
r-oldrel-macos-arm64 | 0.2.0.1001 | 254.00 | OK | |||
r-oldrel-macos-x86_64 | 0.2.0.1001 | 653.00 | OK | |||
r-oldrel-windows-x86_64 | 0.2.0.1001 | 26.00 | 713.00 | 739.00 | OK |
Version: 0.2.0.1001
Check: package dependencies
Result: ERROR
Package required but not available: ‘thurstonianIRT’
See section ‘The DESCRIPTION file’ in the ‘Writing R Extensions’
manual.
Flavors: r-patched-linux-x86_64, r-release-linux-x86_64