Last updated on 2025-11-04 07:49:47 CET.
| Flavor | Version | Tinstall | Tcheck | Ttotal | Status | Flags | 
|---|---|---|---|---|---|---|
| r-devel-linux-x86_64-debian-clang | 2.0.1 | 17.81 | 138.64 | 156.45 | NOTE | |
| r-devel-linux-x86_64-debian-gcc | 2.0.1 | 11.94 | 94.80 | 106.74 | NOTE | |
| r-devel-linux-x86_64-fedora-clang | 2.0.1 | 69.00 | 183.51 | 252.51 | OK | |
| r-devel-linux-x86_64-fedora-gcc | 2.0.1 | 35.00 | 188.99 | 223.99 | OK | |
| r-devel-windows-x86_64 | 2.0.1 | 18.00 | 121.00 | 139.00 | OK | |
| r-patched-linux-x86_64 | 2.0.1 | 15.35 | 127.70 | 143.05 | OK | |
| r-release-linux-x86_64 | 2.0.1 | 16.68 | 128.48 | 145.16 | OK | |
| r-release-macos-arm64 | 2.0.1 | 7.00 | 46.00 | 53.00 | OK | |
| r-release-macos-x86_64 | 2.0.1 | 14.00 | 115.00 | 129.00 | OK | |
| r-release-windows-x86_64 | 2.0.1 | 20.00 | 119.00 | 139.00 | OK | |
| r-oldrel-macos-arm64 | 2.0.1 | 7.00 | 47.00 | 54.00 | OK | |
| r-oldrel-macos-x86_64 | 2.0.1 | 11.00 | 77.00 | 88.00 | OK | |
| r-oldrel-windows-x86_64 | 2.0.1 | 27.00 | 157.00 | 184.00 | OK | 
Version: 2.0.1
Check: CRAN incoming feasibility
Result: NOTE
  Maintainer: ‘Giancarlo Vercellino <giancarlo.vercellino@gmail.com>’
  
  No Authors@R field in DESCRIPTION.
  Please add one, modifying
    Authors@R: person(given = "Giancarlo",
                      family = "Vercellino",
                      role = c("aut", "cre"),
                      email = "giancarlo.vercellino@gmail.com")
  as necessary.
Flavors: r-devel-linux-x86_64-debian-clang, r-devel-linux-x86_64-debian-gcc