Last updated on 2025-02-22 12:50:10 CET.
Flavor | Version | Tinstall | Tcheck | Ttotal | Status | Flags |
---|---|---|---|---|---|---|
r-devel-linux-x86_64-debian-clang | 0.1.0 | 1.99 | 265.39 | 267.38 | OK | |
r-devel-linux-x86_64-debian-gcc | 0.1.0 | 1.53 | 141.17 | 142.70 | OK | |
r-devel-linux-x86_64-fedora-clang | 0.1.0 | 460.64 | OK | |||
r-devel-linux-x86_64-fedora-gcc | 0.1.0 | 449.65 | OK | |||
r-devel-macos-arm64 | 0.1.0 | 103.00 | OK | |||
r-devel-macos-x86_64 | 0.1.0 | 230.00 | OK | |||
r-devel-windows-x86_64 | 0.1.0 | 3.00 | 260.00 | 263.00 | OK | |
r-patched-linux-x86_64 | 0.1.0 | 1.62 | 244.23 | 245.85 | NOTE | |
r-release-linux-x86_64 | 0.1.0 | 1.70 | 247.66 | 249.36 | NOTE | |
r-release-macos-arm64 | 0.1.0 | 103.00 | NOTE | |||
r-release-macos-x86_64 | 0.1.0 | 174.00 | NOTE | |||
r-release-windows-x86_64 | 0.1.0 | 2.00 | 262.00 | 264.00 | NOTE | |
r-oldrel-macos-arm64 | 0.1.0 | 112.00 | NOTE | |||
r-oldrel-macos-x86_64 | 0.1.0 | 199.00 | NOTE | |||
r-oldrel-windows-x86_64 | 0.1.0 | 3.00 | 323.00 | 326.00 | NOTE |
Version: 0.1.0
Check: LazyData
Result: NOTE
'LazyData' is specified without a 'data' directory
Flavors: r-patched-linux-x86_64, r-release-linux-x86_64, r-release-macos-arm64, r-release-macos-x86_64, r-release-windows-x86_64, r-oldrel-macos-arm64, r-oldrel-macos-x86_64, r-oldrel-windows-x86_64