Last updated on 2025-11-24 07:49:54 CET.
| Flavor | Version | Tinstall | Tcheck | Ttotal | Status | Flags |
|---|---|---|---|---|---|---|
| r-devel-linux-x86_64-debian-clang | 0.2 | 2.84 | 27.10 | 29.94 | NOTE | |
| r-devel-linux-x86_64-debian-gcc | 0.2 | 2.28 | 22.30 | 24.58 | NOTE | |
| r-devel-linux-x86_64-fedora-clang | 0.2 | 45.12 | OK | |||
| r-devel-windows-x86_64 | 0.2 | 6.00 | 44.00 | 50.00 | OK | |
| r-patched-linux-x86_64 | 0.2 | 2.95 | 26.02 | 28.97 | OK | |
| r-release-linux-x86_64 | 0.2 | 2.89 | 25.76 | 28.65 | OK | |
| r-release-macos-arm64 | 0.2 | OK | ||||
| r-release-macos-x86_64 | 0.2 | 3.00 | 28.00 | 31.00 | OK | |
| r-release-windows-x86_64 | 0.2 | 4.00 | 44.00 | 48.00 | OK | |
| r-oldrel-macos-arm64 | 0.2 | OK | ||||
| r-oldrel-macos-x86_64 | 0.2 | 2.00 | 24.00 | 26.00 | OK | |
| r-oldrel-windows-x86_64 | 0.2 | 5.00 | 50.00 | 55.00 | OK |
Version: 0.2
Check: CRAN incoming feasibility
Result: NOTE
Maintainer: ‘Jeremy Leipzig <leipzig@gmail.com>’
No Authors@R field in DESCRIPTION.
Please add one, modifying
Authors@R: person(given = "Jeremy",
family = "Leipzig",
role = c("aut", "cre"),
email = "leipzig@gmail.com")
as necessary.
Flavors: r-devel-linux-x86_64-debian-clang, r-devel-linux-x86_64-debian-gcc