Last updated on 2025-11-25 07:49:48 CET.
| Flavor | Version | Tinstall | Tcheck | Ttotal | Status | Flags |
|---|---|---|---|---|---|---|
| r-devel-linux-x86_64-debian-clang | 0.9.4 | 14.04 | 189.76 | 203.80 | NOTE | |
| r-devel-linux-x86_64-debian-gcc | 0.9.4 | 0.29 | 2.91 | 3.20 | ERROR | |
| r-devel-linux-x86_64-fedora-clang | 0.9.4 | 2.81 | ERROR | |||
| r-devel-linux-x86_64-fedora-gcc | 0.9.4 | 2.83 | ERROR | |||
| r-devel-windows-x86_64 | 0.9.4 | 15.00 | 167.00 | 182.00 | NOTE | |
| r-patched-linux-x86_64 | 0.9.4 | 13.55 | 176.50 | 190.05 | NOTE | |
| r-release-linux-x86_64 | 0.9.4 | 13.79 | 177.35 | 191.14 | NOTE | |
| r-release-macos-arm64 | 0.9.4 | NOTE | ||||
| r-release-macos-x86_64 | 0.9.4 | 15.00 | 161.00 | 176.00 | NOTE | |
| r-release-windows-x86_64 | 0.9.4 | 15.00 | 163.00 | 178.00 | NOTE | |
| r-oldrel-macos-arm64 | 0.9.4 | OK | ||||
| r-oldrel-macos-x86_64 | 0.9.4 | 16.00 | 171.00 | 187.00 | OK | |
| r-oldrel-windows-x86_64 | 0.9.4 | 21.00 | 226.00 | 247.00 | OK |
Version: 0.9.4
Check: DESCRIPTION meta-information
Result: NOTE
Missing dependency on R >= 4.1.0 because package code uses the pipe
|> or function shorthand \(...) syntax added in R 4.1.0.
File(s) using such syntax:
‘adb_archive.R’ ‘adb_backup.R’ ‘adb_querry.R’ ‘helpers.R’
‘normGeometry.R’
Flavors: r-devel-linux-x86_64-debian-clang, r-devel-windows-x86_64, r-patched-linux-x86_64, r-release-linux-x86_64, r-release-macos-arm64, r-release-macos-x86_64, r-release-windows-x86_64
Version: 0.9.4
Check: package dependencies
Result: ERROR
Package required but not available: ‘rmapshaper’
See section ‘The DESCRIPTION file’ in the ‘Writing R Extensions’
manual.
Flavors: r-devel-linux-x86_64-debian-gcc, r-devel-linux-x86_64-fedora-clang, r-devel-linux-x86_64-fedora-gcc