Last updated on 2025-11-04 07:49:47 CET.
| Flavor | Version | Tinstall | Tcheck | Ttotal | Status | Flags | 
|---|---|---|---|---|---|---|
| r-devel-linux-x86_64-debian-clang | 5.8-1 | 47.32 | 238.84 | 286.16 | OK | |
| r-devel-linux-x86_64-debian-gcc | 5.8-1 | 33.41 | 154.23 | 187.64 | OK | |
| r-devel-linux-x86_64-fedora-clang | 5.8-1 | 109.00 | 337.08 | 446.08 | OK | |
| r-devel-linux-x86_64-fedora-gcc | 5.8-1 | 118.00 | 334.75 | 452.75 | OK | |
| r-devel-windows-x86_64 | 5.8-1 | 64.00 | 312.00 | 376.00 | OK | |
| r-patched-linux-x86_64 | 5.8-1 | 52.72 | 232.37 | 285.09 | OK | |
| r-release-linux-x86_64 | 5.8-1 | 49.28 | 230.68 | 279.96 | OK | |
| r-release-macos-arm64 | 5.8-1 | 23.00 | 103.00 | 126.00 | OK | |
| r-release-macos-x86_64 | 5.8-1 | 50.00 | 241.00 | 291.00 | OK | |
| r-release-windows-x86_64 | 5.8-1 | 70.00 | 307.00 | 377.00 | OK | |
| r-oldrel-macos-arm64 | 5.8-1 | 18.00 | 90.00 | 108.00 | NOTE | |
| r-oldrel-macos-x86_64 | 5.8-1 | 27.00 | 224.00 | 251.00 | NOTE | |
| r-oldrel-windows-x86_64 | 5.8-1 | 85.00 | 397.00 | 482.00 | OK | 
Version: 5.8-1
Check: installed package size
Result: NOTE
    installed size is  5.7Mb
    sub-directories of 1Mb or more:
      R      2.0Mb
      libs   1.7Mb
Flavors: r-oldrel-macos-arm64, r-oldrel-macos-x86_64