Last updated on 2025-11-04 07:49:47 CET.
| Flavor | Version | Tinstall | Tcheck | Ttotal | Status | Flags | 
|---|---|---|---|---|---|---|
| r-devel-linux-x86_64-debian-clang | 1.3.3 | 5.76 | 44.44 | 50.20 | NOTE | |
| r-devel-linux-x86_64-debian-gcc | 1.3.3 | 3.42 | 32.12 | 35.54 | NOTE | |
| r-devel-linux-x86_64-fedora-clang | 1.3.3 | 12.00 | 62.53 | 74.53 | OK | |
| r-devel-linux-x86_64-fedora-gcc | 1.3.3 | 13.00 | 58.06 | 71.06 | OK | |
| r-devel-windows-x86_64 | 1.3.3 | 8.00 | 67.00 | 75.00 | OK | |
| r-patched-linux-x86_64 | 1.3.3 | 6.07 | 41.27 | 47.34 | OK | |
| r-release-linux-x86_64 | 1.3.3 | 5.09 | 40.91 | 46.00 | OK | |
| r-release-macos-arm64 | 1.3.3 | 3.00 | 31.00 | 34.00 | OK | |
| r-release-macos-x86_64 | 1.3.3 | 6.00 | 42.00 | 48.00 | OK | |
| r-release-windows-x86_64 | 1.3.3 | 7.00 | 65.00 | 72.00 | OK | |
| r-oldrel-macos-arm64 | 1.3.3 | 3.00 | 28.00 | 31.00 | OK | |
| r-oldrel-macos-x86_64 | 1.3.3 | 4.00 | 35.00 | 39.00 | OK | |
| r-oldrel-windows-x86_64 | 1.3.3 | 9.00 | 78.00 | 87.00 | OK | 
Version: 1.3.3
Check: CRAN incoming feasibility
Result: NOTE
  Maintainer: ‘Renaud Lancelot <renaud.lancelot@cirad.fr>’
  
  No Authors@R field in DESCRIPTION.
  Please add one, modifying
    Authors@R: c(person(given = "Matthieu",
                        family = "Lesnoff",
                        role = "aut",
                        email = "matthieu.lesnoff@cirad.fr"),
                 person(given = "Renaud",
                        family = "Lancelot",
                        role = c("aut", "cre"),
                        email = "renaud.lancelot@cirad.fr"))
  as necessary.
  
  Package CITATION file contains call(s) to old-style personList() or
  as.personList().  Please use c() on person objects instead.
  Package CITATION file contains call(s) to old-style citEntry().  Please
  use bibentry() instead.
Flavors: r-devel-linux-x86_64-debian-clang, r-devel-linux-x86_64-debian-gcc