Last updated on 2025-11-04 07:49:47 CET.
| Flavor | Version | Tinstall | Tcheck | Ttotal | Status | Flags | 
|---|---|---|---|---|---|---|
| r-devel-linux-x86_64-debian-clang | 0.3.9.4 | 4.71 | 44.60 | 49.31 | NOTE | |
| r-devel-linux-x86_64-debian-gcc | 0.3.9.4 | 3.83 | 34.72 | 38.55 | NOTE | |
| r-devel-linux-x86_64-fedora-clang | 0.3.9.4 | 12.00 | 63.03 | 75.03 | NOTE | |
| r-devel-linux-x86_64-fedora-gcc | 0.3.9.4 | 85.64 | NOTE | |||
| r-devel-windows-x86_64 | 0.3.9.4 | 7.00 | 68.00 | 75.00 | NOTE | |
| r-patched-linux-x86_64 | 0.3.9.4 | 5.54 | 41.99 | 47.53 | NOTE | |
| r-release-linux-x86_64 | 0.3.9.4 | 4.93 | 42.11 | 47.04 | NOTE | |
| r-release-macos-arm64 | 0.3.9.4 | 2.00 | 45.00 | 47.00 | NOTE | |
| r-release-macos-x86_64 | 0.3.9.4 | 5.00 | 72.00 | 77.00 | NOTE | |
| r-release-windows-x86_64 | 0.3.9.4 | 7.00 | 64.00 | 71.00 | NOTE | |
| r-oldrel-macos-arm64 | 0.3.9.4 | 3.00 | 29.00 | 32.00 | NOTE | |
| r-oldrel-macos-x86_64 | 0.3.9.4 | 3.00 | 42.00 | 45.00 | NOTE | |
| r-oldrel-windows-x86_64 | 0.3.9.4 | 9.00 | 78.00 | 87.00 | NOTE | 
Version: 0.3.9.4
Check: DESCRIPTION meta-information
Result: NOTE
    Missing dependency on R >= 4.1.0 because package code uses the pipe
    |> or function shorthand \(...) syntax added in R 4.1.0.
    File(s) using such syntax:
      ‘app.R’
Flavors: r-devel-linux-x86_64-debian-clang, r-devel-linux-x86_64-debian-gcc, r-devel-linux-x86_64-fedora-clang, r-devel-linux-x86_64-fedora-gcc, r-devel-windows-x86_64, r-patched-linux-x86_64, r-release-linux-x86_64, r-release-macos-arm64, r-release-macos-x86_64, r-release-windows-x86_64
Version: 0.3.9.4
Check: Rd files
Result: NOTE
  checkRd: (-1) animate.Rd:625-627: Lost braces
     625 | group = function(...) {
         |                       ^
Flavors: r-devel-linux-x86_64-debian-clang, r-devel-linux-x86_64-debian-gcc, r-devel-linux-x86_64-fedora-clang, r-devel-linux-x86_64-fedora-gcc, r-devel-windows-x86_64, r-patched-linux-x86_64, r-release-linux-x86_64, r-release-macos-arm64, r-release-macos-x86_64, r-release-windows-x86_64, r-oldrel-macos-arm64, r-oldrel-macos-x86_64, r-oldrel-windows-x86_64