Last updated on 2025-06-30 15:49:32 CEST.
Flavor | Version | Tinstall | Tcheck | Ttotal | Status | Flags |
---|---|---|---|---|---|---|
r-devel-linux-x86_64-debian-clang | 0.5.0 | 3.44 | 87.17 | 90.61 | OK | |
r-devel-linux-x86_64-debian-gcc | 0.5.0 | 2.41 | 65.17 | 67.58 | OK | |
r-devel-linux-x86_64-fedora-clang | 0.5.0 | 151.77 | OK | |||
r-devel-linux-x86_64-fedora-gcc | 0.5.0 | 150.83 | OK | |||
r-devel-windows-x86_64 | 0.5.0 | 5.00 | 114.00 | 119.00 | OK | |
r-patched-linux-x86_64 | OK | |||||
r-release-linux-x86_64 | 0.5.0 | 3.09 | 81.59 | 84.68 | OK | |
r-release-macos-arm64 | 0.5.0 | 37.00 | ERROR | |||
r-release-macos-x86_64 | 0.5.0 | 68.00 | ERROR | |||
r-release-windows-x86_64 | 0.5.0 | 4.00 | 107.00 | 111.00 | OK | |
r-oldrel-macos-arm64 | 0.5.0 | 39.00 | ERROR | |||
r-oldrel-macos-x86_64 | 0.5.0 | 70.00 | ERROR | |||
r-oldrel-windows-x86_64 | 0.5.0 | 7.00 | 123.00 | 130.00 | OK |
Version: 0.5.0
Check: tests
Result: ERROR
Running ‘spelling.R’ [0s/0s]
Running ‘testthat.R’ [9s/10s]
Running the tests in ‘tests/testthat.R’ failed.
Complete output:
> library(testthat)
> library(altdoc)
>
> test_check("altdoc")
v Setting active project to
"/private/var/folders/k4/0jwzxmln0nb8y6rkzprptb640000gq/T/Rtmpse1GzJ/testpkg17d021338939f".
i Creating `altdoc/` directory.
i Creating `docs/` directory.
i Adding ^docs$ to .Rbuildignore
i Adding ^altdoc$ to .Rbuildignore
i Adding altdoc/freeze.rds to .gitignore
i Importing default settings file(s) to `altdoc/`
i README.md is mandatory. `altdoc` created a dummy README file in the package directory.
-- Basic files -----------------------------------------------------------------
v 'README' imported.
-- Man pages -------------------------------------------------------------------
i No man pages to convert.
-- Vignettes -------------------------------------------------------------------
i No vignettes to convert.
-- Update HTML -----------------------------------------------------------------
v HTML updated.
-- Complete --------------------------------------------------------------------
v Documentation updated.
v Setting active project to "<no active project>".
v Setting active project to
"/private/var/folders/k4/0jwzxmln0nb8y6rkzprptb640000gq/T/Rtmpse1GzJ/testpkg17d027b2857a6".
i Creating `altdoc/` directory.
i Creating `docs/` directory.
i Adding ^docs$ to .Rbuildignore
i Adding ^altdoc$ to .Rbuildignore
i Adding altdoc/freeze.rds to .gitignore
i Importing default settings file(s) to `altdoc/`
i README.md is mandatory. `altdoc` created a dummy README file in the package directory.
v Setting active project to "<no active project>".
v Setting active project to
"/private/var/folders/k4/0jwzxmln0nb8y6rkzprptb640000gq/T/Rtmpse1GzJ/testpkg17d0259505871".
i Creating `altdoc/` directory.
i Creating `docs/` directory.
i Adding ^docs$ to .Rbuildignore
i Adding ^altdoc$ to .Rbuildignore
i Adding altdoc/freeze.rds to .gitignore
i Importing default settings file(s) to `altdoc/`
i README.md is mandatory. `altdoc` created a dummy README file in the package directory.
v Setting active project to "<no active project>".
v Setting active project to
"/private/var/folders/k4/0jwzxmln0nb8y6rkzprptb640000gq/T/Rtmpse1GzJ/testpkg17d02216b8228".
i Creating `altdoc/` directory.
i Creating `docs/` directory.
i Adding ^docs$ to .Rbuildignore
i Adding ^altdoc$ to .Rbuildignore
i Adding altdoc/freeze.rds to .gitignore
i Importing default settings file(s) to `altdoc/`
i README.md is mandatory. `altdoc` created a dummy README file in the package directory.
v Setting active project to "<no active project>".
v Setting active project to
"/private/var/folders/k4/0jwzxmln0nb8y6rkzprptb640000gq/T/Rtmpse1GzJ/testpkg17d02115e15e5".
i Creating `altdoc/` directory.
i Creating `docs/` directory.
i Adding ^docs$ to .Rbuildignore
i Adding ^altdoc$ to .Rbuildignore
i Adding altdoc/freeze.rds to .gitignore
i Importing default settings file(s) to `altdoc/`
i README.md is mandatory. `altdoc` created a dummy README file in the package directory.
i Leaving 'README.md' unchanged.
[ ] Update 'README.md' to include installation instructions.
-- Basic files -----------------------------------------------------------------
v 'README' imported.
-- Man pages -------------------------------------------------------------------
i No man pages to convert.
-- Vignettes -------------------------------------------------------------------
i No vignettes to convert.
-- Update HTML -----------------------------------------------------------------
v HTML updated.
-- Complete --------------------------------------------------------------------
v Documentation updated.
v Setting active project to "<no active project>".
v Setting active project to
"/private/var/folders/k4/0jwzxmln0nb8y6rkzprptb640000gq/T/Rtmpse1GzJ/testpkg17d0223d1a94d".
i Creating `altdoc/` directory.
i Creating `docs/` directory.
i Adding ^docs$ to .Rbuildignore
i Adding ^altdoc$ to .Rbuildignore
i Adding altdoc/freeze.rds to .gitignore
i Importing default settings file(s) to `altdoc/`
i README.md is mandatory. `altdoc` created a dummy README file in the package directory.
i Leaving 'README.md' unchanged.
[ ] Update 'README.md' to include installation instructions.
-- Basic files -----------------------------------------------------------------
v 'README' imported.
-- Man pages -------------------------------------------------------------------
i No man pages to convert.
-- Vignettes -------------------------------------------------------------------
i No vignettes to convert.
-- Update HTML -----------------------------------------------------------------
v HTML updated.
-- Complete --------------------------------------------------------------------
v Documentation updated.
v Setting active project to "<no active project>".
v Setting active project to
"/private/var/folders/k4/0jwzxmln0nb8y6rkzprptb640000gq/T/Rtmpse1GzJ/testpkg17d02185cd344".
i Creating `altdoc/` directory.
i Creating `docs/` directory.
i Adding ^docs$ to .Rbuildignore
i Adding ^altdoc$ to .Rbuildignore
i Adding altdoc/freeze.rds to .gitignore
i Importing default settings file(s) to `altdoc/`
i README.md is mandatory. `altdoc` created a dummy README file in the package directory.
v Setting active project to "<no active project>".
v Setting active project to
"/private/var/folders/k4/0jwzxmln0nb8y6rkzprptb640000gq/T/Rtmpse1GzJ/testpkg17d0253e4f762".
i Creating `altdoc/` directory.
i Creating `docs/` directory.
i Adding ^docs$ to .Rbuildignore
i Adding ^altdoc$ to .Rbuildignore
i Adding altdoc/freeze.rds to .gitignore
i Importing default settings file(s) to `altdoc/`
i README.md is mandatory. `altdoc` created a dummy README file in the package directory.
v Setting active project to "<no active project>".
v Setting active project to
"/private/var/folders/k4/0jwzxmln0nb8y6rkzprptb640000gq/T/Rtmpse1GzJ/testpkg17d02755af683".
i Creating `altdoc/` directory.
i Creating `docs/` directory.
i Adding ^docs$ to .Rbuildignore
i Adding ^altdoc$ to .Rbuildignore
i Adding altdoc/freeze.rds to .gitignore
i Importing default settings file(s) to `altdoc/`
i README.md is mandatory. `altdoc` created a dummy README file in the package directory.
v Setting active project to "<no active project>".
v Setting active project to
"/private/var/folders/k4/0jwzxmln0nb8y6rkzprptb640000gq/T/Rtmpse1GzJ/testpkg17d0277c54c80".
v Setting active project to "<no active project>".
v Setting active project to
"/private/var/folders/k4/0jwzxmln0nb8y6rkzprptb640000gq/T/Rtmpse1GzJ/testpkg17d02466c3096".
i Creating `altdoc/` directory.
i Creating `docs/` directory.
i Adding ^docs$ to .Rbuildignore
i Adding ^altdoc$ to .Rbuildignore
i Adding altdoc/freeze.rds to .gitignore
i Importing default settings file(s) to `altdoc/`
i README.md is mandatory. `altdoc` created a dummy README file in the package directory.
-- Basic files -----------------------------------------------------------------
v 'README' imported.
-- Man pages -------------------------------------------------------------------
i No man pages to convert.
-- Vignettes -------------------------------------------------------------------
i Found 1 vignette to convert.
\ Converting vignette 1/1: foo.Rmd
x Converting vignette 1/1: foo.Rmd [44ms]
v Setting active project to "<no active project>".
v Setting active project to
"/private/var/folders/k4/0jwzxmln0nb8y6rkzprptb640000gq/T/Rtmpse1GzJ/testpkg17d02370a2e87".
i Creating `altdoc/` directory.
i Creating `docs/` directory.
i Adding ^docs$ to .Rbuildignore
i Adding ^altdoc$ to .Rbuildignore
i Adding altdoc/freeze.rds to .gitignore
i Importing default settings file(s) to `altdoc/`
i README.md is mandatory. `altdoc` created a dummy README file in the package directory.
-- Basic files -----------------------------------------------------------------
v 'README' imported.
-- Man pages -------------------------------------------------------------------
i Found 1 man page to convert.
\ Converting function reference 1/1: foo
x Converting function reference 1/1: foo [40ms]
v Setting active project to "<no active project>".
v Setting active project to
"/private/var/folders/k4/0jwzxmln0nb8y6rkzprptb640000gq/T/Rtmpse1GzJ/testpkg17d0225616555".
i Creating `altdoc/` directory.
i Creating `docs/` directory.
i Adding ^docs$ to .Rbuildignore
i Adding ^altdoc$ to .Rbuildignore
i Adding altdoc/freeze.rds to .gitignore
i Adding altdoc/pkgdown.yml file.
i Importing default settings file(s) to `altdoc/`
i README.md is mandatory. `altdoc` created a dummy README file in the package directory.
-- Basic files -----------------------------------------------------------------
v 'README' imported.
-- Man pages -------------------------------------------------------------------
i No man pages to convert.
-- Vignettes -------------------------------------------------------------------
i No vignettes to convert.
-- Update HTML -----------------------------------------------------------------
v HTML updated.
-- Complete --------------------------------------------------------------------
v Documentation updated.
v Setting active project to "<no active project>".
v Setting active project to
"/private/var/folders/k4/0jwzxmln0nb8y6rkzprptb640000gq/T/Rtmpse1GzJ/testpkg17d02544540d1".
i Creating `altdoc/` directory.
i Creating `docs/` directory.
i Adding ^docs$ to .Rbuildignore
i Adding ^altdoc$ to .Rbuildignore
i Adding altdoc/freeze.rds to .gitignore
i Importing default settings file(s) to `altdoc/`
i README.md is mandatory. `altdoc` created a dummy README file in the package directory.
-- Basic files -----------------------------------------------------------------
v 'README' imported.
-- Man pages -------------------------------------------------------------------
i No man pages to convert.
-- Vignettes -------------------------------------------------------------------
i No vignettes to convert.
-- Update HTML -----------------------------------------------------------------
v HTML updated.
-- Complete --------------------------------------------------------------------
v Documentation updated.
v Setting active project to "<no active project>".
v Setting active project to
"/private/var/folders/k4/0jwzxmln0nb8y6rkzprptb640000gq/T/Rtmpse1GzJ/testproj17d02698020af".
v Setting active project to "<no active project>".
v Setting active project to
"/private/var/folders/k4/0jwzxmln0nb8y6rkzprptb640000gq/T/Rtmpse1GzJ/testpkg17d022021bd88".
i Creating `altdoc/` directory.
i Creating `docs/` directory.
i Adding ^docs$ to .Rbuildignore
i Adding ^altdoc$ to .Rbuildignore
i Adding altdoc/freeze.rds to .gitignore
i Importing default settings file(s) to `altdoc/`
i README.md is mandatory. `altdoc` created a dummy README file in the package directory.
v Setting active project to "<no active project>".
v Setting active project to
"/private/var/folders/k4/0jwzxmln0nb8y6rkzprptb640000gq/T/Rtmpse1GzJ/testpkg17d0238c454cf".
v Setting active project to "<no active project>".
v Setting active project to
"/private/var/folders/k4/0jwzxmln0nb8y6rkzprptb640000gq/T/Rtmpse1GzJ/testpkg17d0251690ba6".
i Creating `altdoc/` directory.
i Creating `docs/` directory.
i Adding ^docs$ to .Rbuildignore
i Adding ^altdoc$ to .Rbuildignore
i Adding altdoc/freeze.rds to .gitignore
i Importing default settings file(s) to `altdoc/`
i README.md is mandatory. `altdoc` created a dummy README file in the package directory.
i Creating `docs/` directory.
i Importing default settings file(s) to `altdoc/`
v Setting active project to "<no active project>".
v Setting active project to
"/private/var/folders/k4/0jwzxmln0nb8y6rkzprptb640000gq/T/Rtmpse1GzJ/testpkg17d021ac61021".
i Creating `altdoc/` directory.
i Creating `docs/` directory.
i Adding ^docs$ to .Rbuildignore
i Adding ^altdoc$ to .Rbuildignore
i Adding altdoc/freeze.rds to .gitignore
i Importing default settings file(s) to `altdoc/`
i README.md is mandatory. `altdoc` created a dummy README file in the package directory.
i Creating `docs/` directory.
i Importing default settings file(s) to `altdoc/`
v Setting active project to "<no active project>".
v Setting active project to
"/private/var/folders/k4/0jwzxmln0nb8y6rkzprptb640000gq/T/Rtmpse1GzJ/testpkg17d0210fe0901".
i Creating `altdoc/` directory.
i Creating `docs/` directory.
i Adding ^docs$ to .Rbuildignore
i Adding ^altdoc$ to .Rbuildignore
i Adding altdoc/freeze.rds to .gitignore
i Adding ^_quarto$ to .Rbuildignore
i Adding _quarto/* to .gitignore
i Adding !_quarto/_freeze/ to .gitignore
i Importing default settings file(s) to `altdoc/`
i README.md is mandatory. `altdoc` created a dummy README file in the package directory.
v Setting active project to "<no active project>".
v Setting active project to
"/private/var/folders/k4/0jwzxmln0nb8y6rkzprptb640000gq/T/Rtmpse1GzJ/testpkg17d0269c82ff5".
i Creating `altdoc/` directory.
i Creating `docs/` directory.
i Adding ^docs$ to .Rbuildignore
i Adding ^altdoc$ to .Rbuildignore
i Adding altdoc/freeze.rds to .gitignore
i Importing default settings file(s) to `altdoc/`
i README.md is mandatory. `altdoc` created a dummy README file in the package directory.
v Setting active project to "<no active project>".
v Setting active project to
"/private/var/folders/k4/0jwzxmln0nb8y6rkzprptb640000gq/T/Rtmpse1GzJ/testpkg17d027e4556d5".
i Creating `altdoc/` directory.
i Creating `docs/` directory.
i Adding ^docs$ to .Rbuildignore
i Adding ^altdoc$ to .Rbuildignore
i Adding altdoc/freeze.rds to .gitignore
i Importing default settings file(s) to `altdoc/`
i README.md is mandatory. `altdoc` created a dummy README file in the package directory.
v '.github/workflows/altdoc.yaml' created.
v Added `altdoc` in Suggests.
v Setting active project to "<no active project>".
v Setting active project to
"/private/var/folders/k4/0jwzxmln0nb8y6rkzprptb640000gq/T/Rtmpse1GzJ/testpkg17d02784bb1d7".
i Creating `altdoc/` directory.
i Creating `docs/` directory.
i Adding ^docs$ to .Rbuildignore
i Adding ^altdoc$ to .Rbuildignore
i Adding altdoc/freeze.rds to .gitignore
i Importing default settings file(s) to `altdoc/`
i README.md is mandatory. `altdoc` created a dummy README file in the package directory.
i Leaving 'README.md' unchanged.
[ ] Update 'README.md' to include installation instructions.
-- Basic files -----------------------------------------------------------------
v 'README' imported.
-- Man pages -------------------------------------------------------------------
i No man pages to convert.
-- Vignettes -------------------------------------------------------------------
i No vignettes to convert.
-- Update HTML -----------------------------------------------------------------
v HTML updated.
-- Complete --------------------------------------------------------------------
v Documentation updated.
v Setting active project to "<no active project>".
v Setting active project to
"/private/var/folders/k4/0jwzxmln0nb8y6rkzprptb640000gq/T/Rtmpse1GzJ/testpkg17d023c426be0".
i Creating `altdoc/` directory.
i Creating `docs/` directory.
i Adding ^docs$ to .Rbuildignore
i Adding ^altdoc$ to .Rbuildignore
i Adding altdoc/freeze.rds to .gitignore
i Importing default settings file(s) to `altdoc/`
i README.md is mandatory. `altdoc` created a dummy README file in the package directory.
i Leaving 'README.md' unchanged.
[ ] Update 'README.md' to include installation instructions.
-- Basic files -----------------------------------------------------------------
v 'README' imported.
-- Man pages -------------------------------------------------------------------
i No man pages to convert.
-- Vignettes -------------------------------------------------------------------
i No vignettes to convert.
-- Update HTML -----------------------------------------------------------------
v HTML updated.
-- Complete --------------------------------------------------------------------
v Documentation updated.
v Setting active project to "<no active project>".
v Setting active project to
"/private/var/folders/k4/0jwzxmln0nb8y6rkzprptb640000gq/T/Rtmpse1GzJ/testpkg17d0245bf7873".
v Writing 'NEWS.md'.
i Creating `altdoc/` directory.
i Creating `docs/` directory.
i Adding ^docs$ to .Rbuildignore
i Adding ^altdoc$ to .Rbuildignore
i Adding altdoc/freeze.rds to .gitignore
i Importing default settings file(s) to `altdoc/`
i README.md is mandatory. `altdoc` created a dummy README file in the package directory.
-- Basic files -----------------------------------------------------------------
v 'NEWS' imported.
v 'README' imported.
-- Man pages -------------------------------------------------------------------
i No man pages to convert.
-- Vignettes -------------------------------------------------------------------
i No vignettes to convert.
-- Update HTML -----------------------------------------------------------------
v HTML updated.
-- Complete --------------------------------------------------------------------
v Documentation updated.
-- Basic files -----------------------------------------------------------------
v 'NEWS' imported.
v 'README' imported.
-- Man pages -------------------------------------------------------------------
i No man pages to convert.
-- Vignettes -------------------------------------------------------------------
i No vignettes to convert.
-- Update HTML -----------------------------------------------------------------
v HTML updated.
-- Complete --------------------------------------------------------------------
v Documentation updated.
v Setting active project to "<no active project>".
v Setting active project to
"/private/var/folders/k4/0jwzxmln0nb8y6rkzprptb640000gq/T/Rtmpse1GzJ/testpkg17d0210d56873".
v Writing 'NEWS.md'.
i Creating `altdoc/` directory.
i Creating `docs/` directory.
i Adding ^docs$ to .Rbuildignore
i Adding ^altdoc$ to .Rbuildignore
i Adding altdoc/freeze.rds to .gitignore
i Importing default settings file(s) to `altdoc/`
i README.md is mandatory. `altdoc` created a dummy README file in the package directory.
-- Basic files -----------------------------------------------------------------
v 'NEWS' imported.
v 'README' imported.
-- Man pages -------------------------------------------------------------------
i No man pages to convert.
-- Vignettes -------------------------------------------------------------------
i No vignettes to convert.
-- Update HTML -----------------------------------------------------------------
v HTML updated.
-- Complete --------------------------------------------------------------------
v Documentation updated.
-- Basic files -----------------------------------------------------------------
v 'NEWS' imported.
v 'README' imported.
-- Man pages -------------------------------------------------------------------
i No man pages to convert.
-- Vignettes -------------------------------------------------------------------
i No vignettes to convert.
-- Update HTML -----------------------------------------------------------------
v HTML updated.
-- Complete --------------------------------------------------------------------
v Documentation updated.
v Setting active project to "<no active project>".
v Setting active project to
"/private/var/folders/k4/0jwzxmln0nb8y6rkzprptb640000gq/T/Rtmpse1GzJ/testpkg17d023810f703".
v Writing 'CODE_OF_CONDUCT.md'.
v Adding "^CODE_OF_CONDUCT\\.md$" to '.Rbuildignore'.
[ ] You may also want to describe the code of conduct in your README:
## Code of Conduct
Please note that the testpkg17d023810f703 project is released with a [Contributor Code of Conduct](https://contributor-covenant.org/version/2/1/CODE_OF_CONDUCT.html). By contributing to this project, you agree to abide by its terms.
i Creating `altdoc/` directory.
i Creating `docs/` directory.
i Adding ^docs$ to .Rbuildignore
i Adding ^altdoc$ to .Rbuildignore
i Adding altdoc/freeze.rds to .gitignore
i Importing default settings file(s) to `altdoc/`
i README.md is mandatory. `altdoc` created a dummy README file in the package directory.
-- Basic files -----------------------------------------------------------------
v 'CODE_OF_CONDUCT' imported.
v 'README' imported.
-- Man pages -------------------------------------------------------------------
i No man pages to convert.
-- Vignettes -------------------------------------------------------------------
i No vignettes to convert.
-- Update HTML -----------------------------------------------------------------
v HTML updated.
-- Complete --------------------------------------------------------------------
v Documentation updated.
-- Basic files -----------------------------------------------------------------
v 'CODE_OF_CONDUCT' imported.
v 'README' imported.
-- Man pages -------------------------------------------------------------------
i No man pages to convert.
-- Vignettes -------------------------------------------------------------------
i No vignettes to convert.
-- Update HTML -----------------------------------------------------------------
v HTML updated.
-- Complete --------------------------------------------------------------------
v Documentation updated.
v Setting active project to "<no active project>".
v Setting active project to
"/private/var/folders/k4/0jwzxmln0nb8y6rkzprptb640000gq/T/Rtmpse1GzJ/testpkg17d023f7ed618".
v Writing 'CODE_OF_CONDUCT.md'.
v Adding "^CODE_OF_CONDUCT\\.md$" to '.Rbuildignore'.
[ ] You may also want to describe the code of conduct in your README:
## Code of Conduct
Please note that the testpkg17d023f7ed618 project is released with a [Contributor Code of Conduct](https://contributor-covenant.org/version/2/1/CODE_OF_CONDUCT.html). By contributing to this project, you agree to abide by its terms.
i Creating `altdoc/` directory.
i Creating `docs/` directory.
i Adding ^docs$ to .Rbuildignore
i Adding ^altdoc$ to .Rbuildignore
i Adding altdoc/freeze.rds to .gitignore
i Importing default settings file(s) to `altdoc/`
i README.md is mandatory. `altdoc` created a dummy README file in the package directory.
-- Basic files -----------------------------------------------------------------
v 'CODE_OF_CONDUCT' imported.
v 'README' imported.
-- Man pages -------------------------------------------------------------------
i No man pages to convert.
-- Vignettes -------------------------------------------------------------------
i No vignettes to convert.
-- Update HTML -----------------------------------------------------------------
v HTML updated.
-- Complete --------------------------------------------------------------------
v Documentation updated.
-- Basic files -----------------------------------------------------------------
v 'CODE_OF_CONDUCT' imported.
v 'README' imported.
-- Man pages -------------------------------------------------------------------
i No man pages to convert.
-- Vignettes -------------------------------------------------------------------
i No vignettes to convert.
-- Update HTML -----------------------------------------------------------------
v HTML updated.
-- Complete --------------------------------------------------------------------
v Documentation updated.
v Setting active project to "<no active project>".
v Setting active project to
"/private/var/folders/k4/0jwzxmln0nb8y6rkzprptb640000gq/T/Rtmpse1GzJ/testpkg17d0218d721b4".
v Adding "MIT + file LICENSE" to 'License'.
v Writing 'LICENSE'.
v Writing 'LICENSE.md'.
v Adding "^LICENSE\\.md$" to '.Rbuildignore'.
i Creating `altdoc/` directory.
i Creating `docs/` directory.
i Adding ^docs$ to .Rbuildignore
i Adding ^altdoc$ to .Rbuildignore
i Adding altdoc/freeze.rds to .gitignore
i Importing default settings file(s) to `altdoc/`
i README.md is mandatory. `altdoc` created a dummy README file in the package directory.
-- Basic files -----------------------------------------------------------------
v 'LICENSE' imported.
v 'README' imported.
-- Man pages -------------------------------------------------------------------
i No man pages to convert.
-- Vignettes -------------------------------------------------------------------
i No vignettes to convert.
-- Update HTML -----------------------------------------------------------------
v HTML updated.
-- Complete --------------------------------------------------------------------
v Documentation updated.
-- Basic files -----------------------------------------------------------------
v 'LICENSE' imported.
v 'README' imported.
-- Man pages -------------------------------------------------------------------
i No man pages to convert.
-- Vignettes -------------------------------------------------------------------
i No vignettes to convert.
-- Update HTML -----------------------------------------------------------------
v HTML updated.
-- Complete --------------------------------------------------------------------
v Documentation updated.
v Setting active project to "<no active project>".
v Setting active project to
"/private/var/folders/k4/0jwzxmln0nb8y6rkzprptb640000gq/T/Rtmpse1GzJ/testpkg17d02736b6a42".
v Adding "MIT + file LICENSE" to 'License'.
v Writing 'LICENSE'.
v Writing 'LICENSE.md'.
v Adding "^LICENSE\\.md$" to '.Rbuildignore'.
i Creating `altdoc/` directory.
i Creating `docs/` directory.
i Adding ^docs$ to .Rbuildignore
i Adding ^altdoc$ to .Rbuildignore
i Adding altdoc/freeze.rds to .gitignore
i Importing default settings file(s) to `altdoc/`
i README.md is mandatory. `altdoc` created a dummy README file in the package directory.
-- Basic files -----------------------------------------------------------------
v 'LICENSE' imported.
v 'README' imported.
-- Man pages -------------------------------------------------------------------
i No man pages to convert.
-- Vignettes -------------------------------------------------------------------
i No vignettes to convert.
-- Update HTML -----------------------------------------------------------------
v HTML updated.
-- Complete --------------------------------------------------------------------
v Documentation updated.
-- Basic files -----------------------------------------------------------------
v 'LICENSE' imported.
v 'README' imported.
-- Man pages -------------------------------------------------------------------
i No man pages to convert.
-- Vignettes -------------------------------------------------------------------
i No vignettes to convert.
-- Update HTML -----------------------------------------------------------------
v HTML updated.
-- Complete --------------------------------------------------------------------
v Documentation updated.
v Setting active project to "<no active project>".
v Setting active project to
"/private/var/folders/k4/0jwzxmln0nb8y6rkzprptb640000gq/T/Rtmpse1GzJ/testpkg17d02377d292a".
i Creating `altdoc/` directory.
i Creating `docs/` directory.
i Adding ^docs$ to .Rbuildignore
i Adding ^altdoc$ to .Rbuildignore
i Adding altdoc/freeze.rds to .gitignore
i Importing default settings file(s) to `altdoc/`
i README.md is mandatory. `altdoc` created a dummy README file in the package directory.
-- Basic files -----------------------------------------------------------------
v 'README' imported.
-- Man pages -------------------------------------------------------------------
i No man pages to convert.
-- Vignettes -------------------------------------------------------------------
i Found 1 vignette to convert.
\ Converting vignette 1/1: basic.Rmd
x Converting vignette 1/1: basic.Rmd [29ms]
v Setting active project to "<no active project>".
v Setting active project to
"/private/var/folders/k4/0jwzxmln0nb8y6rkzprptb640000gq/T/Rtmpse1GzJ/testpkg17d028deb395".
i Creating `altdoc/` directory.
i Creating `docs/` directory.
i Adding ^docs$ to .Rbuildignore
i Adding ^altdoc$ to .Rbuildignore
i Adding altdoc/freeze.rds to .gitignore
i Importing default settings file(s) to `altdoc/`
i README.md is mandatory. `altdoc` created a dummy README file in the package directory.
-- Basic files -----------------------------------------------------------------
v 'README' imported.
-- Man pages -------------------------------------------------------------------
i No man pages to convert.
-- Vignettes -------------------------------------------------------------------
i Found 1 vignette to convert.
\ Converting vignette 1/1: basic.Rmd
x Converting vignette 1/1: basic.Rmd [40ms]
v Setting active project to "<no active project>".
v Setting active project to
"/private/var/folders/k4/0jwzxmln0nb8y6rkzprptb640000gq/T/Rtmpse1GzJ/testpkg17d025994ea9c".
v Setting active project to "<no active project>".
v Setting active project to
"/private/var/folders/k4/0jwzxmln0nb8y6rkzprptb640000gq/T/Rtmpse1GzJ/testpkg17d02437abed3".
v Setting active project to "<no active project>".
v Setting active project to
"/private/var/folders/k4/0jwzxmln0nb8y6rkzprptb640000gq/T/Rtmpse1GzJ/testpkg17d0255317bdf".
v Setting active project to "<no active project>".
v Setting active project to
"/private/var/folders/k4/0jwzxmln0nb8y6rkzprptb640000gq/T/Rtmpse1GzJ/testpkg17d026bc3efe4".
v Setting active project to "<no active project>".
v Setting active project to
"/private/var/folders/k4/0jwzxmln0nb8y6rkzprptb640000gq/T/Rtmpse1GzJ/testpkg17d02878f745".
v Setting active project to "<no active project>".
v Setting active project to
"/private/var/folders/k4/0jwzxmln0nb8y6rkzprptb640000gq/T/Rtmpse1GzJ/testpkg17d0210a5699f".
v Setting active project to "<no active project>".
[ FAIL 8 | WARN 0 | SKIP 8 | PASS 55 ]
══ Skipped tests (8) ═══════════════════════════════════════════════════════════
• .venv_exists() is not TRUE (2): 'test-setup_docs.R:49:5',
'test-setup_github_actions.R:23:3'
• On CRAN (5): 'test-render_docs.R:2:3', 'test-render_docs.R:35:3',
'test-render_docs.R:69:3', 'test-render_docs.R:110:3',
'test-render_docs.R:143:3'
• tool == "mkdocs" && !.venv_exists() is TRUE (1): 'test-parallel.R:3:5'
══ Failed tests ════════════════════════════════════════════════════════════════
── Error ('test-import_man.R:11:3'): rendering fails ───────────────────────────
Error in `cat(out[[2]])`: argument 1 (type 'list') cannot be handled by 'cat'
Backtrace:
▆
1. ├─testthat::expect_equal(...) at test-import_man.R:11:3
2. │ └─testthat::quasi_label(enquo(object), label, arg = "object")
3. │ └─rlang::eval_bare(expr, quo_get_env(quo))
4. └─altdoc:::.render_one_man(...)
5. └─altdoc:::.qmd2md(...)
6. └─base::cat(out[[2]])
── Error ('test-import_man.R:47:3'): rendering skipped because unchanged and freeze = TRUE ──
Error in `cat(out[[2]])`: argument 1 (type 'list') cannot be handled by 'cat'
Backtrace:
▆
1. └─altdoc:::.render_one_man(...) at test-import_man.R:47:3
2. └─altdoc:::.qmd2md(...)
3. └─base::cat(out[[2]])
── Error ('test-qmd2md.R:11:3'): use template preamble if no preamble in file ──
Error in `cat(out[[2]])`: argument 1 (type 'list') cannot be handled by 'cat'
Backtrace:
▆
1. └─altdoc:::.qmd2md(vignette_qmd, "vignettes", preamble = preamble) at test-qmd2md.R:11:3
2. └─base::cat(out[[2]])
── Error ('test-qmd2md.R:28:3'): do not use template preamble if preamble in file ──
Error in `cat(out[[2]])`: argument 1 (type 'list') cannot be handled by 'cat'
Backtrace:
▆
1. └─altdoc:::.qmd2md(vignette_qmd, "vignettes", preamble = preamble) at test-qmd2md.R:28:3
2. └─base::cat(out[[2]])
── Error ('test-render_docs.R:175:3'): render_docs errors if vignettes fail ────
Error in `cat(out[[2]])`: argument 1 (type 'list') cannot be handled by 'cat'
Backtrace:
▆
1. ├─testthat::expect_error(render_docs(path = getwd()), "some failures when rendering vignettes") at test-render_docs.R:175:3
2. │ └─testthat:::expect_condition_matching(...)
3. │ └─testthat:::quasi_capture(...)
4. │ ├─testthat (local) .capture(...)
5. │ │ └─base::withCallingHandlers(...)
6. │ └─rlang::eval_bare(quo_get_expr(.quo), quo_get_env(.quo))
7. └─altdoc::render_docs(path = getwd())
8. └─altdoc:::.import_vignettes(...)
9. └─base::vapply(...)
10. └─altdoc (local) FUN(X[[i]], ...)
11. └─altdoc:::.render_one_vignette(...)
12. └─altdoc:::.qmd2md(origin, tar_dir, verbose = verbose, preamble = pre)
13. └─base::cat(out[[2]])
── Error ('test-render_docs.R:186:3'): render_docs errors if man fail ──────────
Error in `cat(out[[2]])`: argument 1 (type 'list') cannot be handled by 'cat'
Backtrace:
▆
1. ├─testthat::expect_error(render_docs(path = getwd()), "some failures when rendering man pages") at test-render_docs.R:186:3
2. │ └─testthat:::expect_condition_matching(...)
3. │ └─testthat:::quasi_capture(...)
4. │ ├─testthat (local) .capture(...)
5. │ │ └─base::withCallingHandlers(...)
6. │ └─rlang::eval_bare(quo_get_expr(.quo), quo_get_env(.quo))
7. └─altdoc::render_docs(path = getwd())
8. └─altdoc:::.import_man(...)
9. └─base::vapply(...)
10. └─altdoc (local) FUN(X[[i]], ...)
11. └─altdoc:::.render_one_man(...)
12. └─altdoc:::.qmd2md(...)
13. └─base::cat(out[[2]])
── Error ('test-update.R:111:5'): render_docs also transform new/modified vignettes if specified: docute ──
Error in `cat(out[[2]])`: argument 1 (type 'list') cannot be handled by 'cat'
Backtrace:
▆
1. └─altdoc::render_docs(path = getwd()) at test-update.R:111:5
2. └─altdoc:::.import_vignettes(...)
3. └─base::vapply(...)
4. └─altdoc (local) FUN(X[[i]], ...)
5. └─altdoc:::.render_one_vignette(...)
6. └─altdoc:::.qmd2md(origin, tar_dir, verbose = verbose, preamble = pre)
7. └─base::cat(out[[2]])
── Error ('test-update.R:111:5'): render_docs also transform new/modified vignettes if specified: docsify ──
Error in `cat(out[[2]])`: argument 1 (type 'list') cannot be handled by 'cat'
Backtrace:
▆
1. └─altdoc::render_docs(path = getwd()) at test-update.R:111:5
2. └─altdoc:::.import_vignettes(...)
3. └─base::vapply(...)
4. └─altdoc (local) FUN(X[[i]], ...)
5. └─altdoc:::.render_one_vignette(...)
6. └─altdoc:::.qmd2md(origin, tar_dir, verbose = verbose, preamble = pre)
7. └─base::cat(out[[2]])
[ FAIL 8 | WARN 0 | SKIP 8 | PASS 55 ]
Error: Test failures
Execution halted
Flavor: r-release-macos-arm64
Version: 0.5.0
Check: tests
Result: ERROR
Running ‘spelling.R’ [0s/0s]
Running ‘testthat.R’ [16s/23s]
Running the tests in ‘tests/testthat.R’ failed.
Complete output:
> library(testthat)
> library(altdoc)
>
> test_check("altdoc")
v Setting active project to
"/private/var/folders/2b/t0kwbtmn3p7brv2mvx39c9cr0000gn/T/RtmpJIAouD/testpkg43ba71ecdf60".
i Creating `altdoc/` directory.
i Creating `docs/` directory.
i Adding ^docs$ to .Rbuildignore
i Adding ^altdoc$ to .Rbuildignore
i Adding altdoc/freeze.rds to .gitignore
i Importing default settings file(s) to `altdoc/`
i README.md is mandatory. `altdoc` created a dummy README file in the package directory.
-- Basic files -----------------------------------------------------------------
v 'README' imported.
-- Man pages -------------------------------------------------------------------
i No man pages to convert.
-- Vignettes -------------------------------------------------------------------
i No vignettes to convert.
-- Update HTML -----------------------------------------------------------------
v HTML updated.
-- Complete --------------------------------------------------------------------
v Documentation updated.
v Setting active project to "<no active project>".
v Setting active project to
"/private/var/folders/2b/t0kwbtmn3p7brv2mvx39c9cr0000gn/T/RtmpJIAouD/testpkg43ba9eae212".
i Creating `altdoc/` directory.
i Creating `docs/` directory.
i Adding ^docs$ to .Rbuildignore
i Adding ^altdoc$ to .Rbuildignore
i Adding altdoc/freeze.rds to .gitignore
i Importing default settings file(s) to `altdoc/`
i README.md is mandatory. `altdoc` created a dummy README file in the package directory.
v Setting active project to "<no active project>".
v Setting active project to
"/private/var/folders/2b/t0kwbtmn3p7brv2mvx39c9cr0000gn/T/RtmpJIAouD/testpkg43ba1d804c3".
i Creating `altdoc/` directory.
i Creating `docs/` directory.
i Adding ^docs$ to .Rbuildignore
i Adding ^altdoc$ to .Rbuildignore
i Adding altdoc/freeze.rds to .gitignore
i Importing default settings file(s) to `altdoc/`
i README.md is mandatory. `altdoc` created a dummy README file in the package directory.
v Setting active project to "<no active project>".
v Setting active project to
"/private/var/folders/2b/t0kwbtmn3p7brv2mvx39c9cr0000gn/T/RtmpJIAouD/testpkg43ba21b1abea".
i Creating `altdoc/` directory.
i Creating `docs/` directory.
i Adding ^docs$ to .Rbuildignore
i Adding ^altdoc$ to .Rbuildignore
i Adding altdoc/freeze.rds to .gitignore
i Importing default settings file(s) to `altdoc/`
i README.md is mandatory. `altdoc` created a dummy README file in the package directory.
v Setting active project to "<no active project>".
v Setting active project to
"/private/var/folders/2b/t0kwbtmn3p7brv2mvx39c9cr0000gn/T/RtmpJIAouD/testpkg43ba1c98f974".
i Creating `altdoc/` directory.
i Creating `docs/` directory.
i Adding ^docs$ to .Rbuildignore
i Adding ^altdoc$ to .Rbuildignore
i Adding altdoc/freeze.rds to .gitignore
i Importing default settings file(s) to `altdoc/`
i README.md is mandatory. `altdoc` created a dummy README file in the package directory.
i Leaving 'README.md' unchanged.
[ ] Update 'README.md' to include installation instructions.
-- Basic files -----------------------------------------------------------------
v 'README' imported.
-- Man pages -------------------------------------------------------------------
i No man pages to convert.
-- Vignettes -------------------------------------------------------------------
i No vignettes to convert.
-- Update HTML -----------------------------------------------------------------
v HTML updated.
-- Complete --------------------------------------------------------------------
v Documentation updated.
v Setting active project to "<no active project>".
v Setting active project to
"/private/var/folders/2b/t0kwbtmn3p7brv2mvx39c9cr0000gn/T/RtmpJIAouD/testpkg43ba140d3b75".
i Creating `altdoc/` directory.
i Creating `docs/` directory.
i Adding ^docs$ to .Rbuildignore
i Adding ^altdoc$ to .Rbuildignore
i Adding altdoc/freeze.rds to .gitignore
i Importing default settings file(s) to `altdoc/`
i README.md is mandatory. `altdoc` created a dummy README file in the package directory.
i Leaving 'README.md' unchanged.
[ ] Update 'README.md' to include installation instructions.
-- Basic files -----------------------------------------------------------------
v 'README' imported.
-- Man pages -------------------------------------------------------------------
i No man pages to convert.
-- Vignettes -------------------------------------------------------------------
i No vignettes to convert.
-- Update HTML -----------------------------------------------------------------
v HTML updated.
-- Complete --------------------------------------------------------------------
v Documentation updated.
v Setting active project to "<no active project>".
v Setting active project to
"/private/var/folders/2b/t0kwbtmn3p7brv2mvx39c9cr0000gn/T/RtmpJIAouD/testpkg43ba4be76068".
i Creating `altdoc/` directory.
i Creating `docs/` directory.
i Adding ^docs$ to .Rbuildignore
i Adding ^altdoc$ to .Rbuildignore
i Adding altdoc/freeze.rds to .gitignore
i Importing default settings file(s) to `altdoc/`
i README.md is mandatory. `altdoc` created a dummy README file in the package directory.
v Setting active project to "<no active project>".
v Setting active project to
"/private/var/folders/2b/t0kwbtmn3p7brv2mvx39c9cr0000gn/T/RtmpJIAouD/testpkg43ba528495d5".
i Creating `altdoc/` directory.
i Creating `docs/` directory.
i Adding ^docs$ to .Rbuildignore
i Adding ^altdoc$ to .Rbuildignore
i Adding altdoc/freeze.rds to .gitignore
i Importing default settings file(s) to `altdoc/`
i README.md is mandatory. `altdoc` created a dummy README file in the package directory.
v Setting active project to "<no active project>".
v Setting active project to
"/private/var/folders/2b/t0kwbtmn3p7brv2mvx39c9cr0000gn/T/RtmpJIAouD/testpkg43ba6f722c96".
i Creating `altdoc/` directory.
i Creating `docs/` directory.
i Adding ^docs$ to .Rbuildignore
i Adding ^altdoc$ to .Rbuildignore
i Adding altdoc/freeze.rds to .gitignore
i Importing default settings file(s) to `altdoc/`
i README.md is mandatory. `altdoc` created a dummy README file in the package directory.
v Setting active project to "<no active project>".
v Setting active project to
"/private/var/folders/2b/t0kwbtmn3p7brv2mvx39c9cr0000gn/T/RtmpJIAouD/testpkg43ba28afa3c0".
v Setting active project to "<no active project>".
v Setting active project to
"/private/var/folders/2b/t0kwbtmn3p7brv2mvx39c9cr0000gn/T/RtmpJIAouD/testpkg43ba69083726".
i Creating `altdoc/` directory.
i Creating `docs/` directory.
i Adding ^docs$ to .Rbuildignore
i Adding ^altdoc$ to .Rbuildignore
i Adding altdoc/freeze.rds to .gitignore
i Importing default settings file(s) to `altdoc/`
i README.md is mandatory. `altdoc` created a dummy README file in the package directory.
-- Basic files -----------------------------------------------------------------
v 'README' imported.
-- Man pages -------------------------------------------------------------------
i No man pages to convert.
-- Vignettes -------------------------------------------------------------------
i Found 1 vignette to convert.
\ Converting vignette 1/1: foo.Rmd
x Converting vignette 1/1: foo.Rmd [93ms]
v Setting active project to "<no active project>".
v Setting active project to
"/private/var/folders/2b/t0kwbtmn3p7brv2mvx39c9cr0000gn/T/RtmpJIAouD/testpkg43ba606283a7".
i Creating `altdoc/` directory.
i Creating `docs/` directory.
i Adding ^docs$ to .Rbuildignore
i Adding ^altdoc$ to .Rbuildignore
i Adding altdoc/freeze.rds to .gitignore
i Importing default settings file(s) to `altdoc/`
i README.md is mandatory. `altdoc` created a dummy README file in the package directory.
-- Basic files -----------------------------------------------------------------
v 'README' imported.
-- Man pages -------------------------------------------------------------------
i Found 1 man page to convert.
\ Converting function reference 1/1: foo
x Converting function reference 1/1: foo [78ms]
v Setting active project to "<no active project>".
v Setting active project to
"/private/var/folders/2b/t0kwbtmn3p7brv2mvx39c9cr0000gn/T/RtmpJIAouD/testpkg43ba24fa0d64".
i Creating `altdoc/` directory.
i Creating `docs/` directory.
i Adding ^docs$ to .Rbuildignore
i Adding ^altdoc$ to .Rbuildignore
i Adding altdoc/freeze.rds to .gitignore
i Adding altdoc/pkgdown.yml file.
i Importing default settings file(s) to `altdoc/`
i README.md is mandatory. `altdoc` created a dummy README file in the package directory.
-- Basic files -----------------------------------------------------------------
v 'README' imported.
-- Man pages -------------------------------------------------------------------
i No man pages to convert.
-- Vignettes -------------------------------------------------------------------
i No vignettes to convert.
-- Update HTML -----------------------------------------------------------------
v HTML updated.
-- Complete --------------------------------------------------------------------
v Documentation updated.
v Setting active project to "<no active project>".
v Setting active project to
"/private/var/folders/2b/t0kwbtmn3p7brv2mvx39c9cr0000gn/T/RtmpJIAouD/testpkg43ba3a0b7126".
i Creating `altdoc/` directory.
i Creating `docs/` directory.
i Adding ^docs$ to .Rbuildignore
i Adding ^altdoc$ to .Rbuildignore
i Adding altdoc/freeze.rds to .gitignore
i Importing default settings file(s) to `altdoc/`
i README.md is mandatory. `altdoc` created a dummy README file in the package directory.
-- Basic files -----------------------------------------------------------------
v 'README' imported.
-- Man pages -------------------------------------------------------------------
i No man pages to convert.
-- Vignettes -------------------------------------------------------------------
i No vignettes to convert.
-- Update HTML -----------------------------------------------------------------
v HTML updated.
-- Complete --------------------------------------------------------------------
v Documentation updated.
v Setting active project to "<no active project>".
v Setting active project to
"/private/var/folders/2b/t0kwbtmn3p7brv2mvx39c9cr0000gn/T/RtmpJIAouD/testproj43ba7fcea43b".
v Setting active project to "<no active project>".
v Setting active project to
"/private/var/folders/2b/t0kwbtmn3p7brv2mvx39c9cr0000gn/T/RtmpJIAouD/testpkg43ba7db7fe8b".
i Creating `altdoc/` directory.
i Creating `docs/` directory.
i Adding ^docs$ to .Rbuildignore
i Adding ^altdoc$ to .Rbuildignore
i Adding altdoc/freeze.rds to .gitignore
i Importing default settings file(s) to `altdoc/`
i README.md is mandatory. `altdoc` created a dummy README file in the package directory.
v Setting active project to "<no active project>".
v Setting active project to
"/private/var/folders/2b/t0kwbtmn3p7brv2mvx39c9cr0000gn/T/RtmpJIAouD/testpkg43ba6310f4b2".
v Setting active project to "<no active project>".
v Setting active project to
"/private/var/folders/2b/t0kwbtmn3p7brv2mvx39c9cr0000gn/T/RtmpJIAouD/testpkg43ba762c4adf".
i Creating `altdoc/` directory.
i Creating `docs/` directory.
i Adding ^docs$ to .Rbuildignore
i Adding ^altdoc$ to .Rbuildignore
i Adding altdoc/freeze.rds to .gitignore
i Importing default settings file(s) to `altdoc/`
i README.md is mandatory. `altdoc` created a dummy README file in the package directory.
i Creating `docs/` directory.
i Importing default settings file(s) to `altdoc/`
v Setting active project to "<no active project>".
v Setting active project to
"/private/var/folders/2b/t0kwbtmn3p7brv2mvx39c9cr0000gn/T/RtmpJIAouD/testpkg43ba423cad8f".
i Creating `altdoc/` directory.
i Creating `docs/` directory.
i Adding ^docs$ to .Rbuildignore
i Adding ^altdoc$ to .Rbuildignore
i Adding altdoc/freeze.rds to .gitignore
i Importing default settings file(s) to `altdoc/`
i README.md is mandatory. `altdoc` created a dummy README file in the package directory.
i Creating `docs/` directory.
i Importing default settings file(s) to `altdoc/`
v Setting active project to "<no active project>".
v Setting active project to
"/private/var/folders/2b/t0kwbtmn3p7brv2mvx39c9cr0000gn/T/RtmpJIAouD/testpkg43ba30cb4f1c".
i Creating `altdoc/` directory.
i Creating `docs/` directory.
i Adding ^docs$ to .Rbuildignore
i Adding ^altdoc$ to .Rbuildignore
i Adding altdoc/freeze.rds to .gitignore
i Adding ^_quarto$ to .Rbuildignore
i Adding _quarto/* to .gitignore
i Adding !_quarto/_freeze/ to .gitignore
i Importing default settings file(s) to `altdoc/`
i README.md is mandatory. `altdoc` created a dummy README file in the package directory.
v Setting active project to "<no active project>".
v Setting active project to
"/private/var/folders/2b/t0kwbtmn3p7brv2mvx39c9cr0000gn/T/RtmpJIAouD/testpkg43ba6ace0a05".
i Creating `altdoc/` directory.
i Creating `docs/` directory.
i Adding ^docs$ to .Rbuildignore
i Adding ^altdoc$ to .Rbuildignore
i Adding altdoc/freeze.rds to .gitignore
i Importing default settings file(s) to `altdoc/`
i README.md is mandatory. `altdoc` created a dummy README file in the package directory.
v Setting active project to "<no active project>".
v Setting active project to
"/private/var/folders/2b/t0kwbtmn3p7brv2mvx39c9cr0000gn/T/RtmpJIAouD/testpkg43ba3c8685ed".
i Creating `altdoc/` directory.
i Creating `docs/` directory.
i Adding ^docs$ to .Rbuildignore
i Adding ^altdoc$ to .Rbuildignore
i Adding altdoc/freeze.rds to .gitignore
i Importing default settings file(s) to `altdoc/`
i README.md is mandatory. `altdoc` created a dummy README file in the package directory.
v '.github/workflows/altdoc.yaml' created.
v Added `altdoc` in Suggests.
v Setting active project to "<no active project>".
v Setting active project to
"/private/var/folders/2b/t0kwbtmn3p7brv2mvx39c9cr0000gn/T/RtmpJIAouD/testpkg43ba2b35959".
i Creating `altdoc/` directory.
i Creating `docs/` directory.
i Adding ^docs$ to .Rbuildignore
i Adding ^altdoc$ to .Rbuildignore
i Adding altdoc/freeze.rds to .gitignore
i Importing default settings file(s) to `altdoc/`
i README.md is mandatory. `altdoc` created a dummy README file in the package directory.
i Leaving 'README.md' unchanged.
[ ] Update 'README.md' to include installation instructions.
-- Basic files -----------------------------------------------------------------
v 'README' imported.
-- Man pages -------------------------------------------------------------------
i No man pages to convert.
-- Vignettes -------------------------------------------------------------------
i No vignettes to convert.
-- Update HTML -----------------------------------------------------------------
v HTML updated.
-- Complete --------------------------------------------------------------------
v Documentation updated.
v Setting active project to "<no active project>".
v Setting active project to
"/private/var/folders/2b/t0kwbtmn3p7brv2mvx39c9cr0000gn/T/RtmpJIAouD/testpkg43ba59a85acd".
i Creating `altdoc/` directory.
i Creating `docs/` directory.
i Adding ^docs$ to .Rbuildignore
i Adding ^altdoc$ to .Rbuildignore
i Adding altdoc/freeze.rds to .gitignore
i Importing default settings file(s) to `altdoc/`
i README.md is mandatory. `altdoc` created a dummy README file in the package directory.
i Leaving 'README.md' unchanged.
[ ] Update 'README.md' to include installation instructions.
-- Basic files -----------------------------------------------------------------
v 'README' imported.
-- Man pages -------------------------------------------------------------------
i No man pages to convert.
-- Vignettes -------------------------------------------------------------------
i No vignettes to convert.
-- Update HTML -----------------------------------------------------------------
v HTML updated.
-- Complete --------------------------------------------------------------------
v Documentation updated.
v Setting active project to "<no active project>".
v Setting active project to
"/private/var/folders/2b/t0kwbtmn3p7brv2mvx39c9cr0000gn/T/RtmpJIAouD/testpkg43ba2b39da60".
v Writing 'NEWS.md'.
i Creating `altdoc/` directory.
i Creating `docs/` directory.
i Adding ^docs$ to .Rbuildignore
i Adding ^altdoc$ to .Rbuildignore
i Adding altdoc/freeze.rds to .gitignore
i Importing default settings file(s) to `altdoc/`
i README.md is mandatory. `altdoc` created a dummy README file in the package directory.
-- Basic files -----------------------------------------------------------------
v 'NEWS' imported.
v 'README' imported.
-- Man pages -------------------------------------------------------------------
i No man pages to convert.
-- Vignettes -------------------------------------------------------------------
i No vignettes to convert.
-- Update HTML -----------------------------------------------------------------
v HTML updated.
-- Complete --------------------------------------------------------------------
v Documentation updated.
-- Basic files -----------------------------------------------------------------
v 'NEWS' imported.
v 'README' imported.
-- Man pages -------------------------------------------------------------------
i No man pages to convert.
-- Vignettes -------------------------------------------------------------------
i No vignettes to convert.
-- Update HTML -----------------------------------------------------------------
v HTML updated.
-- Complete --------------------------------------------------------------------
v Documentation updated.
v Setting active project to "<no active project>".
v Setting active project to
"/private/var/folders/2b/t0kwbtmn3p7brv2mvx39c9cr0000gn/T/RtmpJIAouD/testpkg43ba38d67012".
v Writing 'NEWS.md'.
i Creating `altdoc/` directory.
i Creating `docs/` directory.
i Adding ^docs$ to .Rbuildignore
i Adding ^altdoc$ to .Rbuildignore
i Adding altdoc/freeze.rds to .gitignore
i Importing default settings file(s) to `altdoc/`
i README.md is mandatory. `altdoc` created a dummy README file in the package directory.
-- Basic files -----------------------------------------------------------------
v 'NEWS' imported.
v 'README' imported.
-- Man pages -------------------------------------------------------------------
i No man pages to convert.
-- Vignettes -------------------------------------------------------------------
i No vignettes to convert.
-- Update HTML -----------------------------------------------------------------
v HTML updated.
-- Complete --------------------------------------------------------------------
v Documentation updated.
-- Basic files -----------------------------------------------------------------
v 'NEWS' imported.
v 'README' imported.
-- Man pages -------------------------------------------------------------------
i No man pages to convert.
-- Vignettes -------------------------------------------------------------------
i No vignettes to convert.
-- Update HTML -----------------------------------------------------------------
v HTML updated.
-- Complete --------------------------------------------------------------------
v Documentation updated.
v Setting active project to "<no active project>".
v Setting active project to
"/private/var/folders/2b/t0kwbtmn3p7brv2mvx39c9cr0000gn/T/RtmpJIAouD/testpkg43ba3b355a34".
v Writing 'CODE_OF_CONDUCT.md'.
v Adding "^CODE_OF_CONDUCT\\.md$" to '.Rbuildignore'.
[ ] You may also want to describe the code of conduct in your README:
## Code of Conduct
Please note that the testpkg43ba3b355a34 project is released with a [Contributor Code of Conduct](https://contributor-covenant.org/version/2/1/CODE_OF_CONDUCT.html). By contributing to this project, you agree to abide by its terms.
i Creating `altdoc/` directory.
i Creating `docs/` directory.
i Adding ^docs$ to .Rbuildignore
i Adding ^altdoc$ to .Rbuildignore
i Adding altdoc/freeze.rds to .gitignore
i Importing default settings file(s) to `altdoc/`
i README.md is mandatory. `altdoc` created a dummy README file in the package directory.
-- Basic files -----------------------------------------------------------------
v 'CODE_OF_CONDUCT' imported.
v 'README' imported.
-- Man pages -------------------------------------------------------------------
i No man pages to convert.
-- Vignettes -------------------------------------------------------------------
i No vignettes to convert.
-- Update HTML -----------------------------------------------------------------
v HTML updated.
-- Complete --------------------------------------------------------------------
v Documentation updated.
-- Basic files -----------------------------------------------------------------
v 'CODE_OF_CONDUCT' imported.
v 'README' imported.
-- Man pages -------------------------------------------------------------------
i No man pages to convert.
-- Vignettes -------------------------------------------------------------------
i No vignettes to convert.
-- Update HTML -----------------------------------------------------------------
v HTML updated.
-- Complete --------------------------------------------------------------------
v Documentation updated.
v Setting active project to "<no active project>".
v Setting active project to
"/private/var/folders/2b/t0kwbtmn3p7brv2mvx39c9cr0000gn/T/RtmpJIAouD/testpkg43ba20694f29".
v Writing 'CODE_OF_CONDUCT.md'.
v Adding "^CODE_OF_CONDUCT\\.md$" to '.Rbuildignore'.
[ ] You may also want to describe the code of conduct in your README:
## Code of Conduct
Please note that the testpkg43ba20694f29 project is released with a [Contributor Code of Conduct](https://contributor-covenant.org/version/2/1/CODE_OF_CONDUCT.html). By contributing to this project, you agree to abide by its terms.
i Creating `altdoc/` directory.
i Creating `docs/` directory.
i Adding ^docs$ to .Rbuildignore
i Adding ^altdoc$ to .Rbuildignore
i Adding altdoc/freeze.rds to .gitignore
i Importing default settings file(s) to `altdoc/`
i README.md is mandatory. `altdoc` created a dummy README file in the package directory.
-- Basic files -----------------------------------------------------------------
v 'CODE_OF_CONDUCT' imported.
v 'README' imported.
-- Man pages -------------------------------------------------------------------
i No man pages to convert.
-- Vignettes -------------------------------------------------------------------
i No vignettes to convert.
-- Update HTML -----------------------------------------------------------------
v HTML updated.
-- Complete --------------------------------------------------------------------
v Documentation updated.
-- Basic files -----------------------------------------------------------------
v 'CODE_OF_CONDUCT' imported.
v 'README' imported.
-- Man pages -------------------------------------------------------------------
i No man pages to convert.
-- Vignettes -------------------------------------------------------------------
i No vignettes to convert.
-- Update HTML -----------------------------------------------------------------
v HTML updated.
-- Complete --------------------------------------------------------------------
v Documentation updated.
v Setting active project to "<no active project>".
v Setting active project to
"/private/var/folders/2b/t0kwbtmn3p7brv2mvx39c9cr0000gn/T/RtmpJIAouD/testpkg43ba787b6162".
v Adding "MIT + file LICENSE" to 'License'.
v Writing 'LICENSE'.
v Writing 'LICENSE.md'.
v Adding "^LICENSE\\.md$" to '.Rbuildignore'.
i Creating `altdoc/` directory.
i Creating `docs/` directory.
i Adding ^docs$ to .Rbuildignore
i Adding ^altdoc$ to .Rbuildignore
i Adding altdoc/freeze.rds to .gitignore
i Importing default settings file(s) to `altdoc/`
i README.md is mandatory. `altdoc` created a dummy README file in the package directory.
-- Basic files -----------------------------------------------------------------
v 'LICENSE' imported.
v 'README' imported.
-- Man pages -------------------------------------------------------------------
i No man pages to convert.
-- Vignettes -------------------------------------------------------------------
i No vignettes to convert.
-- Update HTML -----------------------------------------------------------------
v HTML updated.
-- Complete --------------------------------------------------------------------
v Documentation updated.
-- Basic files -----------------------------------------------------------------
v 'LICENSE' imported.
v 'README' imported.
-- Man pages -------------------------------------------------------------------
i No man pages to convert.
-- Vignettes -------------------------------------------------------------------
i No vignettes to convert.
-- Update HTML -----------------------------------------------------------------
v HTML updated.
-- Complete --------------------------------------------------------------------
v Documentation updated.
v Setting active project to "<no active project>".
v Setting active project to
"/private/var/folders/2b/t0kwbtmn3p7brv2mvx39c9cr0000gn/T/RtmpJIAouD/testpkg43ba19d6dc11".
v Adding "MIT + file LICENSE" to 'License'.
v Writing 'LICENSE'.
v Writing 'LICENSE.md'.
v Adding "^LICENSE\\.md$" to '.Rbuildignore'.
i Creating `altdoc/` directory.
i Creating `docs/` directory.
i Adding ^docs$ to .Rbuildignore
i Adding ^altdoc$ to .Rbuildignore
i Adding altdoc/freeze.rds to .gitignore
i Importing default settings file(s) to `altdoc/`
i README.md is mandatory. `altdoc` created a dummy README file in the package directory.
-- Basic files -----------------------------------------------------------------
v 'LICENSE' imported.
v 'README' imported.
-- Man pages -------------------------------------------------------------------
i No man pages to convert.
-- Vignettes -------------------------------------------------------------------
i No vignettes to convert.
-- Update HTML -----------------------------------------------------------------
v HTML updated.
-- Complete --------------------------------------------------------------------
v Documentation updated.
-- Basic files -----------------------------------------------------------------
v 'LICENSE' imported.
v 'README' imported.
-- Man pages -------------------------------------------------------------------
i No man pages to convert.
-- Vignettes -------------------------------------------------------------------
i No vignettes to convert.
-- Update HTML -----------------------------------------------------------------
v HTML updated.
-- Complete --------------------------------------------------------------------
v Documentation updated.
v Setting active project to "<no active project>".
v Setting active project to
"/private/var/folders/2b/t0kwbtmn3p7brv2mvx39c9cr0000gn/T/RtmpJIAouD/testpkg43ba7792eb70".
i Creating `altdoc/` directory.
i Creating `docs/` directory.
i Adding ^docs$ to .Rbuildignore
i Adding ^altdoc$ to .Rbuildignore
i Adding altdoc/freeze.rds to .gitignore
i Importing default settings file(s) to `altdoc/`
i README.md is mandatory. `altdoc` created a dummy README file in the package directory.
-- Basic files -----------------------------------------------------------------
v 'README' imported.
-- Man pages -------------------------------------------------------------------
i No man pages to convert.
-- Vignettes -------------------------------------------------------------------
i Found 1 vignette to convert.
\ Converting vignette 1/1: basic.Rmd
x Converting vignette 1/1: basic.Rmd [77ms]
v Setting active project to "<no active project>".
v Setting active project to
"/private/var/folders/2b/t0kwbtmn3p7brv2mvx39c9cr0000gn/T/RtmpJIAouD/testpkg43ba5a69357e".
i Creating `altdoc/` directory.
i Creating `docs/` directory.
i Adding ^docs$ to .Rbuildignore
i Adding ^altdoc$ to .Rbuildignore
i Adding altdoc/freeze.rds to .gitignore
i Importing default settings file(s) to `altdoc/`
i README.md is mandatory. `altdoc` created a dummy README file in the package directory.
-- Basic files -----------------------------------------------------------------
v 'README' imported.
-- Man pages -------------------------------------------------------------------
i No man pages to convert.
-- Vignettes -------------------------------------------------------------------
i Found 1 vignette to convert.
\ Converting vignette 1/1: basic.Rmd
x Converting vignette 1/1: basic.Rmd [73ms]
v Setting active project to "<no active project>".
v Setting active project to
"/private/var/folders/2b/t0kwbtmn3p7brv2mvx39c9cr0000gn/T/RtmpJIAouD/testpkg43ba525af83d".
v Setting active project to "<no active project>".
v Setting active project to
"/private/var/folders/2b/t0kwbtmn3p7brv2mvx39c9cr0000gn/T/RtmpJIAouD/testpkg43bab3af910".
v Setting active project to "<no active project>".
v Setting active project to
"/private/var/folders/2b/t0kwbtmn3p7brv2mvx39c9cr0000gn/T/RtmpJIAouD/testpkg43ba2a93f05e".
v Setting active project to "<no active project>".
v Setting active project to
"/private/var/folders/2b/t0kwbtmn3p7brv2mvx39c9cr0000gn/T/RtmpJIAouD/testpkg43ba54f6ae03".
v Setting active project to "<no active project>".
v Setting active project to
"/private/var/folders/2b/t0kwbtmn3p7brv2mvx39c9cr0000gn/T/RtmpJIAouD/testpkg43ba17409798".
v Setting active project to "<no active project>".
v Setting active project to
"/private/var/folders/2b/t0kwbtmn3p7brv2mvx39c9cr0000gn/T/RtmpJIAouD/testpkg43ba5785fcf6".
v Setting active project to "<no active project>".
[ FAIL 8 | WARN 0 | SKIP 8 | PASS 55 ]
══ Skipped tests (8) ═══════════════════════════════════════════════════════════
• .venv_exists() is not TRUE (2): 'test-setup_docs.R:49:5',
'test-setup_github_actions.R:23:3'
• On CRAN (5): 'test-render_docs.R:2:3', 'test-render_docs.R:35:3',
'test-render_docs.R:69:3', 'test-render_docs.R:110:3',
'test-render_docs.R:143:3'
• tool == "mkdocs" && !.venv_exists() is TRUE (1): 'test-parallel.R:3:5'
══ Failed tests ════════════════════════════════════════════════════════════════
── Error ('test-import_man.R:11:3'): rendering fails ───────────────────────────
Error in `cat(out[[2]])`: argument 1 (type 'list') cannot be handled by 'cat'
Backtrace:
▆
1. ├─testthat::expect_equal(...) at test-import_man.R:11:3
2. │ └─testthat::quasi_label(enquo(object), label, arg = "object")
3. │ └─rlang::eval_bare(expr, quo_get_env(quo))
4. └─altdoc:::.render_one_man(...)
5. └─altdoc:::.qmd2md(...)
6. └─base::cat(out[[2]])
── Error ('test-import_man.R:47:3'): rendering skipped because unchanged and freeze = TRUE ──
Error in `cat(out[[2]])`: argument 1 (type 'list') cannot be handled by 'cat'
Backtrace:
▆
1. └─altdoc:::.render_one_man(...) at test-import_man.R:47:3
2. └─altdoc:::.qmd2md(...)
3. └─base::cat(out[[2]])
── Error ('test-qmd2md.R:11:3'): use template preamble if no preamble in file ──
Error in `cat(out[[2]])`: argument 1 (type 'list') cannot be handled by 'cat'
Backtrace:
▆
1. └─altdoc:::.qmd2md(vignette_qmd, "vignettes", preamble = preamble) at test-qmd2md.R:11:3
2. └─base::cat(out[[2]])
── Error ('test-qmd2md.R:28:3'): do not use template preamble if preamble in file ──
Error in `cat(out[[2]])`: argument 1 (type 'list') cannot be handled by 'cat'
Backtrace:
▆
1. └─altdoc:::.qmd2md(vignette_qmd, "vignettes", preamble = preamble) at test-qmd2md.R:28:3
2. └─base::cat(out[[2]])
── Error ('test-render_docs.R:175:3'): render_docs errors if vignettes fail ────
Error in `cat(out[[2]])`: argument 1 (type 'list') cannot be handled by 'cat'
Backtrace:
▆
1. ├─testthat::expect_error(render_docs(path = getwd()), "some failures when rendering vignettes") at test-render_docs.R:175:3
2. │ └─testthat:::expect_condition_matching(...)
3. │ └─testthat:::quasi_capture(...)
4. │ ├─testthat (local) .capture(...)
5. │ │ └─base::withCallingHandlers(...)
6. │ └─rlang::eval_bare(quo_get_expr(.quo), quo_get_env(.quo))
7. └─altdoc::render_docs(path = getwd())
8. └─altdoc:::.import_vignettes(...)
9. └─base::vapply(...)
10. └─altdoc (local) FUN(X[[i]], ...)
11. └─altdoc:::.render_one_vignette(...)
12. └─altdoc:::.qmd2md(origin, tar_dir, verbose = verbose, preamble = pre)
13. └─base::cat(out[[2]])
── Error ('test-render_docs.R:186:3'): render_docs errors if man fail ──────────
Error in `cat(out[[2]])`: argument 1 (type 'list') cannot be handled by 'cat'
Backtrace:
▆
1. ├─testthat::expect_error(render_docs(path = getwd()), "some failures when rendering man pages") at test-render_docs.R:186:3
2. │ └─testthat:::expect_condition_matching(...)
3. │ └─testthat:::quasi_capture(...)
4. │ ├─testthat (local) .capture(...)
5. │ │ └─base::withCallingHandlers(...)
6. │ └─rlang::eval_bare(quo_get_expr(.quo), quo_get_env(.quo))
7. └─altdoc::render_docs(path = getwd())
8. └─altdoc:::.import_man(...)
9. └─base::vapply(...)
10. └─altdoc (local) FUN(X[[i]], ...)
11. └─altdoc:::.render_one_man(...)
12. └─altdoc:::.qmd2md(...)
13. └─base::cat(out[[2]])
── Error ('test-update.R:111:5'): render_docs also transform new/modified vignettes if specified: docute ──
Error in `cat(out[[2]])`: argument 1 (type 'list') cannot be handled by 'cat'
Backtrace:
▆
1. └─altdoc::render_docs(path = getwd()) at test-update.R:111:5
2. └─altdoc:::.import_vignettes(...)
3. └─base::vapply(...)
4. └─altdoc (local) FUN(X[[i]], ...)
5. └─altdoc:::.render_one_vignette(...)
6. └─altdoc:::.qmd2md(origin, tar_dir, verbose = verbose, preamble = pre)
7. └─base::cat(out[[2]])
── Error ('test-update.R:111:5'): render_docs also transform new/modified vignettes if specified: docsify ──
Error in `cat(out[[2]])`: argument 1 (type 'list') cannot be handled by 'cat'
Backtrace:
▆
1. └─altdoc::render_docs(path = getwd()) at test-update.R:111:5
2. └─altdoc:::.import_vignettes(...)
3. └─base::vapply(...)
4. └─altdoc (local) FUN(X[[i]], ...)
5. └─altdoc:::.render_one_vignette(...)
6. └─altdoc:::.qmd2md(origin, tar_dir, verbose = verbose, preamble = pre)
7. └─base::cat(out[[2]])
[ FAIL 8 | WARN 0 | SKIP 8 | PASS 55 ]
Error: Test failures
Execution halted
Flavor: r-release-macos-x86_64
Version: 0.5.0
Check: tests
Result: ERROR
Running ‘spelling.R’ [0s/0s]
Running ‘testthat.R’ [8s/9s]
Running the tests in ‘tests/testthat.R’ failed.
Complete output:
> library(testthat)
> library(altdoc)
>
> test_check("altdoc")
v Setting active project to
"/private/var/folders/k4/0jwzxmln0nb8y6rkzprptb640000gq/T/Rtmp3so7qf/testpkg66d86b03175b".
i Creating `altdoc/` directory.
i Creating `docs/` directory.
i Adding ^docs$ to .Rbuildignore
i Adding ^altdoc$ to .Rbuildignore
i Adding altdoc/freeze.rds to .gitignore
i Importing default settings file(s) to `altdoc/`
i README.md is mandatory. `altdoc` created a dummy README file in the package directory.
-- Basic files -----------------------------------------------------------------
v 'README' imported.
-- Man pages -------------------------------------------------------------------
i No man pages to convert.
-- Vignettes -------------------------------------------------------------------
i No vignettes to convert.
-- Update HTML -----------------------------------------------------------------
v HTML updated.
-- Complete --------------------------------------------------------------------
v Documentation updated.
v Setting active project to "<no active project>".
v Setting active project to
"/private/var/folders/k4/0jwzxmln0nb8y6rkzprptb640000gq/T/Rtmp3so7qf/testpkg66d834ee00ff".
i Creating `altdoc/` directory.
i Creating `docs/` directory.
i Adding ^docs$ to .Rbuildignore
i Adding ^altdoc$ to .Rbuildignore
i Adding altdoc/freeze.rds to .gitignore
i Importing default settings file(s) to `altdoc/`
i README.md is mandatory. `altdoc` created a dummy README file in the package directory.
v Setting active project to "<no active project>".
v Setting active project to
"/private/var/folders/k4/0jwzxmln0nb8y6rkzprptb640000gq/T/Rtmp3so7qf/testpkg66d8304430b2".
i Creating `altdoc/` directory.
i Creating `docs/` directory.
i Adding ^docs$ to .Rbuildignore
i Adding ^altdoc$ to .Rbuildignore
i Adding altdoc/freeze.rds to .gitignore
i Importing default settings file(s) to `altdoc/`
i README.md is mandatory. `altdoc` created a dummy README file in the package directory.
v Setting active project to "<no active project>".
v Setting active project to
"/private/var/folders/k4/0jwzxmln0nb8y6rkzprptb640000gq/T/Rtmp3so7qf/testpkg66d8326aabcd".
i Creating `altdoc/` directory.
i Creating `docs/` directory.
i Adding ^docs$ to .Rbuildignore
i Adding ^altdoc$ to .Rbuildignore
i Adding altdoc/freeze.rds to .gitignore
i Importing default settings file(s) to `altdoc/`
i README.md is mandatory. `altdoc` created a dummy README file in the package directory.
v Setting active project to "<no active project>".
v Setting active project to
"/private/var/folders/k4/0jwzxmln0nb8y6rkzprptb640000gq/T/Rtmp3so7qf/testpkg66d8594b75ec".
i Creating `altdoc/` directory.
i Creating `docs/` directory.
i Adding ^docs$ to .Rbuildignore
i Adding ^altdoc$ to .Rbuildignore
i Adding altdoc/freeze.rds to .gitignore
i Importing default settings file(s) to `altdoc/`
i README.md is mandatory. `altdoc` created a dummy README file in the package directory.
i Leaving 'README.md' unchanged.
[ ] Update 'README.md' to include installation instructions.
-- Basic files -----------------------------------------------------------------
v 'README' imported.
-- Man pages -------------------------------------------------------------------
i No man pages to convert.
-- Vignettes -------------------------------------------------------------------
i No vignettes to convert.
-- Update HTML -----------------------------------------------------------------
v HTML updated.
-- Complete --------------------------------------------------------------------
v Documentation updated.
v Setting active project to "<no active project>".
v Setting active project to
"/private/var/folders/k4/0jwzxmln0nb8y6rkzprptb640000gq/T/Rtmp3so7qf/testpkg66d8ce3d140".
i Creating `altdoc/` directory.
i Creating `docs/` directory.
i Adding ^docs$ to .Rbuildignore
i Adding ^altdoc$ to .Rbuildignore
i Adding altdoc/freeze.rds to .gitignore
i Importing default settings file(s) to `altdoc/`
i README.md is mandatory. `altdoc` created a dummy README file in the package directory.
i Leaving 'README.md' unchanged.
[ ] Update 'README.md' to include installation instructions.
-- Basic files -----------------------------------------------------------------
v 'README' imported.
-- Man pages -------------------------------------------------------------------
i No man pages to convert.
-- Vignettes -------------------------------------------------------------------
i No vignettes to convert.
-- Update HTML -----------------------------------------------------------------
v HTML updated.
-- Complete --------------------------------------------------------------------
v Documentation updated.
v Setting active project to "<no active project>".
v Setting active project to
"/private/var/folders/k4/0jwzxmln0nb8y6rkzprptb640000gq/T/Rtmp3so7qf/testpkg66d82bf3baa0".
i Creating `altdoc/` directory.
i Creating `docs/` directory.
i Adding ^docs$ to .Rbuildignore
i Adding ^altdoc$ to .Rbuildignore
i Adding altdoc/freeze.rds to .gitignore
i Importing default settings file(s) to `altdoc/`
i README.md is mandatory. `altdoc` created a dummy README file in the package directory.
v Setting active project to "<no active project>".
v Setting active project to
"/private/var/folders/k4/0jwzxmln0nb8y6rkzprptb640000gq/T/Rtmp3so7qf/testpkg66d87c59319d".
i Creating `altdoc/` directory.
i Creating `docs/` directory.
i Adding ^docs$ to .Rbuildignore
i Adding ^altdoc$ to .Rbuildignore
i Adding altdoc/freeze.rds to .gitignore
i Importing default settings file(s) to `altdoc/`
i README.md is mandatory. `altdoc` created a dummy README file in the package directory.
v Setting active project to "<no active project>".
v Setting active project to
"/private/var/folders/k4/0jwzxmln0nb8y6rkzprptb640000gq/T/Rtmp3so7qf/testpkg66d815f2fbab".
i Creating `altdoc/` directory.
i Creating `docs/` directory.
i Adding ^docs$ to .Rbuildignore
i Adding ^altdoc$ to .Rbuildignore
i Adding altdoc/freeze.rds to .gitignore
i Importing default settings file(s) to `altdoc/`
i README.md is mandatory. `altdoc` created a dummy README file in the package directory.
v Setting active project to "<no active project>".
v Setting active project to
"/private/var/folders/k4/0jwzxmln0nb8y6rkzprptb640000gq/T/Rtmp3so7qf/testpkg66d872cc3e2d".
v Setting active project to "<no active project>".
v Setting active project to
"/private/var/folders/k4/0jwzxmln0nb8y6rkzprptb640000gq/T/Rtmp3so7qf/testpkg66d85ea9e99e".
i Creating `altdoc/` directory.
i Creating `docs/` directory.
i Adding ^docs$ to .Rbuildignore
i Adding ^altdoc$ to .Rbuildignore
i Adding altdoc/freeze.rds to .gitignore
i Importing default settings file(s) to `altdoc/`
i README.md is mandatory. `altdoc` created a dummy README file in the package directory.
-- Basic files -----------------------------------------------------------------
v 'README' imported.
-- Man pages -------------------------------------------------------------------
i No man pages to convert.
-- Vignettes -------------------------------------------------------------------
i Found 1 vignette to convert.
\ Converting vignette 1/1: foo.Rmd
x Converting vignette 1/1: foo.Rmd [33ms]
v Setting active project to "<no active project>".
v Setting active project to
"/private/var/folders/k4/0jwzxmln0nb8y6rkzprptb640000gq/T/Rtmp3so7qf/testpkg66d83465e51a".
i Creating `altdoc/` directory.
i Creating `docs/` directory.
i Adding ^docs$ to .Rbuildignore
i Adding ^altdoc$ to .Rbuildignore
i Adding altdoc/freeze.rds to .gitignore
i Importing default settings file(s) to `altdoc/`
i README.md is mandatory. `altdoc` created a dummy README file in the package directory.
-- Basic files -----------------------------------------------------------------
v 'README' imported.
-- Man pages -------------------------------------------------------------------
i Found 1 man page to convert.
\ Converting function reference 1/1: foo
x Converting function reference 1/1: foo [47ms]
v Setting active project to "<no active project>".
v Setting active project to
"/private/var/folders/k4/0jwzxmln0nb8y6rkzprptb640000gq/T/Rtmp3so7qf/testpkg66d85adbb91e".
i Creating `altdoc/` directory.
i Creating `docs/` directory.
i Adding ^docs$ to .Rbuildignore
i Adding ^altdoc$ to .Rbuildignore
i Adding altdoc/freeze.rds to .gitignore
i Adding altdoc/pkgdown.yml file.
i Importing default settings file(s) to `altdoc/`
i README.md is mandatory. `altdoc` created a dummy README file in the package directory.
-- Basic files -----------------------------------------------------------------
v 'README' imported.
-- Man pages -------------------------------------------------------------------
i No man pages to convert.
-- Vignettes -------------------------------------------------------------------
i No vignettes to convert.
-- Update HTML -----------------------------------------------------------------
v HTML updated.
-- Complete --------------------------------------------------------------------
v Documentation updated.
v Setting active project to "<no active project>".
v Setting active project to
"/private/var/folders/k4/0jwzxmln0nb8y6rkzprptb640000gq/T/Rtmp3so7qf/testpkg66d8211fd8b3".
i Creating `altdoc/` directory.
i Creating `docs/` directory.
i Adding ^docs$ to .Rbuildignore
i Adding ^altdoc$ to .Rbuildignore
i Adding altdoc/freeze.rds to .gitignore
i Importing default settings file(s) to `altdoc/`
i README.md is mandatory. `altdoc` created a dummy README file in the package directory.
-- Basic files -----------------------------------------------------------------
v 'README' imported.
-- Man pages -------------------------------------------------------------------
i No man pages to convert.
-- Vignettes -------------------------------------------------------------------
i No vignettes to convert.
-- Update HTML -----------------------------------------------------------------
v HTML updated.
-- Complete --------------------------------------------------------------------
v Documentation updated.
v Setting active project to "<no active project>".
v Setting active project to
"/private/var/folders/k4/0jwzxmln0nb8y6rkzprptb640000gq/T/Rtmp3so7qf/testproj66d81c990738".
v Setting active project to "<no active project>".
v Setting active project to
"/private/var/folders/k4/0jwzxmln0nb8y6rkzprptb640000gq/T/Rtmp3so7qf/testpkg66d83ad319da".
i Creating `altdoc/` directory.
i Creating `docs/` directory.
i Adding ^docs$ to .Rbuildignore
i Adding ^altdoc$ to .Rbuildignore
i Adding altdoc/freeze.rds to .gitignore
i Importing default settings file(s) to `altdoc/`
i README.md is mandatory. `altdoc` created a dummy README file in the package directory.
v Setting active project to "<no active project>".
v Setting active project to
"/private/var/folders/k4/0jwzxmln0nb8y6rkzprptb640000gq/T/Rtmp3so7qf/testpkg66d85a7b2f0a".
v Setting active project to "<no active project>".
v Setting active project to
"/private/var/folders/k4/0jwzxmln0nb8y6rkzprptb640000gq/T/Rtmp3so7qf/testpkg66d8577af06d".
i Creating `altdoc/` directory.
i Creating `docs/` directory.
i Adding ^docs$ to .Rbuildignore
i Adding ^altdoc$ to .Rbuildignore
i Adding altdoc/freeze.rds to .gitignore
i Importing default settings file(s) to `altdoc/`
i README.md is mandatory. `altdoc` created a dummy README file in the package directory.
i Creating `docs/` directory.
i Importing default settings file(s) to `altdoc/`
v Setting active project to "<no active project>".
v Setting active project to
"/private/var/folders/k4/0jwzxmln0nb8y6rkzprptb640000gq/T/Rtmp3so7qf/testpkg66d817a9fa2d".
i Creating `altdoc/` directory.
i Creating `docs/` directory.
i Adding ^docs$ to .Rbuildignore
i Adding ^altdoc$ to .Rbuildignore
i Adding altdoc/freeze.rds to .gitignore
i Importing default settings file(s) to `altdoc/`
i README.md is mandatory. `altdoc` created a dummy README file in the package directory.
i Creating `docs/` directory.
i Importing default settings file(s) to `altdoc/`
v Setting active project to "<no active project>".
v Setting active project to
"/private/var/folders/k4/0jwzxmln0nb8y6rkzprptb640000gq/T/Rtmp3so7qf/testpkg66d87a161005".
i Creating `altdoc/` directory.
i Creating `docs/` directory.
i Adding ^docs$ to .Rbuildignore
i Adding ^altdoc$ to .Rbuildignore
i Adding altdoc/freeze.rds to .gitignore
i Adding ^_quarto$ to .Rbuildignore
i Adding _quarto/* to .gitignore
i Adding !_quarto/_freeze/ to .gitignore
i Importing default settings file(s) to `altdoc/`
i README.md is mandatory. `altdoc` created a dummy README file in the package directory.
v Setting active project to "<no active project>".
v Setting active project to
"/private/var/folders/k4/0jwzxmln0nb8y6rkzprptb640000gq/T/Rtmp3so7qf/testpkg66d81adc7a70".
i Creating `altdoc/` directory.
i Creating `docs/` directory.
i Adding ^docs$ to .Rbuildignore
i Adding ^altdoc$ to .Rbuildignore
i Adding altdoc/freeze.rds to .gitignore
i Importing default settings file(s) to `altdoc/`
i README.md is mandatory. `altdoc` created a dummy README file in the package directory.
v Setting active project to "<no active project>".
v Setting active project to
"/private/var/folders/k4/0jwzxmln0nb8y6rkzprptb640000gq/T/Rtmp3so7qf/testpkg66d87b64eed3".
i Creating `altdoc/` directory.
i Creating `docs/` directory.
i Adding ^docs$ to .Rbuildignore
i Adding ^altdoc$ to .Rbuildignore
i Adding altdoc/freeze.rds to .gitignore
i Importing default settings file(s) to `altdoc/`
i README.md is mandatory. `altdoc` created a dummy README file in the package directory.
v '.github/workflows/altdoc.yaml' created.
v Added `altdoc` in Suggests.
v Setting active project to "<no active project>".
v Setting active project to
"/private/var/folders/k4/0jwzxmln0nb8y6rkzprptb640000gq/T/Rtmp3so7qf/testpkg66d86afe9c72".
i Creating `altdoc/` directory.
i Creating `docs/` directory.
i Adding ^docs$ to .Rbuildignore
i Adding ^altdoc$ to .Rbuildignore
i Adding altdoc/freeze.rds to .gitignore
i Importing default settings file(s) to `altdoc/`
i README.md is mandatory. `altdoc` created a dummy README file in the package directory.
i Leaving 'README.md' unchanged.
[ ] Update 'README.md' to include installation instructions.
-- Basic files -----------------------------------------------------------------
v 'README' imported.
-- Man pages -------------------------------------------------------------------
i No man pages to convert.
-- Vignettes -------------------------------------------------------------------
i No vignettes to convert.
-- Update HTML -----------------------------------------------------------------
v HTML updated.
-- Complete --------------------------------------------------------------------
v Documentation updated.
v Setting active project to "<no active project>".
v Setting active project to
"/private/var/folders/k4/0jwzxmln0nb8y6rkzprptb640000gq/T/Rtmp3so7qf/testpkg66d8544037d1".
i Creating `altdoc/` directory.
i Creating `docs/` directory.
i Adding ^docs$ to .Rbuildignore
i Adding ^altdoc$ to .Rbuildignore
i Adding altdoc/freeze.rds to .gitignore
i Importing default settings file(s) to `altdoc/`
i README.md is mandatory. `altdoc` created a dummy README file in the package directory.
i Leaving 'README.md' unchanged.
[ ] Update 'README.md' to include installation instructions.
-- Basic files -----------------------------------------------------------------
v 'README' imported.
-- Man pages -------------------------------------------------------------------
i No man pages to convert.
-- Vignettes -------------------------------------------------------------------
i No vignettes to convert.
-- Update HTML -----------------------------------------------------------------
v HTML updated.
-- Complete --------------------------------------------------------------------
v Documentation updated.
v Setting active project to "<no active project>".
v Setting active project to
"/private/var/folders/k4/0jwzxmln0nb8y6rkzprptb640000gq/T/Rtmp3so7qf/testpkg66d841ac3139".
v Writing 'NEWS.md'.
i Creating `altdoc/` directory.
i Creating `docs/` directory.
i Adding ^docs$ to .Rbuildignore
i Adding ^altdoc$ to .Rbuildignore
i Adding altdoc/freeze.rds to .gitignore
i Importing default settings file(s) to `altdoc/`
i README.md is mandatory. `altdoc` created a dummy README file in the package directory.
-- Basic files -----------------------------------------------------------------
v 'NEWS' imported.
v 'README' imported.
-- Man pages -------------------------------------------------------------------
i No man pages to convert.
-- Vignettes -------------------------------------------------------------------
i No vignettes to convert.
-- Update HTML -----------------------------------------------------------------
v HTML updated.
-- Complete --------------------------------------------------------------------
v Documentation updated.
-- Basic files -----------------------------------------------------------------
v 'NEWS' imported.
v 'README' imported.
-- Man pages -------------------------------------------------------------------
i No man pages to convert.
-- Vignettes -------------------------------------------------------------------
i No vignettes to convert.
-- Update HTML -----------------------------------------------------------------
v HTML updated.
-- Complete --------------------------------------------------------------------
v Documentation updated.
v Setting active project to "<no active project>".
v Setting active project to
"/private/var/folders/k4/0jwzxmln0nb8y6rkzprptb640000gq/T/Rtmp3so7qf/testpkg66d8788c9492".
v Writing 'NEWS.md'.
i Creating `altdoc/` directory.
i Creating `docs/` directory.
i Adding ^docs$ to .Rbuildignore
i Adding ^altdoc$ to .Rbuildignore
i Adding altdoc/freeze.rds to .gitignore
i Importing default settings file(s) to `altdoc/`
i README.md is mandatory. `altdoc` created a dummy README file in the package directory.
-- Basic files -----------------------------------------------------------------
v 'NEWS' imported.
v 'README' imported.
-- Man pages -------------------------------------------------------------------
i No man pages to convert.
-- Vignettes -------------------------------------------------------------------
i No vignettes to convert.
-- Update HTML -----------------------------------------------------------------
v HTML updated.
-- Complete --------------------------------------------------------------------
v Documentation updated.
-- Basic files -----------------------------------------------------------------
v 'NEWS' imported.
v 'README' imported.
-- Man pages -------------------------------------------------------------------
i No man pages to convert.
-- Vignettes -------------------------------------------------------------------
i No vignettes to convert.
-- Update HTML -----------------------------------------------------------------
v HTML updated.
-- Complete --------------------------------------------------------------------
v Documentation updated.
v Setting active project to "<no active project>".
v Setting active project to
"/private/var/folders/k4/0jwzxmln0nb8y6rkzprptb640000gq/T/Rtmp3so7qf/testpkg66d87075ff6f".
v Writing 'CODE_OF_CONDUCT.md'.
v Adding "^CODE_OF_CONDUCT\\.md$" to '.Rbuildignore'.
[ ] You may also want to describe the code of conduct in your README:
## Code of Conduct
Please note that the testpkg66d87075ff6f project is released with a [Contributor Code of Conduct](https://contributor-covenant.org/version/2/1/CODE_OF_CONDUCT.html). By contributing to this project, you agree to abide by its terms.
i Creating `altdoc/` directory.
i Creating `docs/` directory.
i Adding ^docs$ to .Rbuildignore
i Adding ^altdoc$ to .Rbuildignore
i Adding altdoc/freeze.rds to .gitignore
i Importing default settings file(s) to `altdoc/`
i README.md is mandatory. `altdoc` created a dummy README file in the package directory.
-- Basic files -----------------------------------------------------------------
v 'CODE_OF_CONDUCT' imported.
v 'README' imported.
-- Man pages -------------------------------------------------------------------
i No man pages to convert.
-- Vignettes -------------------------------------------------------------------
i No vignettes to convert.
-- Update HTML -----------------------------------------------------------------
v HTML updated.
-- Complete --------------------------------------------------------------------
v Documentation updated.
-- Basic files -----------------------------------------------------------------
v 'CODE_OF_CONDUCT' imported.
v 'README' imported.
-- Man pages -------------------------------------------------------------------
i No man pages to convert.
-- Vignettes -------------------------------------------------------------------
i No vignettes to convert.
-- Update HTML -----------------------------------------------------------------
v HTML updated.
-- Complete --------------------------------------------------------------------
v Documentation updated.
v Setting active project to "<no active project>".
v Setting active project to
"/private/var/folders/k4/0jwzxmln0nb8y6rkzprptb640000gq/T/Rtmp3so7qf/testpkg66d83364980a".
v Writing 'CODE_OF_CONDUCT.md'.
v Adding "^CODE_OF_CONDUCT\\.md$" to '.Rbuildignore'.
[ ] You may also want to describe the code of conduct in your README:
## Code of Conduct
Please note that the testpkg66d83364980a project is released with a [Contributor Code of Conduct](https://contributor-covenant.org/version/2/1/CODE_OF_CONDUCT.html). By contributing to this project, you agree to abide by its terms.
i Creating `altdoc/` directory.
i Creating `docs/` directory.
i Adding ^docs$ to .Rbuildignore
i Adding ^altdoc$ to .Rbuildignore
i Adding altdoc/freeze.rds to .gitignore
i Importing default settings file(s) to `altdoc/`
i README.md is mandatory. `altdoc` created a dummy README file in the package directory.
-- Basic files -----------------------------------------------------------------
v 'CODE_OF_CONDUCT' imported.
v 'README' imported.
-- Man pages -------------------------------------------------------------------
i No man pages to convert.
-- Vignettes -------------------------------------------------------------------
i No vignettes to convert.
-- Update HTML -----------------------------------------------------------------
v HTML updated.
-- Complete --------------------------------------------------------------------
v Documentation updated.
-- Basic files -----------------------------------------------------------------
v 'CODE_OF_CONDUCT' imported.
v 'README' imported.
-- Man pages -------------------------------------------------------------------
i No man pages to convert.
-- Vignettes -------------------------------------------------------------------
i No vignettes to convert.
-- Update HTML -----------------------------------------------------------------
v HTML updated.
-- Complete --------------------------------------------------------------------
v Documentation updated.
v Setting active project to "<no active project>".
v Setting active project to
"/private/var/folders/k4/0jwzxmln0nb8y6rkzprptb640000gq/T/Rtmp3so7qf/testpkg66d84c91cab2".
v Adding "MIT + file LICENSE" to 'License'.
v Writing 'LICENSE'.
v Writing 'LICENSE.md'.
v Adding "^LICENSE\\.md$" to '.Rbuildignore'.
i Creating `altdoc/` directory.
i Creating `docs/` directory.
i Adding ^docs$ to .Rbuildignore
i Adding ^altdoc$ to .Rbuildignore
i Adding altdoc/freeze.rds to .gitignore
i Importing default settings file(s) to `altdoc/`
i README.md is mandatory. `altdoc` created a dummy README file in the package directory.
-- Basic files -----------------------------------------------------------------
v 'LICENSE' imported.
v 'README' imported.
-- Man pages -------------------------------------------------------------------
i No man pages to convert.
-- Vignettes -------------------------------------------------------------------
i No vignettes to convert.
-- Update HTML -----------------------------------------------------------------
v HTML updated.
-- Complete --------------------------------------------------------------------
v Documentation updated.
-- Basic files -----------------------------------------------------------------
v 'LICENSE' imported.
v 'README' imported.
-- Man pages -------------------------------------------------------------------
i No man pages to convert.
-- Vignettes -------------------------------------------------------------------
i No vignettes to convert.
-- Update HTML -----------------------------------------------------------------
v HTML updated.
-- Complete --------------------------------------------------------------------
v Documentation updated.
v Setting active project to "<no active project>".
v Setting active project to
"/private/var/folders/k4/0jwzxmln0nb8y6rkzprptb640000gq/T/Rtmp3so7qf/testpkg66d851e782f1".
v Adding "MIT + file LICENSE" to 'License'.
v Writing 'LICENSE'.
v Writing 'LICENSE.md'.
v Adding "^LICENSE\\.md$" to '.Rbuildignore'.
i Creating `altdoc/` directory.
i Creating `docs/` directory.
i Adding ^docs$ to .Rbuildignore
i Adding ^altdoc$ to .Rbuildignore
i Adding altdoc/freeze.rds to .gitignore
i Importing default settings file(s) to `altdoc/`
i README.md is mandatory. `altdoc` created a dummy README file in the package directory.
-- Basic files -----------------------------------------------------------------
v 'LICENSE' imported.
v 'README' imported.
-- Man pages -------------------------------------------------------------------
i No man pages to convert.
-- Vignettes -------------------------------------------------------------------
i No vignettes to convert.
-- Update HTML -----------------------------------------------------------------
v HTML updated.
-- Complete --------------------------------------------------------------------
v Documentation updated.
-- Basic files -----------------------------------------------------------------
v 'LICENSE' imported.
v 'README' imported.
-- Man pages -------------------------------------------------------------------
i No man pages to convert.
-- Vignettes -------------------------------------------------------------------
i No vignettes to convert.
-- Update HTML -----------------------------------------------------------------
v HTML updated.
-- Complete --------------------------------------------------------------------
v Documentation updated.
v Setting active project to "<no active project>".
v Setting active project to
"/private/var/folders/k4/0jwzxmln0nb8y6rkzprptb640000gq/T/Rtmp3so7qf/testpkg66d82dd5d46b".
i Creating `altdoc/` directory.
i Creating `docs/` directory.
i Adding ^docs$ to .Rbuildignore
i Adding ^altdoc$ to .Rbuildignore
i Adding altdoc/freeze.rds to .gitignore
i Importing default settings file(s) to `altdoc/`
i README.md is mandatory. `altdoc` created a dummy README file in the package directory.
-- Basic files -----------------------------------------------------------------
v 'README' imported.
-- Man pages -------------------------------------------------------------------
i No man pages to convert.
-- Vignettes -------------------------------------------------------------------
i Found 1 vignette to convert.
\ Converting vignette 1/1: basic.Rmd
x Converting vignette 1/1: basic.Rmd [30ms]
v Setting active project to "<no active project>".
v Setting active project to
"/private/var/folders/k4/0jwzxmln0nb8y6rkzprptb640000gq/T/Rtmp3so7qf/testpkg66d813753404".
i Creating `altdoc/` directory.
i Creating `docs/` directory.
i Adding ^docs$ to .Rbuildignore
i Adding ^altdoc$ to .Rbuildignore
i Adding altdoc/freeze.rds to .gitignore
i Importing default settings file(s) to `altdoc/`
i README.md is mandatory. `altdoc` created a dummy README file in the package directory.
-- Basic files -----------------------------------------------------------------
v 'README' imported.
-- Man pages -------------------------------------------------------------------
i No man pages to convert.
-- Vignettes -------------------------------------------------------------------
i Found 1 vignette to convert.
\ Converting vignette 1/1: basic.Rmd
x Converting vignette 1/1: basic.Rmd [35ms]
v Setting active project to "<no active project>".
v Setting active project to
"/private/var/folders/k4/0jwzxmln0nb8y6rkzprptb640000gq/T/Rtmp3so7qf/testpkg66d859e7501e".
v Setting active project to "<no active project>".
v Setting active project to
"/private/var/folders/k4/0jwzxmln0nb8y6rkzprptb640000gq/T/Rtmp3so7qf/testpkg66d87bf7cd6a".
v Setting active project to "<no active project>".
v Setting active project to
"/private/var/folders/k4/0jwzxmln0nb8y6rkzprptb640000gq/T/Rtmp3so7qf/testpkg66d85dbfa5f3".
v Setting active project to "<no active project>".
v Setting active project to
"/private/var/folders/k4/0jwzxmln0nb8y6rkzprptb640000gq/T/Rtmp3so7qf/testpkg66d85e28ba82".
v Setting active project to "<no active project>".
v Setting active project to
"/private/var/folders/k4/0jwzxmln0nb8y6rkzprptb640000gq/T/Rtmp3so7qf/testpkg66d83674a5d8".
v Setting active project to "<no active project>".
v Setting active project to
"/private/var/folders/k4/0jwzxmln0nb8y6rkzprptb640000gq/T/Rtmp3so7qf/testpkg66d8582c141b".
v Setting active project to "<no active project>".
[ FAIL 8 | WARN 0 | SKIP 8 | PASS 55 ]
══ Skipped tests (8) ═══════════════════════════════════════════════════════════
• .venv_exists() is not TRUE (2): 'test-setup_docs.R:49:5',
'test-setup_github_actions.R:23:3'
• On CRAN (5): 'test-render_docs.R:2:3', 'test-render_docs.R:35:3',
'test-render_docs.R:69:3', 'test-render_docs.R:110:3',
'test-render_docs.R:143:3'
• tool == "mkdocs" && !.venv_exists() is TRUE (1): 'test-parallel.R:3:5'
══ Failed tests ════════════════════════════════════════════════════════════════
── Error ('test-import_man.R:11:3'): rendering fails ───────────────────────────
Error in `cat(out[[2]])`: argument 1 (type 'list') cannot be handled by 'cat'
Backtrace:
▆
1. ├─testthat::expect_equal(...) at test-import_man.R:11:3
2. │ └─testthat::quasi_label(enquo(object), label, arg = "object")
3. │ └─rlang::eval_bare(expr, quo_get_env(quo))
4. └─altdoc:::.render_one_man(...)
5. └─altdoc:::.qmd2md(...)
6. └─base::cat(out[[2]])
── Error ('test-import_man.R:47:3'): rendering skipped because unchanged and freeze = TRUE ──
Error in `cat(out[[2]])`: argument 1 (type 'list') cannot be handled by 'cat'
Backtrace:
▆
1. └─altdoc:::.render_one_man(...) at test-import_man.R:47:3
2. └─altdoc:::.qmd2md(...)
3. └─base::cat(out[[2]])
── Error ('test-qmd2md.R:11:3'): use template preamble if no preamble in file ──
Error in `cat(out[[2]])`: argument 1 (type 'list') cannot be handled by 'cat'
Backtrace:
▆
1. └─altdoc:::.qmd2md(vignette_qmd, "vignettes", preamble = preamble) at test-qmd2md.R:11:3
2. └─base::cat(out[[2]])
── Error ('test-qmd2md.R:28:3'): do not use template preamble if preamble in file ──
Error in `cat(out[[2]])`: argument 1 (type 'list') cannot be handled by 'cat'
Backtrace:
▆
1. └─altdoc:::.qmd2md(vignette_qmd, "vignettes", preamble = preamble) at test-qmd2md.R:28:3
2. └─base::cat(out[[2]])
── Error ('test-render_docs.R:175:3'): render_docs errors if vignettes fail ────
Error in `cat(out[[2]])`: argument 1 (type 'list') cannot be handled by 'cat'
Backtrace:
▆
1. ├─testthat::expect_error(render_docs(path = getwd()), "some failures when rendering vignettes") at test-render_docs.R:175:3
2. │ └─testthat:::expect_condition_matching(...)
3. │ └─testthat:::quasi_capture(...)
4. │ ├─testthat (local) .capture(...)
5. │ │ └─base::withCallingHandlers(...)
6. │ └─rlang::eval_bare(quo_get_expr(.quo), quo_get_env(.quo))
7. └─altdoc::render_docs(path = getwd())
8. └─altdoc:::.import_vignettes(...)
9. └─base::vapply(...)
10. └─altdoc (local) FUN(X[[i]], ...)
11. └─altdoc:::.render_one_vignette(...)
12. └─altdoc:::.qmd2md(origin, tar_dir, verbose = verbose, preamble = pre)
13. └─base::cat(out[[2]])
── Error ('test-render_docs.R:186:3'): render_docs errors if man fail ──────────
Error in `cat(out[[2]])`: argument 1 (type 'list') cannot be handled by 'cat'
Backtrace:
▆
1. ├─testthat::expect_error(render_docs(path = getwd()), "some failures when rendering man pages") at test-render_docs.R:186:3
2. │ └─testthat:::expect_condition_matching(...)
3. │ └─testthat:::quasi_capture(...)
4. │ ├─testthat (local) .capture(...)
5. │ │ └─base::withCallingHandlers(...)
6. │ └─rlang::eval_bare(quo_get_expr(.quo), quo_get_env(.quo))
7. └─altdoc::render_docs(path = getwd())
8. └─altdoc:::.import_man(...)
9. └─base::vapply(...)
10. └─altdoc (local) FUN(X[[i]], ...)
11. └─altdoc:::.render_one_man(...)
12. └─altdoc:::.qmd2md(...)
13. └─base::cat(out[[2]])
── Error ('test-update.R:111:5'): render_docs also transform new/modified vignettes if specified: docute ──
Error in `cat(out[[2]])`: argument 1 (type 'list') cannot be handled by 'cat'
Backtrace:
▆
1. └─altdoc::render_docs(path = getwd()) at test-update.R:111:5
2. └─altdoc:::.import_vignettes(...)
3. └─base::vapply(...)
4. └─altdoc (local) FUN(X[[i]], ...)
5. └─altdoc:::.render_one_vignette(...)
6. └─altdoc:::.qmd2md(origin, tar_dir, verbose = verbose, preamble = pre)
7. └─base::cat(out[[2]])
── Error ('test-update.R:111:5'): render_docs also transform new/modified vignettes if specified: docsify ──
Error in `cat(out[[2]])`: argument 1 (type 'list') cannot be handled by 'cat'
Backtrace:
▆
1. └─altdoc::render_docs(path = getwd()) at test-update.R:111:5
2. └─altdoc:::.import_vignettes(...)
3. └─base::vapply(...)
4. └─altdoc (local) FUN(X[[i]], ...)
5. └─altdoc:::.render_one_vignette(...)
6. └─altdoc:::.qmd2md(origin, tar_dir, verbose = verbose, preamble = pre)
7. └─base::cat(out[[2]])
[ FAIL 8 | WARN 0 | SKIP 8 | PASS 55 ]
Error: Test failures
Execution halted
Flavor: r-oldrel-macos-arm64
Version: 0.5.0
Check: tests
Result: ERROR
Running ‘spelling.R’ [0s/0s]
Running ‘testthat.R’ [15s/20s]
Running the tests in ‘tests/testthat.R’ failed.
Complete output:
> library(testthat)
> library(altdoc)
>
> test_check("altdoc")
v Setting active project to
"/private/var/folders/2b/t0kwbtmn3p7brv2mvx39c9cr0000gn/T/Rtmpl9hMt0/testpkg17aff71b0f84f".
i Creating `altdoc/` directory.
i Creating `docs/` directory.
i Adding ^docs$ to .Rbuildignore
i Adding ^altdoc$ to .Rbuildignore
i Adding altdoc/freeze.rds to .gitignore
i Importing default settings file(s) to `altdoc/`
i README.md is mandatory. `altdoc` created a dummy README file in the package directory.
-- Basic files -----------------------------------------------------------------
v 'README' imported.
-- Man pages -------------------------------------------------------------------
i No man pages to convert.
-- Vignettes -------------------------------------------------------------------
i No vignettes to convert.
-- Update HTML -----------------------------------------------------------------
v HTML updated.
-- Complete --------------------------------------------------------------------
v Documentation updated.
v Setting active project to "<no active project>".
v Setting active project to
"/private/var/folders/2b/t0kwbtmn3p7brv2mvx39c9cr0000gn/T/Rtmpl9hMt0/testpkg17aff36573aad".
i Creating `altdoc/` directory.
i Creating `docs/` directory.
i Adding ^docs$ to .Rbuildignore
i Adding ^altdoc$ to .Rbuildignore
i Adding altdoc/freeze.rds to .gitignore
i Importing default settings file(s) to `altdoc/`
i README.md is mandatory. `altdoc` created a dummy README file in the package directory.
v Setting active project to "<no active project>".
v Setting active project to
"/private/var/folders/2b/t0kwbtmn3p7brv2mvx39c9cr0000gn/T/Rtmpl9hMt0/testpkg17aff1ebcbfd0".
i Creating `altdoc/` directory.
i Creating `docs/` directory.
i Adding ^docs$ to .Rbuildignore
i Adding ^altdoc$ to .Rbuildignore
i Adding altdoc/freeze.rds to .gitignore
i Importing default settings file(s) to `altdoc/`
i README.md is mandatory. `altdoc` created a dummy README file in the package directory.
v Setting active project to "<no active project>".
v Setting active project to
"/private/var/folders/2b/t0kwbtmn3p7brv2mvx39c9cr0000gn/T/Rtmpl9hMt0/testpkg17aff5fbfcec1".
i Creating `altdoc/` directory.
i Creating `docs/` directory.
i Adding ^docs$ to .Rbuildignore
i Adding ^altdoc$ to .Rbuildignore
i Adding altdoc/freeze.rds to .gitignore
i Importing default settings file(s) to `altdoc/`
i README.md is mandatory. `altdoc` created a dummy README file in the package directory.
v Setting active project to "<no active project>".
v Setting active project to
"/private/var/folders/2b/t0kwbtmn3p7brv2mvx39c9cr0000gn/T/Rtmpl9hMt0/testpkg17aff16f3aedb".
i Creating `altdoc/` directory.
i Creating `docs/` directory.
i Adding ^docs$ to .Rbuildignore
i Adding ^altdoc$ to .Rbuildignore
i Adding altdoc/freeze.rds to .gitignore
i Importing default settings file(s) to `altdoc/`
i README.md is mandatory. `altdoc` created a dummy README file in the package directory.
i Leaving 'README.md' unchanged.
[ ] Update 'README.md' to include installation instructions.
-- Basic files -----------------------------------------------------------------
v 'README' imported.
-- Man pages -------------------------------------------------------------------
i No man pages to convert.
-- Vignettes -------------------------------------------------------------------
i No vignettes to convert.
-- Update HTML -----------------------------------------------------------------
v HTML updated.
-- Complete --------------------------------------------------------------------
v Documentation updated.
v Setting active project to "<no active project>".
v Setting active project to
"/private/var/folders/2b/t0kwbtmn3p7brv2mvx39c9cr0000gn/T/Rtmpl9hMt0/testpkg17aff15f46e1c".
i Creating `altdoc/` directory.
i Creating `docs/` directory.
i Adding ^docs$ to .Rbuildignore
i Adding ^altdoc$ to .Rbuildignore
i Adding altdoc/freeze.rds to .gitignore
i Importing default settings file(s) to `altdoc/`
i README.md is mandatory. `altdoc` created a dummy README file in the package directory.
i Leaving 'README.md' unchanged.
[ ] Update 'README.md' to include installation instructions.
-- Basic files -----------------------------------------------------------------
v 'README' imported.
-- Man pages -------------------------------------------------------------------
i No man pages to convert.
-- Vignettes -------------------------------------------------------------------
i No vignettes to convert.
-- Update HTML -----------------------------------------------------------------
v HTML updated.
-- Complete --------------------------------------------------------------------
v Documentation updated.
v Setting active project to "<no active project>".
v Setting active project to
"/private/var/folders/2b/t0kwbtmn3p7brv2mvx39c9cr0000gn/T/Rtmpl9hMt0/testpkg17aff55572f6".
i Creating `altdoc/` directory.
i Creating `docs/` directory.
i Adding ^docs$ to .Rbuildignore
i Adding ^altdoc$ to .Rbuildignore
i Adding altdoc/freeze.rds to .gitignore
i Importing default settings file(s) to `altdoc/`
i README.md is mandatory. `altdoc` created a dummy README file in the package directory.
v Setting active project to "<no active project>".
v Setting active project to
"/private/var/folders/2b/t0kwbtmn3p7brv2mvx39c9cr0000gn/T/Rtmpl9hMt0/testpkg17aff497faa9b".
i Creating `altdoc/` directory.
i Creating `docs/` directory.
i Adding ^docs$ to .Rbuildignore
i Adding ^altdoc$ to .Rbuildignore
i Adding altdoc/freeze.rds to .gitignore
i Importing default settings file(s) to `altdoc/`
i README.md is mandatory. `altdoc` created a dummy README file in the package directory.
v Setting active project to "<no active project>".
v Setting active project to
"/private/var/folders/2b/t0kwbtmn3p7brv2mvx39c9cr0000gn/T/Rtmpl9hMt0/testpkg17aff61ca85b2".
i Creating `altdoc/` directory.
i Creating `docs/` directory.
i Adding ^docs$ to .Rbuildignore
i Adding ^altdoc$ to .Rbuildignore
i Adding altdoc/freeze.rds to .gitignore
i Importing default settings file(s) to `altdoc/`
i README.md is mandatory. `altdoc` created a dummy README file in the package directory.
v Setting active project to "<no active project>".
v Setting active project to
"/private/var/folders/2b/t0kwbtmn3p7brv2mvx39c9cr0000gn/T/Rtmpl9hMt0/testpkg17aff4c40f665".
v Setting active project to "<no active project>".
v Setting active project to
"/private/var/folders/2b/t0kwbtmn3p7brv2mvx39c9cr0000gn/T/Rtmpl9hMt0/testpkg17affcecfd8b".
i Creating `altdoc/` directory.
i Creating `docs/` directory.
i Adding ^docs$ to .Rbuildignore
i Adding ^altdoc$ to .Rbuildignore
i Adding altdoc/freeze.rds to .gitignore
i Importing default settings file(s) to `altdoc/`
i README.md is mandatory. `altdoc` created a dummy README file in the package directory.
-- Basic files -----------------------------------------------------------------
v 'README' imported.
-- Man pages -------------------------------------------------------------------
i No man pages to convert.
-- Vignettes -------------------------------------------------------------------
i Found 1 vignette to convert.
\ Converting vignette 1/1: foo.Rmd
x Converting vignette 1/1: foo.Rmd [71ms]
v Setting active project to "<no active project>".
v Setting active project to
"/private/var/folders/2b/t0kwbtmn3p7brv2mvx39c9cr0000gn/T/Rtmpl9hMt0/testpkg17aff302ace43".
i Creating `altdoc/` directory.
i Creating `docs/` directory.
i Adding ^docs$ to .Rbuildignore
i Adding ^altdoc$ to .Rbuildignore
i Adding altdoc/freeze.rds to .gitignore
i Importing default settings file(s) to `altdoc/`
i README.md is mandatory. `altdoc` created a dummy README file in the package directory.
-- Basic files -----------------------------------------------------------------
v 'README' imported.
-- Man pages -------------------------------------------------------------------
i Found 1 man page to convert.
\ Converting function reference 1/1: foo
x Converting function reference 1/1: foo [79ms]
v Setting active project to "<no active project>".
v Setting active project to
"/private/var/folders/2b/t0kwbtmn3p7brv2mvx39c9cr0000gn/T/Rtmpl9hMt0/testpkg17aff231d2385".
i Creating `altdoc/` directory.
i Creating `docs/` directory.
i Adding ^docs$ to .Rbuildignore
i Adding ^altdoc$ to .Rbuildignore
i Adding altdoc/freeze.rds to .gitignore
i Adding altdoc/pkgdown.yml file.
i Importing default settings file(s) to `altdoc/`
i README.md is mandatory. `altdoc` created a dummy README file in the package directory.
-- Basic files -----------------------------------------------------------------
v 'README' imported.
-- Man pages -------------------------------------------------------------------
i No man pages to convert.
-- Vignettes -------------------------------------------------------------------
i No vignettes to convert.
-- Update HTML -----------------------------------------------------------------
v HTML updated.
-- Complete --------------------------------------------------------------------
v Documentation updated.
v Setting active project to "<no active project>".
v Setting active project to
"/private/var/folders/2b/t0kwbtmn3p7brv2mvx39c9cr0000gn/T/Rtmpl9hMt0/testpkg17aff3957d88a".
i Creating `altdoc/` directory.
i Creating `docs/` directory.
i Adding ^docs$ to .Rbuildignore
i Adding ^altdoc$ to .Rbuildignore
i Adding altdoc/freeze.rds to .gitignore
i Importing default settings file(s) to `altdoc/`
i README.md is mandatory. `altdoc` created a dummy README file in the package directory.
-- Basic files -----------------------------------------------------------------
v 'README' imported.
-- Man pages -------------------------------------------------------------------
i No man pages to convert.
-- Vignettes -------------------------------------------------------------------
i No vignettes to convert.
-- Update HTML -----------------------------------------------------------------
v HTML updated.
-- Complete --------------------------------------------------------------------
v Documentation updated.
v Setting active project to "<no active project>".
v Setting active project to
"/private/var/folders/2b/t0kwbtmn3p7brv2mvx39c9cr0000gn/T/Rtmpl9hMt0/testproj17aff32cf6f4d".
v Setting active project to "<no active project>".
v Setting active project to
"/private/var/folders/2b/t0kwbtmn3p7brv2mvx39c9cr0000gn/T/Rtmpl9hMt0/testpkg17aff72b57f7b".
i Creating `altdoc/` directory.
i Creating `docs/` directory.
i Adding ^docs$ to .Rbuildignore
i Adding ^altdoc$ to .Rbuildignore
i Adding altdoc/freeze.rds to .gitignore
i Importing default settings file(s) to `altdoc/`
i README.md is mandatory. `altdoc` created a dummy README file in the package directory.
v Setting active project to "<no active project>".
v Setting active project to
"/private/var/folders/2b/t0kwbtmn3p7brv2mvx39c9cr0000gn/T/Rtmpl9hMt0/testpkg17aff5aa646db".
v Setting active project to "<no active project>".
v Setting active project to
"/private/var/folders/2b/t0kwbtmn3p7brv2mvx39c9cr0000gn/T/Rtmpl9hMt0/testpkg17aff4023fdc2".
i Creating `altdoc/` directory.
i Creating `docs/` directory.
i Adding ^docs$ to .Rbuildignore
i Adding ^altdoc$ to .Rbuildignore
i Adding altdoc/freeze.rds to .gitignore
i Importing default settings file(s) to `altdoc/`
i README.md is mandatory. `altdoc` created a dummy README file in the package directory.
i Creating `docs/` directory.
i Importing default settings file(s) to `altdoc/`
v Setting active project to "<no active project>".
v Setting active project to
"/private/var/folders/2b/t0kwbtmn3p7brv2mvx39c9cr0000gn/T/Rtmpl9hMt0/testpkg17aff7d4ef4fa".
i Creating `altdoc/` directory.
i Creating `docs/` directory.
i Adding ^docs$ to .Rbuildignore
i Adding ^altdoc$ to .Rbuildignore
i Adding altdoc/freeze.rds to .gitignore
i Importing default settings file(s) to `altdoc/`
i README.md is mandatory. `altdoc` created a dummy README file in the package directory.
i Creating `docs/` directory.
i Importing default settings file(s) to `altdoc/`
v Setting active project to "<no active project>".
v Setting active project to
"/private/var/folders/2b/t0kwbtmn3p7brv2mvx39c9cr0000gn/T/Rtmpl9hMt0/testpkg17aff21bd5123".
i Creating `altdoc/` directory.
i Creating `docs/` directory.
i Adding ^docs$ to .Rbuildignore
i Adding ^altdoc$ to .Rbuildignore
i Adding altdoc/freeze.rds to .gitignore
i Adding ^_quarto$ to .Rbuildignore
i Adding _quarto/* to .gitignore
i Adding !_quarto/_freeze/ to .gitignore
i Importing default settings file(s) to `altdoc/`
i README.md is mandatory. `altdoc` created a dummy README file in the package directory.
v Setting active project to "<no active project>".
v Setting active project to
"/private/var/folders/2b/t0kwbtmn3p7brv2mvx39c9cr0000gn/T/Rtmpl9hMt0/testpkg17aff2987629a".
i Creating `altdoc/` directory.
i Creating `docs/` directory.
i Adding ^docs$ to .Rbuildignore
i Adding ^altdoc$ to .Rbuildignore
i Adding altdoc/freeze.rds to .gitignore
i Importing default settings file(s) to `altdoc/`
i README.md is mandatory. `altdoc` created a dummy README file in the package directory.
v Setting active project to "<no active project>".
v Setting active project to
"/private/var/folders/2b/t0kwbtmn3p7brv2mvx39c9cr0000gn/T/Rtmpl9hMt0/testpkg17aff2de2c431".
i Creating `altdoc/` directory.
i Creating `docs/` directory.
i Adding ^docs$ to .Rbuildignore
i Adding ^altdoc$ to .Rbuildignore
i Adding altdoc/freeze.rds to .gitignore
i Importing default settings file(s) to `altdoc/`
i README.md is mandatory. `altdoc` created a dummy README file in the package directory.
v '.github/workflows/altdoc.yaml' created.
v Added `altdoc` in Suggests.
v Setting active project to "<no active project>".
v Setting active project to
"/private/var/folders/2b/t0kwbtmn3p7brv2mvx39c9cr0000gn/T/Rtmpl9hMt0/testpkg17aff4075e606".
i Creating `altdoc/` directory.
i Creating `docs/` directory.
i Adding ^docs$ to .Rbuildignore
i Adding ^altdoc$ to .Rbuildignore
i Adding altdoc/freeze.rds to .gitignore
i Importing default settings file(s) to `altdoc/`
i README.md is mandatory. `altdoc` created a dummy README file in the package directory.
i Leaving 'README.md' unchanged.
[ ] Update 'README.md' to include installation instructions.
-- Basic files -----------------------------------------------------------------
v 'README' imported.
-- Man pages -------------------------------------------------------------------
i No man pages to convert.
-- Vignettes -------------------------------------------------------------------
i No vignettes to convert.
-- Update HTML -----------------------------------------------------------------
v HTML updated.
-- Complete --------------------------------------------------------------------
v Documentation updated.
v Setting active project to "<no active project>".
v Setting active project to
"/private/var/folders/2b/t0kwbtmn3p7brv2mvx39c9cr0000gn/T/Rtmpl9hMt0/testpkg17affb91fbbe".
i Creating `altdoc/` directory.
i Creating `docs/` directory.
i Adding ^docs$ to .Rbuildignore
i Adding ^altdoc$ to .Rbuildignore
i Adding altdoc/freeze.rds to .gitignore
i Importing default settings file(s) to `altdoc/`
i README.md is mandatory. `altdoc` created a dummy README file in the package directory.
i Leaving 'README.md' unchanged.
[ ] Update 'README.md' to include installation instructions.
-- Basic files -----------------------------------------------------------------
v 'README' imported.
-- Man pages -------------------------------------------------------------------
i No man pages to convert.
-- Vignettes -------------------------------------------------------------------
i No vignettes to convert.
-- Update HTML -----------------------------------------------------------------
v HTML updated.
-- Complete --------------------------------------------------------------------
v Documentation updated.
v Setting active project to "<no active project>".
v Setting active project to
"/private/var/folders/2b/t0kwbtmn3p7brv2mvx39c9cr0000gn/T/Rtmpl9hMt0/testpkg17aff25a2d547".
v Writing 'NEWS.md'.
i Creating `altdoc/` directory.
i Creating `docs/` directory.
i Adding ^docs$ to .Rbuildignore
i Adding ^altdoc$ to .Rbuildignore
i Adding altdoc/freeze.rds to .gitignore
i Importing default settings file(s) to `altdoc/`
i README.md is mandatory. `altdoc` created a dummy README file in the package directory.
-- Basic files -----------------------------------------------------------------
v 'NEWS' imported.
v 'README' imported.
-- Man pages -------------------------------------------------------------------
i No man pages to convert.
-- Vignettes -------------------------------------------------------------------
i No vignettes to convert.
-- Update HTML -----------------------------------------------------------------
v HTML updated.
-- Complete --------------------------------------------------------------------
v Documentation updated.
-- Basic files -----------------------------------------------------------------
v 'NEWS' imported.
v 'README' imported.
-- Man pages -------------------------------------------------------------------
i No man pages to convert.
-- Vignettes -------------------------------------------------------------------
i No vignettes to convert.
-- Update HTML -----------------------------------------------------------------
v HTML updated.
-- Complete --------------------------------------------------------------------
v Documentation updated.
v Setting active project to "<no active project>".
v Setting active project to
"/private/var/folders/2b/t0kwbtmn3p7brv2mvx39c9cr0000gn/T/Rtmpl9hMt0/testpkg17affd9c4a8".
v Writing 'NEWS.md'.
i Creating `altdoc/` directory.
i Creating `docs/` directory.
i Adding ^docs$ to .Rbuildignore
i Adding ^altdoc$ to .Rbuildignore
i Adding altdoc/freeze.rds to .gitignore
i Importing default settings file(s) to `altdoc/`
i README.md is mandatory. `altdoc` created a dummy README file in the package directory.
-- Basic files -----------------------------------------------------------------
v 'NEWS' imported.
v 'README' imported.
-- Man pages -------------------------------------------------------------------
i No man pages to convert.
-- Vignettes -------------------------------------------------------------------
i No vignettes to convert.
-- Update HTML -----------------------------------------------------------------
v HTML updated.
-- Complete --------------------------------------------------------------------
v Documentation updated.
-- Basic files -----------------------------------------------------------------
v 'NEWS' imported.
v 'README' imported.
-- Man pages -------------------------------------------------------------------
i No man pages to convert.
-- Vignettes -------------------------------------------------------------------
i No vignettes to convert.
-- Update HTML -----------------------------------------------------------------
v HTML updated.
-- Complete --------------------------------------------------------------------
v Documentation updated.
v Setting active project to "<no active project>".
v Setting active project to
"/private/var/folders/2b/t0kwbtmn3p7brv2mvx39c9cr0000gn/T/Rtmpl9hMt0/testpkg17aff5cd40779".
v Writing 'CODE_OF_CONDUCT.md'.
v Adding "^CODE_OF_CONDUCT\\.md$" to '.Rbuildignore'.
[ ] You may also want to describe the code of conduct in your README:
## Code of Conduct
Please note that the testpkg17aff5cd40779 project is released with a [Contributor Code of Conduct](https://contributor-covenant.org/version/2/1/CODE_OF_CONDUCT.html). By contributing to this project, you agree to abide by its terms.
i Creating `altdoc/` directory.
i Creating `docs/` directory.
i Adding ^docs$ to .Rbuildignore
i Adding ^altdoc$ to .Rbuildignore
i Adding altdoc/freeze.rds to .gitignore
i Importing default settings file(s) to `altdoc/`
i README.md is mandatory. `altdoc` created a dummy README file in the package directory.
-- Basic files -----------------------------------------------------------------
v 'CODE_OF_CONDUCT' imported.
v 'README' imported.
-- Man pages -------------------------------------------------------------------
i No man pages to convert.
-- Vignettes -------------------------------------------------------------------
i No vignettes to convert.
-- Update HTML -----------------------------------------------------------------
v HTML updated.
-- Complete --------------------------------------------------------------------
v Documentation updated.
-- Basic files -----------------------------------------------------------------
v 'CODE_OF_CONDUCT' imported.
v 'README' imported.
-- Man pages -------------------------------------------------------------------
i No man pages to convert.
-- Vignettes -------------------------------------------------------------------
i No vignettes to convert.
-- Update HTML -----------------------------------------------------------------
v HTML updated.
-- Complete --------------------------------------------------------------------
v Documentation updated.
v Setting active project to "<no active project>".
v Setting active project to
"/private/var/folders/2b/t0kwbtmn3p7brv2mvx39c9cr0000gn/T/Rtmpl9hMt0/testpkg17aff7353d5cf".
v Writing 'CODE_OF_CONDUCT.md'.
v Adding "^CODE_OF_CONDUCT\\.md$" to '.Rbuildignore'.
[ ] You may also want to describe the code of conduct in your README:
## Code of Conduct
Please note that the testpkg17aff7353d5cf project is released with a [Contributor Code of Conduct](https://contributor-covenant.org/version/2/1/CODE_OF_CONDUCT.html). By contributing to this project, you agree to abide by its terms.
i Creating `altdoc/` directory.
i Creating `docs/` directory.
i Adding ^docs$ to .Rbuildignore
i Adding ^altdoc$ to .Rbuildignore
i Adding altdoc/freeze.rds to .gitignore
i Importing default settings file(s) to `altdoc/`
i README.md is mandatory. `altdoc` created a dummy README file in the package directory.
-- Basic files -----------------------------------------------------------------
v 'CODE_OF_CONDUCT' imported.
v 'README' imported.
-- Man pages -------------------------------------------------------------------
i No man pages to convert.
-- Vignettes -------------------------------------------------------------------
i No vignettes to convert.
-- Update HTML -----------------------------------------------------------------
v HTML updated.
-- Complete --------------------------------------------------------------------
v Documentation updated.
-- Basic files -----------------------------------------------------------------
v 'CODE_OF_CONDUCT' imported.
v 'README' imported.
-- Man pages -------------------------------------------------------------------
i No man pages to convert.
-- Vignettes -------------------------------------------------------------------
i No vignettes to convert.
-- Update HTML -----------------------------------------------------------------
v HTML updated.
-- Complete --------------------------------------------------------------------
v Documentation updated.
v Setting active project to "<no active project>".
v Setting active project to
"/private/var/folders/2b/t0kwbtmn3p7brv2mvx39c9cr0000gn/T/Rtmpl9hMt0/testpkg17aff6bbe4ea6".
v Adding "MIT + file LICENSE" to 'License'.
v Writing 'LICENSE'.
v Writing 'LICENSE.md'.
v Adding "^LICENSE\\.md$" to '.Rbuildignore'.
i Creating `altdoc/` directory.
i Creating `docs/` directory.
i Adding ^docs$ to .Rbuildignore
i Adding ^altdoc$ to .Rbuildignore
i Adding altdoc/freeze.rds to .gitignore
i Importing default settings file(s) to `altdoc/`
i README.md is mandatory. `altdoc` created a dummy README file in the package directory.
-- Basic files -----------------------------------------------------------------
v 'LICENSE' imported.
v 'README' imported.
-- Man pages -------------------------------------------------------------------
i No man pages to convert.
-- Vignettes -------------------------------------------------------------------
i No vignettes to convert.
-- Update HTML -----------------------------------------------------------------
v HTML updated.
-- Complete --------------------------------------------------------------------
v Documentation updated.
-- Basic files -----------------------------------------------------------------
v 'LICENSE' imported.
v 'README' imported.
-- Man pages -------------------------------------------------------------------
i No man pages to convert.
-- Vignettes -------------------------------------------------------------------
i No vignettes to convert.
-- Update HTML -----------------------------------------------------------------
v HTML updated.
-- Complete --------------------------------------------------------------------
v Documentation updated.
v Setting active project to "<no active project>".
v Setting active project to
"/private/var/folders/2b/t0kwbtmn3p7brv2mvx39c9cr0000gn/T/Rtmpl9hMt0/testpkg17aff7cfdb8d0".
v Adding "MIT + file LICENSE" to 'License'.
v Writing 'LICENSE'.
v Writing 'LICENSE.md'.
v Adding "^LICENSE\\.md$" to '.Rbuildignore'.
i Creating `altdoc/` directory.
i Creating `docs/` directory.
i Adding ^docs$ to .Rbuildignore
i Adding ^altdoc$ to .Rbuildignore
i Adding altdoc/freeze.rds to .gitignore
i Importing default settings file(s) to `altdoc/`
i README.md is mandatory. `altdoc` created a dummy README file in the package directory.
-- Basic files -----------------------------------------------------------------
v 'LICENSE' imported.
v 'README' imported.
-- Man pages -------------------------------------------------------------------
i No man pages to convert.
-- Vignettes -------------------------------------------------------------------
i No vignettes to convert.
-- Update HTML -----------------------------------------------------------------
v HTML updated.
-- Complete --------------------------------------------------------------------
v Documentation updated.
-- Basic files -----------------------------------------------------------------
v 'LICENSE' imported.
v 'README' imported.
-- Man pages -------------------------------------------------------------------
i No man pages to convert.
-- Vignettes -------------------------------------------------------------------
i No vignettes to convert.
-- Update HTML -----------------------------------------------------------------
v HTML updated.
-- Complete --------------------------------------------------------------------
v Documentation updated.
v Setting active project to "<no active project>".
v Setting active project to
"/private/var/folders/2b/t0kwbtmn3p7brv2mvx39c9cr0000gn/T/Rtmpl9hMt0/testpkg17aff5d3b4110".
i Creating `altdoc/` directory.
i Creating `docs/` directory.
i Adding ^docs$ to .Rbuildignore
i Adding ^altdoc$ to .Rbuildignore
i Adding altdoc/freeze.rds to .gitignore
i Importing default settings file(s) to `altdoc/`
i README.md is mandatory. `altdoc` created a dummy README file in the package directory.
-- Basic files -----------------------------------------------------------------
v 'README' imported.
-- Man pages -------------------------------------------------------------------
i No man pages to convert.
-- Vignettes -------------------------------------------------------------------
i Found 1 vignette to convert.
\ Converting vignette 1/1: basic.Rmd
x Converting vignette 1/1: basic.Rmd [82ms]
v Setting active project to "<no active project>".
v Setting active project to
"/private/var/folders/2b/t0kwbtmn3p7brv2mvx39c9cr0000gn/T/Rtmpl9hMt0/testpkg17aff68aec0e0".
i Creating `altdoc/` directory.
i Creating `docs/` directory.
i Adding ^docs$ to .Rbuildignore
i Adding ^altdoc$ to .Rbuildignore
i Adding altdoc/freeze.rds to .gitignore
i Importing default settings file(s) to `altdoc/`
i README.md is mandatory. `altdoc` created a dummy README file in the package directory.
-- Basic files -----------------------------------------------------------------
v 'README' imported.
-- Man pages -------------------------------------------------------------------
i No man pages to convert.
-- Vignettes -------------------------------------------------------------------
i Found 1 vignette to convert.
\ Converting vignette 1/1: basic.Rmd
x Converting vignette 1/1: basic.Rmd [90ms]
v Setting active project to "<no active project>".
v Setting active project to
"/private/var/folders/2b/t0kwbtmn3p7brv2mvx39c9cr0000gn/T/Rtmpl9hMt0/testpkg17aff119bf8a8".
v Setting active project to "<no active project>".
v Setting active project to
"/private/var/folders/2b/t0kwbtmn3p7brv2mvx39c9cr0000gn/T/Rtmpl9hMt0/testpkg17aff1d7034bd".
v Setting active project to "<no active project>".
v Setting active project to
"/private/var/folders/2b/t0kwbtmn3p7brv2mvx39c9cr0000gn/T/Rtmpl9hMt0/testpkg17aff5a77aec9".
v Setting active project to "<no active project>".
v Setting active project to
"/private/var/folders/2b/t0kwbtmn3p7brv2mvx39c9cr0000gn/T/Rtmpl9hMt0/testpkg17aff67cee8ac".
v Setting active project to "<no active project>".
v Setting active project to
"/private/var/folders/2b/t0kwbtmn3p7brv2mvx39c9cr0000gn/T/Rtmpl9hMt0/testpkg17aff58160ca3".
v Setting active project to "<no active project>".
v Setting active project to
"/private/var/folders/2b/t0kwbtmn3p7brv2mvx39c9cr0000gn/T/Rtmpl9hMt0/testpkg17aff175bae64".
v Setting active project to "<no active project>".
[ FAIL 8 | WARN 0 | SKIP 8 | PASS 55 ]
══ Skipped tests (8) ═══════════════════════════════════════════════════════════
• .venv_exists() is not TRUE (2): 'test-setup_docs.R:49:5',
'test-setup_github_actions.R:23:3'
• On CRAN (5): 'test-render_docs.R:2:3', 'test-render_docs.R:35:3',
'test-render_docs.R:69:3', 'test-render_docs.R:110:3',
'test-render_docs.R:143:3'
• tool == "mkdocs" && !.venv_exists() is TRUE (1): 'test-parallel.R:3:5'
══ Failed tests ════════════════════════════════════════════════════════════════
── Error ('test-import_man.R:11:3'): rendering fails ───────────────────────────
Error in `cat(out[[2]])`: argument 1 (type 'list') cannot be handled by 'cat'
Backtrace:
▆
1. ├─testthat::expect_equal(...) at test-import_man.R:11:3
2. │ └─testthat::quasi_label(enquo(object), label, arg = "object")
3. │ └─rlang::eval_bare(expr, quo_get_env(quo))
4. └─altdoc:::.render_one_man(...)
5. └─altdoc:::.qmd2md(...)
6. └─base::cat(out[[2]])
── Error ('test-import_man.R:47:3'): rendering skipped because unchanged and freeze = TRUE ──
Error in `cat(out[[2]])`: argument 1 (type 'list') cannot be handled by 'cat'
Backtrace:
▆
1. └─altdoc:::.render_one_man(...) at test-import_man.R:47:3
2. └─altdoc:::.qmd2md(...)
3. └─base::cat(out[[2]])
── Error ('test-qmd2md.R:11:3'): use template preamble if no preamble in file ──
Error in `cat(out[[2]])`: argument 1 (type 'list') cannot be handled by 'cat'
Backtrace:
▆
1. └─altdoc:::.qmd2md(vignette_qmd, "vignettes", preamble = preamble) at test-qmd2md.R:11:3
2. └─base::cat(out[[2]])
── Error ('test-qmd2md.R:28:3'): do not use template preamble if preamble in file ──
Error in `cat(out[[2]])`: argument 1 (type 'list') cannot be handled by 'cat'
Backtrace:
▆
1. └─altdoc:::.qmd2md(vignette_qmd, "vignettes", preamble = preamble) at test-qmd2md.R:28:3
2. └─base::cat(out[[2]])
── Error ('test-render_docs.R:175:3'): render_docs errors if vignettes fail ────
Error in `cat(out[[2]])`: argument 1 (type 'list') cannot be handled by 'cat'
Backtrace:
▆
1. ├─testthat::expect_error(render_docs(path = getwd()), "some failures when rendering vignettes") at test-render_docs.R:175:3
2. │ └─testthat:::expect_condition_matching(...)
3. │ └─testthat:::quasi_capture(...)
4. │ ├─testthat (local) .capture(...)
5. │ │ └─base::withCallingHandlers(...)
6. │ └─rlang::eval_bare(quo_get_expr(.quo), quo_get_env(.quo))
7. └─altdoc::render_docs(path = getwd())
8. └─altdoc:::.import_vignettes(...)
9. └─base::vapply(...)
10. └─altdoc (local) FUN(X[[i]], ...)
11. └─altdoc:::.render_one_vignette(...)
12. └─altdoc:::.qmd2md(origin, tar_dir, verbose = verbose, preamble = pre)
13. └─base::cat(out[[2]])
── Error ('test-render_docs.R:186:3'): render_docs errors if man fail ──────────
Error in `cat(out[[2]])`: argument 1 (type 'list') cannot be handled by 'cat'
Backtrace:
▆
1. ├─testthat::expect_error(render_docs(path = getwd()), "some failures when rendering man pages") at test-render_docs.R:186:3
2. │ └─testthat:::expect_condition_matching(...)
3. │ └─testthat:::quasi_capture(...)
4. │ ├─testthat (local) .capture(...)
5. │ │ └─base::withCallingHandlers(...)
6. │ └─rlang::eval_bare(quo_get_expr(.quo), quo_get_env(.quo))
7. └─altdoc::render_docs(path = getwd())
8. └─altdoc:::.import_man(...)
9. └─base::vapply(...)
10. └─altdoc (local) FUN(X[[i]], ...)
11. └─altdoc:::.render_one_man(...)
12. └─altdoc:::.qmd2md(...)
13. └─base::cat(out[[2]])
── Error ('test-update.R:111:5'): render_docs also transform new/modified vignettes if specified: docute ──
Error in `cat(out[[2]])`: argument 1 (type 'list') cannot be handled by 'cat'
Backtrace:
▆
1. └─altdoc::render_docs(path = getwd()) at test-update.R:111:5
2. └─altdoc:::.import_vignettes(...)
3. └─base::vapply(...)
4. └─altdoc (local) FUN(X[[i]], ...)
5. └─altdoc:::.render_one_vignette(...)
6. └─altdoc:::.qmd2md(origin, tar_dir, verbose = verbose, preamble = pre)
7. └─base::cat(out[[2]])
── Error ('test-update.R:111:5'): render_docs also transform new/modified vignettes if specified: docsify ──
Error in `cat(out[[2]])`: argument 1 (type 'list') cannot be handled by 'cat'
Backtrace:
▆
1. └─altdoc::render_docs(path = getwd()) at test-update.R:111:5
2. └─altdoc:::.import_vignettes(...)
3. └─base::vapply(...)
4. └─altdoc (local) FUN(X[[i]], ...)
5. └─altdoc:::.render_one_vignette(...)
6. └─altdoc:::.qmd2md(origin, tar_dir, verbose = verbose, preamble = pre)
7. └─base::cat(out[[2]])
[ FAIL 8 | WARN 0 | SKIP 8 | PASS 55 ]
Error: Test failures
Execution halted
Flavor: r-oldrel-macos-x86_64