Last updated on 2025-06-30 15:49:31 CEST.
Flavor | Version | Tinstall | Tcheck | Ttotal | Status | Flags |
---|---|---|---|---|---|---|
r-devel-linux-x86_64-debian-clang | 0.8.1 | 650.05 | 114.51 | 764.56 | OK | |
r-devel-linux-x86_64-debian-gcc | 0.8.1 | 611.84 | 87.69 | 699.53 | OK | |
r-devel-linux-x86_64-fedora-clang | 0.8.1 | 1689.65 | OK | |||
r-devel-linux-x86_64-fedora-gcc | 0.8.1 | 1851.77 | OK | |||
r-devel-windows-x86_64 | 0.8.1 | 922.00 | 175.00 | 1097.00 | OK | |
r-patched-linux-x86_64 | OK | |||||
r-release-linux-x86_64 | 0.8.1 | 854.32 | 110.63 | 964.95 | OK | |
r-release-macos-arm64 | 0.8.1 | 260.00 | OK | |||
r-release-macos-x86_64 | 0.8.1 | 497.00 | OK | |||
r-release-windows-x86_64 | 0.8.1 | 905.00 | 172.00 | 1077.00 | OK | |
r-oldrel-macos-arm64 | 0.8.1 | 333.00 | NOTE | |||
r-oldrel-macos-x86_64 | 0.8.1 | 609.00 | NOTE | |||
r-oldrel-windows-x86_64 | 0.8.1 | 1094.00 | 218.00 | 1312.00 | OK |
Version: 0.8.1
Check: installed package size
Result: NOTE
installed size is 38.0Mb
sub-directories of 1Mb or more:
libs 36.8Mb
Flavors: r-oldrel-macos-arm64, r-oldrel-macos-x86_64