Last updated on 2025-11-04 07:49:46 CET.
| Flavor | Version | Tinstall | Tcheck | Ttotal | Status | Flags | 
|---|---|---|---|---|---|---|
| r-devel-linux-x86_64-debian-clang | 0.7.0 | 7.59 | 219.51 | 227.10 | NOTE | |
| r-devel-linux-x86_64-debian-gcc | 0.7.0 | 5.31 | 160.92 | 166.23 | NOTE | |
| r-devel-linux-x86_64-fedora-clang | 0.7.0 | 16.00 | 330.53 | 346.53 | NOTE | |
| r-devel-linux-x86_64-fedora-gcc | 0.7.0 | 14.00 | 362.21 | 376.21 | NOTE | |
| r-devel-windows-x86_64 | 0.7.0 | 12.00 | 256.00 | 268.00 | NOTE | |
| r-patched-linux-x86_64 | 0.7.0 | 7.88 | 223.35 | 231.23 | NOTE | |
| r-release-linux-x86_64 | 0.7.0 | 7.64 | 208.27 | 215.91 | NOTE | |
| r-release-macos-arm64 | 0.7.0 | 4.00 | 158.00 | 162.00 | NOTE | |
| r-release-macos-x86_64 | 0.7.0 | 6.00 | 277.00 | 283.00 | NOTE | |
| r-release-windows-x86_64 | 0.7.0 | 11.00 | 255.00 | 266.00 | NOTE | |
| r-oldrel-macos-arm64 | 0.7.0 | 3.00 | 130.00 | 133.00 | OK | |
| r-oldrel-macos-x86_64 | 0.7.0 | 7.00 | 319.00 | 326.00 | OK | |
| r-oldrel-windows-x86_64 | 0.7.0 | 13.00 | 321.00 | 334.00 | OK | 
Version: 0.7.0
Check: DESCRIPTION meta-information
Result: NOTE
    Missing dependency on R >= 4.1.0 because package code uses the pipe
    |> or function shorthand \(...) syntax added in R 4.1.0.
    File(s) using such syntax:
      ‘plot.GRiwrm.R’
Flavors: r-devel-linux-x86_64-debian-clang, r-devel-linux-x86_64-debian-gcc, r-devel-linux-x86_64-fedora-clang, r-devel-linux-x86_64-fedora-gcc, r-devel-windows-x86_64, r-patched-linux-x86_64, r-release-linux-x86_64, r-release-macos-arm64, r-release-macos-x86_64, r-release-windows-x86_64