Last updated on 2025-11-24 07:49:54 CET.
| Flavor | Version | Tinstall | Tcheck | Ttotal | Status | Flags |
|---|---|---|---|---|---|---|
| r-devel-linux-x86_64-debian-clang | 1.15.1 | 8.97 | 66.08 | 75.05 | NOTE | |
| r-devel-linux-x86_64-debian-gcc | 1.15.1 | 6.88 | 50.11 | 56.99 | NOTE | |
| r-devel-linux-x86_64-fedora-clang | 1.15.1 | 19.00 | 94.72 | 113.72 | NOTE | |
| r-devel-windows-x86_64 | 1.15.1 | 12.00 | 80.00 | 92.00 | OK | |
| r-patched-linux-x86_64 | 1.15.1 | 9.20 | 62.88 | 72.08 | OK | |
| r-release-linux-x86_64 | 1.15.1 | 8.11 | 62.83 | 70.94 | OK | |
| r-release-macos-arm64 | 1.15.1 | OK | ||||
| r-release-macos-x86_64 | 1.15.1 | 9.00 | 53.00 | 62.00 | OK | |
| r-release-windows-x86_64 | 1.15.1 | 12.00 | 93.00 | 105.00 | OK | |
| r-oldrel-macos-arm64 | 1.15.1 | OK | ||||
| r-oldrel-macos-x86_64 | 1.15.1 | 12.00 | 52.00 | 64.00 | OK | |
| r-oldrel-windows-x86_64 | 1.15.1 | 14.00 | 95.00 | 109.00 | OK |
Version: 1.15.1
Check: CRAN incoming feasibility
Result: NOTE
Maintainer: ‘Anders Gorst-Rasmussen <agorstras@gmail.com>’
Package CITATION file contains call(s) to old-style personList() or
as.personList(). Please use c() on person objects instead.
Package CITATION file contains call(s) to old-style citEntry(). Please
use bibentry() instead.
Flavors: r-devel-linux-x86_64-debian-clang, r-devel-linux-x86_64-debian-gcc
Version: 1.15.1
Check: compiled code
Result: NOTE
File ‘ahaz/libs/ahaz.so’:
Found no calls to: ‘R_registerRoutines’, ‘R_useDynamicSymbols’
It is good practice to register native routines and to disable symbol
search.
See ‘Writing portable packages’ in the ‘Writing R Extensions’ manual.
Flavor: r-devel-linux-x86_64-fedora-clang