Last updated on 2025-11-04 07:49:46 CET.
| Flavor | Version | Tinstall | Tcheck | Ttotal | Status | Flags | 
|---|---|---|---|---|---|---|
| r-devel-linux-x86_64-debian-clang | 0.9.3 | 28.08 | 39.49 | 67.57 | NOTE | |
| r-devel-linux-x86_64-debian-gcc | 0.9.3 | 22.31 | 30.26 | 52.57 | NOTE | |
| r-devel-linux-x86_64-fedora-clang | 0.9.3 | 57.00 | 49.76 | 106.76 | NOTE | |
| r-devel-linux-x86_64-fedora-gcc | 0.9.3 | 71.00 | 42.86 | 113.86 | NOTE | |
| r-devel-windows-x86_64 | 0.9.3 | 33.00 | 72.00 | 105.00 | NOTE | |
| r-patched-linux-x86_64 | 0.9.3 | 28.02 | 38.85 | 66.87 | NOTE | |
| r-release-linux-x86_64 | 0.9.3 | 29.10 | 39.09 | 68.19 | NOTE | |
| r-release-macos-arm64 | 0.9.3 | 12.00 | 21.00 | 33.00 | NOTE | |
| r-release-macos-x86_64 | 0.9.3 | 26.00 | 34.00 | 60.00 | NOTE | |
| r-release-windows-x86_64 | 0.9.3 | 28.00 | 70.00 | 98.00 | NOTE | |
| r-oldrel-macos-arm64 | 0.9.3 | 12.00 | 25.00 | 37.00 | NOTE | |
| r-oldrel-macos-x86_64 | 0.9.3 | 18.00 | 28.00 | 46.00 | NOTE | |
| r-oldrel-windows-x86_64 | 0.9.3 | 37.00 | 94.00 | 131.00 | NOTE | 
Version: 0.9.3
Check: CRAN incoming feasibility
Result: NOTE
  Maintainer: ‘Berent Ånund Strømnes Lunde <lundeberent@gmail.com>’
  
  No Authors@R field in DESCRIPTION.
  Please add one, modifying
    Authors@R: person(given = c("Berent", "Ånund", "Strømnes"),
                      family = "Lunde",
                      role = c("aut", "cre"),
                      email = "lundeberent@gmail.com")
  as necessary.
Flavors: r-devel-linux-x86_64-debian-clang, r-devel-linux-x86_64-debian-gcc
Version: 0.9.3
Check: C++ specification
Result: NOTE
    Specified C++11: please drop specification unless essential
Flavors: r-devel-linux-x86_64-debian-clang, r-devel-linux-x86_64-debian-gcc, r-devel-linux-x86_64-fedora-clang, r-devel-linux-x86_64-fedora-gcc, r-devel-windows-x86_64, r-patched-linux-x86_64, r-release-linux-x86_64, r-release-macos-arm64, r-release-macos-x86_64, r-release-windows-x86_64, r-oldrel-macos-arm64, r-oldrel-macos-x86_64, r-oldrel-windows-x86_64
Version: 0.9.3
Check: for unstated dependencies in ‘demo’
Result: NOTE
  '::' or ':::' import not declared from: ‘xgboost’
  'library' or 'require' calls not declared from:
    ‘ISLR’ ‘dplyr’ ‘ggplot2’ ‘glmnet’ ‘gridExtra’ ‘lightgbm’
    ‘randomForest’ ‘xgboost’
Flavors: r-devel-linux-x86_64-debian-clang, r-devel-linux-x86_64-debian-gcc, r-patched-linux-x86_64, r-release-linux-x86_64
Version: 0.9.3
Check: installed package size
Result: NOTE
    installed size is  8.9Mb
    sub-directories of 1Mb or more:
      libs   8.4Mb
Flavors: r-oldrel-macos-arm64, r-oldrel-macos-x86_64