CRAN Package Check Results for Package agricolae

Last updated on 2025-06-30 15:49:31 CEST.

Flavor Version Tinstall Tcheck Ttotal Status Flags
r-devel-linux-x86_64-debian-clang 1.3-7 13.78 123.92 137.70 NOTE
r-devel-linux-x86_64-debian-gcc 1.3-7 8.56 84.90 93.46 NOTE
r-devel-linux-x86_64-fedora-clang 1.3-7 218.91 OK
r-devel-linux-x86_64-fedora-gcc 1.3-7 217.97 OK
r-devel-windows-x86_64 1.3-7 18.00 170.00 188.00 OK
r-patched-linux-x86_64 OK
r-release-linux-x86_64 1.3-7 13.05 115.30 128.35 OK
r-release-macos-arm64 1.3-7 83.00 OK
r-release-macos-x86_64 1.3-7 155.00 OK
r-release-windows-x86_64 1.3-7 16.00 176.00 192.00 OK
r-oldrel-macos-arm64 1.3-7 69.00 OK
r-oldrel-macos-x86_64 1.3-7 120.00 OK
r-oldrel-windows-x86_64 1.3-7 20.00 196.00 216.00 OK

Check Details

Version: 1.3-7
Check: CRAN incoming feasibility
Result: NOTE Maintainer: ‘Felipe de Mendiburu <fmendiburu@lamolina.edu.pe>’ No Authors@R field in DESCRIPTION. Please add one, modifying Authors@R: person(given = "Felipe", family = "de Mendiburu", role = c("aut", "cre"), email = "fmendiburu@lamolina.edu.pe") as necessary. Flavors: r-devel-linux-x86_64-debian-clang, r-devel-linux-x86_64-debian-gcc