CRAN Package Check Results for Package adsDataHubR

Last updated on 2025-02-21 13:50:39 CET.

Flavor Version Tinstall Tcheck Ttotal Status Flags
r-devel-linux-x86_64-debian-clang 0.1.1 2.79 25.22 28.01 OK
r-devel-linux-x86_64-debian-gcc 0.1.1 2.43 19.60 22.03 OK
r-devel-linux-x86_64-fedora-clang 0.1.1 44.16 OK
r-devel-linux-x86_64-fedora-gcc 0.1.1 43.19 OK
r-devel-macos-arm64 0.1.1 19.00 OK
r-devel-macos-x86_64 0.1.1 35.00 OK
r-devel-windows-x86_64 0.1.1 4.00 46.00 50.00 OK
r-patched-linux-x86_64 0.1.1 2.49 24.05 26.54 NOTE
r-release-linux-x86_64 0.1.1 2.32 23.84 26.16 NOTE
r-release-macos-arm64 0.1.1 18.00 NOTE
r-release-macos-x86_64 0.1.1 31.00 NOTE
r-release-windows-x86_64 0.1.1 4.00 46.00 50.00 NOTE
r-oldrel-macos-arm64 0.1.1 18.00 NOTE
r-oldrel-macos-x86_64 0.1.1 25.00 NOTE
r-oldrel-windows-x86_64 0.1.1 4.00 48.00 52.00 NOTE

Check Details

Version: 0.1.1
Check: LazyData
Result: NOTE 'LazyData' is specified without a 'data' directory Flavors: r-patched-linux-x86_64, r-release-linux-x86_64, r-release-macos-arm64, r-release-macos-x86_64, r-release-windows-x86_64, r-oldrel-macos-arm64, r-oldrel-macos-x86_64, r-oldrel-windows-x86_64