Last updated on 2025-02-21 13:50:39 CET.
Flavor | Version | Tinstall | Tcheck | Ttotal | Status | Flags |
---|---|---|---|---|---|---|
r-devel-linux-x86_64-debian-clang | 0.5.0 | 9.01 | 67.12 | 76.13 | NOTE | |
r-devel-linux-x86_64-debian-gcc | 0.5.0 | 6.34 | 46.32 | 52.66 | NOTE | |
r-devel-linux-x86_64-fedora-clang | 0.5.0 | 120.72 | NOTE | |||
r-devel-linux-x86_64-fedora-gcc | 0.5.0 | 128.13 | NOTE | |||
r-devel-macos-arm64 | 0.5.0 | 47.00 | OK | |||
r-devel-macos-x86_64 | 0.5.0 | 81.00 | NOTE | |||
r-devel-windows-x86_64 | 0.5.0 | 12.00 | 89.00 | 101.00 | NOTE | |
r-patched-linux-x86_64 | 0.5.0 | 10.46 | 60.47 | 70.93 | OK | |
r-release-linux-x86_64 | 0.5.0 | 8.75 | 60.88 | 69.63 | OK | |
r-release-macos-arm64 | 0.5.0 | 50.00 | OK | |||
r-release-macos-x86_64 | 0.5.0 | 132.00 | OK | |||
r-release-windows-x86_64 | 0.5.0 | 12.00 | 88.00 | 100.00 | OK | |
r-oldrel-macos-arm64 | 0.5.0 | 49.00 | OK | |||
r-oldrel-macos-x86_64 | 0.5.0 | 87.00 | OK | |||
r-oldrel-windows-x86_64 | 0.5.0 | 15.00 | 100.00 | 115.00 | OK |
Version: 0.5.0
Check: DESCRIPTION meta-information
Result: NOTE
Missing dependency on R >= 4.1.0 because package code uses the pipe
|> or function shorthand \(...) syntax added in R 4.1.0.
File(s) using such syntax:
‘cm_formula.R’ ‘tag_add.R’
Flavors: r-devel-linux-x86_64-debian-clang, r-devel-linux-x86_64-debian-gcc, r-devel-linux-x86_64-fedora-clang, r-devel-linux-x86_64-fedora-gcc, r-devel-macos-x86_64, r-devel-windows-x86_64