Last updated on 2025-11-04 07:49:46 CET.
| Flavor | Version | Tinstall | Tcheck | Ttotal | Status | Flags | 
|---|---|---|---|---|---|---|
| r-devel-linux-x86_64-debian-clang | 1.1.2 | 21.95 | 154.78 | 176.73 | NOTE | |
| r-devel-linux-x86_64-debian-gcc | 1.1.2 | 17.70 | 111.05 | 128.75 | NOTE | |
| r-devel-linux-x86_64-fedora-clang | 1.1.2 | 49.00 | 219.03 | 268.03 | OK | |
| r-devel-linux-x86_64-fedora-gcc | 1.1.2 | 50.00 | 216.55 | 266.55 | OK | |
| r-devel-windows-x86_64 | 1.1.2 | 20.00 | 138.00 | 158.00 | OK | |
| r-patched-linux-x86_64 | 1.1.2 | 19.57 | 147.97 | 167.54 | OK | |
| r-release-linux-x86_64 | 1.1.2 | 23.61 | 144.16 | 167.77 | OK | |
| r-release-macos-arm64 | 1.1.2 | 6.00 | 54.00 | 60.00 | OK | |
| r-release-macos-x86_64 | 1.1.2 | 12.00 | 110.00 | 122.00 | OK | |
| r-release-windows-x86_64 | 1.1.2 | 19.00 | 135.00 | 154.00 | OK | |
| r-oldrel-macos-arm64 | 1.1.2 | 6.00 | 55.00 | 61.00 | NOTE | |
| r-oldrel-macos-x86_64 | 1.1.2 | 9.00 | 78.00 | 87.00 | NOTE | |
| r-oldrel-windows-x86_64 | 1.1.2 | 24.00 | 172.00 | 196.00 | NOTE | 
Version: 1.1.2
Check: CRAN incoming feasibility
Result: NOTE
  Maintainer: ‘Cole Monnahan <monnahc@uw.edu>’
  
  Package CITATION file contains call(s) to old-style personList() or
  as.personList().  Please use c() on person objects instead.
  Package CITATION file contains call(s) to old-style citEntry().  Please
  use bibentry() instead.
Flavors: r-devel-linux-x86_64-debian-clang, r-devel-linux-x86_64-debian-gcc
Version: 1.1.2
Check: LazyData
Result: NOTE
    'LazyData' is specified without a 'data' directory
Flavors: r-oldrel-macos-arm64, r-oldrel-macos-x86_64, r-oldrel-windows-x86_64