CRAN Package Check Results for Package adfExplorer

Last updated on 2025-11-04 07:49:46 CET.

Flavor Version Tinstall Tcheck Ttotal Status Flags
r-devel-linux-x86_64-debian-clang 2.0.3 27.38 43.85 71.23 NOTE
r-devel-linux-x86_64-debian-gcc 2.0.3 21.21 34.52 55.73 NOTE
r-devel-linux-x86_64-fedora-clang 2.0.3 70.00 50.13 120.13 NOTE
r-devel-linux-x86_64-fedora-gcc 2.0.3 71.00 61.31 132.31 NOTE
r-devel-windows-x86_64 2.0.3 55.00 80.00 135.00 NOTE
r-patched-linux-x86_64 2.0.3 30.48 40.90 71.38 NOTE
r-release-linux-x86_64 2.0.3 28.50 41.26 69.76 NOTE
r-release-macos-arm64 2.0.3 18.00 46.00 64.00 NOTE
r-release-macos-x86_64 2.0.3 16.00 71.00 87.00 NOTE
r-release-windows-x86_64 2.0.3 52.00 81.00 133.00 NOTE
r-oldrel-macos-arm64 2.0.3 14.00 38.00 52.00 OK
r-oldrel-macos-x86_64 2.0.3 20.00 96.00 116.00 OK
r-oldrel-windows-x86_64 2.0.3 63.00 99.00 162.00 OK

Additional issues

rchk

Check Details

Version: 2.0.3
Check: DESCRIPTION meta-information
Result: NOTE Missing dependency on R >= 4.1.0 because package code uses the pipe |> or function shorthand \(...) syntax added in R 4.1.0. File(s) using such syntax: ‘blocks.R’ ‘compress.R’ ‘connect_adf.R’ ‘demo.R’ ‘device_create.R’ ‘entry_info.R’ ‘helpers.R’ ‘move.R’ ‘move.Rd’ ‘s3_conn.R’ ‘s3_methods.R’ ‘virtual_path.R’ Flavors: r-devel-linux-x86_64-debian-clang, r-devel-linux-x86_64-debian-gcc, r-devel-linux-x86_64-fedora-clang, r-devel-linux-x86_64-fedora-gcc, r-devel-windows-x86_64, r-patched-linux-x86_64, r-release-linux-x86_64, r-release-macos-arm64, r-release-macos-x86_64, r-release-windows-x86_64