CRAN Package Check Results for Package adfExplorer

Last updated on 2025-06-30 15:49:31 CEST.

Flavor Version Tinstall Tcheck Ttotal Status Flags
r-devel-linux-x86_64-debian-clang 2.0.3 27.61 42.76 70.37 NOTE
r-devel-linux-x86_64-debian-gcc 2.0.3 22.37 34.10 56.47 NOTE
r-devel-linux-x86_64-fedora-clang 2.0.3 120.39 NOTE
r-devel-linux-x86_64-fedora-gcc 2.0.3 130.88 NOTE
r-devel-windows-x86_64 2.0.3 55.00 84.00 139.00 NOTE
r-patched-linux-x86_64 NOTE
r-release-linux-x86_64 2.0.3 28.87 39.15 68.02 NOTE
r-release-macos-arm64 2.0.3 64.00 NOTE
r-release-macos-x86_64 2.0.3 87.00 NOTE
r-release-windows-x86_64 2.0.3 54.00 80.00 134.00 NOTE
r-oldrel-macos-arm64 2.0.3 52.00 OK
r-oldrel-macos-x86_64 2.0.3 116.00 OK
r-oldrel-windows-x86_64 2.0.3 62.00 99.00 161.00 OK

Additional issues

rchk

Check Details

Version: 2.0.3
Check: DESCRIPTION meta-information
Result: NOTE Missing dependency on R >= 4.1.0 because package code uses the pipe |> or function shorthand \(...) syntax added in R 4.1.0. File(s) using such syntax: ‘blocks.R’ ‘compress.R’ ‘connect_adf.R’ ‘demo.R’ ‘device_create.R’ ‘entry_info.R’ ‘helpers.R’ ‘move.R’ ‘move.Rd’ ‘s3_conn.R’ ‘s3_methods.R’ ‘virtual_path.R’ Flavors: r-devel-linux-x86_64-debian-clang, r-devel-linux-x86_64-debian-gcc, r-devel-linux-x86_64-fedora-clang, r-devel-linux-x86_64-fedora-gcc, r-devel-windows-x86_64, r-patched-linux-x86_64, r-release-linux-x86_64, r-release-macos-arm64, r-release-macos-x86_64, r-release-windows-x86_64