Last updated on 2025-02-22 12:50:10 CET.
Flavor | Version | Tinstall | Tcheck | Ttotal | Status | Flags |
---|---|---|---|---|---|---|
r-devel-linux-x86_64-debian-clang | 0.1.3 | 10.68 | 85.10 | 95.78 | OK | |
r-devel-linux-x86_64-debian-gcc | 0.1.3 | 6.27 | 57.47 | 63.74 | OK | |
r-devel-linux-x86_64-fedora-clang | 0.1.3 | 150.87 | OK | |||
r-devel-linux-x86_64-fedora-gcc | 0.1.3 | 151.16 | OK | |||
r-devel-macos-arm64 | 0.1.3 | 42.00 | OK | |||
r-devel-macos-x86_64 | 0.1.3 | 80.00 | OK | |||
r-devel-windows-x86_64 | 0.1.3 | 12.00 | 93.00 | 105.00 | OK | |
r-patched-linux-x86_64 | 0.1.3 | 9.29 | 78.47 | 87.76 | NOTE | |
r-release-linux-x86_64 | 0.1.3 | 8.81 | 79.35 | 88.16 | NOTE | |
r-release-macos-arm64 | 0.1.3 | 43.00 | NOTE | |||
r-release-macos-x86_64 | 0.1.3 | 76.00 | NOTE | |||
r-release-windows-x86_64 | 0.1.3 | 13.00 | 90.00 | 103.00 | NOTE | |
r-oldrel-macos-arm64 | 0.1.3 | 47.00 | NOTE | |||
r-oldrel-macos-x86_64 | 0.1.3 | 79.00 | NOTE | |||
r-oldrel-windows-x86_64 | 0.1.3 | 15.00 | 116.00 | 131.00 | NOTE |
Version: 0.1.3
Check: LazyData
Result: NOTE
'LazyData' is specified without a 'data' directory
Flavors: r-patched-linux-x86_64, r-release-linux-x86_64, r-release-macos-arm64, r-release-macos-x86_64, r-release-windows-x86_64, r-oldrel-macos-arm64, r-oldrel-macos-x86_64, r-oldrel-windows-x86_64