CRAN Package Check Results for Package abstractr

Last updated on 2025-11-25 07:49:47 CET.

Flavor Version Tinstall Tcheck Ttotal Status Flags
r-devel-linux-x86_64-debian-clang 0.1.0 5.91 70.87 76.78 NOTE
r-devel-linux-x86_64-debian-gcc 0.1.0 4.28 52.66 56.94 NOTE
r-devel-linux-x86_64-fedora-clang 0.1.0 13.00 106.37 119.37 OK
r-devel-linux-x86_64-fedora-gcc 0.1.0 12.00 116.19 128.19 OK
r-devel-windows-x86_64 0.1.0 12.00 84.00 96.00 OK
r-patched-linux-x86_64 0.1.0 6.66 67.01 73.67 OK
r-release-linux-x86_64 0.1.0 6.09 67.04 73.13 OK
r-release-macos-arm64 0.1.0 OK
r-release-macos-x86_64 0.1.0 5.00 62.00 67.00 OK
r-release-windows-x86_64 0.1.0 10.00 83.00 93.00 OK
r-oldrel-macos-arm64 0.1.0 NOTE
r-oldrel-macos-x86_64 0.1.0 4.00 55.00 59.00 NOTE
r-oldrel-windows-x86_64 0.1.0 13.00 102.00 115.00 NOTE

Check Details

Version: 0.1.0
Check: CRAN incoming feasibility
Result: NOTE Maintainer: ‘Matthew Kumar <mattkumar@gmail.com>’ No Authors@R field in DESCRIPTION. Please add one, modifying Authors@R: person(given = "Matthew", family = "Kumar", role = c("aut", "cre"), email = "mattkumar@gmail.com") as necessary. Flavors: r-devel-linux-x86_64-debian-clang, r-devel-linux-x86_64-debian-gcc

Version: 0.1.0
Check: LazyData
Result: NOTE 'LazyData' is specified without a 'data' directory Flavors: r-oldrel-macos-arm64, r-oldrel-macos-x86_64, r-oldrel-windows-x86_64