Last updated on 2024-05-09 12:49:28 CEST.
Flavor | Version | Tinstall | Tcheck | Ttotal | Status | Flags |
---|---|---|---|---|---|---|
r-devel-linux-x86_64-debian-clang | 1.0.4 | 3.72 | 27.00 | 30.72 | OK | |
r-devel-linux-x86_64-debian-gcc | 1.0.4 | 2.62 | 20.26 | 22.88 | OK | |
r-devel-linux-x86_64-fedora-clang | 1.0.4 | 38.48 | NOTE | |||
r-devel-linux-x86_64-fedora-gcc | 1.0.4 | 64.18 | NOTE | |||
r-devel-windows-x86_64 | 1.0.4 | 6.00 | 45.00 | 51.00 | OK | |
r-patched-linux-x86_64 | 1.0.4 | 3.55 | 26.64 | 30.19 | OK | |
r-release-linux-x86_64 | 1.0.4 | 3.51 | 25.49 | 29.00 | OK | |
r-release-macos-arm64 | 1.0.4 | 34.00 | OK | |||
r-release-windows-x86_64 | 1.0.4 | 6.00 | 45.00 | 51.00 | OK | |
r-oldrel-macos-arm64 | 1.0.4 | 24.00 | OK | |||
r-oldrel-macos-x86_64 | 1.0.4 | 37.00 | OK | |||
r-oldrel-windows-x86_64 | 1.0.4 | 7.00 | 43.00 | 50.00 | OK |
Version: 1.0.4
Check: compiled code
Result: NOTE
File ‘XNomial/libs/XNomial.so’:
Found no calls to: ‘R_registerRoutines’, ‘R_useDynamicSymbols’
It is good practice to register native routines and to disable symbol
search.
See ‘Writing portable packages’ in the ‘Writing R Extensions’ manual.
Flavors: r-devel-linux-x86_64-fedora-clang, r-devel-linux-x86_64-fedora-gcc