Last updated on 2024-05-11 12:48:19 CEST.
Flavor | Version | Tinstall | Tcheck | Ttotal | Status | Flags |
---|---|---|---|---|---|---|
r-devel-linux-x86_64-debian-clang | 1.0.2 | 12.90 | 90.62 | 103.52 | NOTE | |
r-devel-linux-x86_64-debian-gcc | 1.0.2 | 12.70 | 61.26 | 73.96 | NOTE | |
r-devel-linux-x86_64-fedora-clang | 1.0.2 | 129.56 | NOTE | |||
r-devel-linux-x86_64-fedora-gcc | 1.0.2 | 127.42 | NOTE | |||
r-devel-windows-x86_64 | 1.0.2 | 13.00 | 93.00 | 106.00 | NOTE | |
r-patched-linux-x86_64 | 1.0.2 | 17.86 | 84.42 | 102.28 | NOTE | |
r-release-linux-x86_64 | 1.0.2 | 15.99 | 83.96 | 99.95 | NOTE | |
r-release-macos-arm64 | 1.0.2 | 30.00 | NOTE | |||
r-release-windows-x86_64 | 1.0.2 | 16.00 | 89.00 | 105.00 | NOTE | |
r-oldrel-macos-arm64 | 1.0.2 | 36.00 | OK | |||
r-oldrel-macos-x86_64 | 1.0.2 | 90.00 | OK | |||
r-oldrel-windows-x86_64 | 1.0.2 | 17.00 | 109.00 | 126.00 | OK |
Version: 1.0.2
Check: Rd files
Result: NOTE
checkRd: (-1) betaburr.Rd:7: Lost braces
7 | \description{Computes the pdf, cdf, value at risk and expected shortfall for the beta Burr distribution due to Parana\'{i}ba et al. (2011) given by
| ^
checkRd: (-1) betafrechet.Rd:7: Lost braces
7 | \description{Computes the pdf, cdf, value at risk and expected shortfall for the beta Fr\'{e}chet distribution due to Barreto-Souza et al. (2011) given by
| ^
checkRd: (-1) frechet.Rd:7: Lost braces
7 | \description{Computes the pdf, cdf, value at risk and expected shortfall for the Fr\'{e}chet distribution due to Fr\'{e}chet (1927) given by
| ^
checkRd: (-1) frechet.Rd:7: Lost braces
7 | \description{Computes the pdf, cdf, value at risk and expected shortfall for the Fr\'{e}chet distribution due to Fr\'{e}chet (1927) given by
| ^
checkRd: (-1) kumburr7.Rd:7: Lost braces
7 | \description{Computes the pdf, cdf, value at risk and expected shortfall for the Kumaraswamy Burr XII distribution due to Parana\'{i}ba et al. (2013) given by
| ^
Flavors: r-devel-linux-x86_64-debian-clang, r-devel-linux-x86_64-debian-gcc, r-devel-linux-x86_64-fedora-clang, r-devel-linux-x86_64-fedora-gcc, r-devel-windows-x86_64, r-patched-linux-x86_64, r-release-linux-x86_64, r-release-macos-arm64, r-release-windows-x86_64