Last updated on 2025-02-22 12:51:00 CET.
Flavor | Version | Tinstall | Tcheck | Ttotal | Status | Flags |
---|---|---|---|---|---|---|
r-devel-linux-x86_64-debian-clang | 1.0 | 24.87 | 59.79 | 84.66 | NOTE | |
r-devel-linux-x86_64-debian-gcc | 1.0 | 17.49 | 44.29 | 61.78 | NOTE | |
r-devel-linux-x86_64-fedora-clang | 1.0 | 144.69 | NOTE | |||
r-devel-linux-x86_64-fedora-gcc | 1.0 | 132.38 | NOTE | |||
r-devel-macos-arm64 | 1.0 | 41.00 | NOTE | |||
r-devel-macos-x86_64 | 1.0 | 81.00 | NOTE | |||
r-devel-windows-x86_64 | 1.0 | 28.00 | 94.00 | 122.00 | NOTE | |
r-patched-linux-x86_64 | 1.0 | 22.59 | 55.46 | 78.05 | NOTE | |
r-release-linux-x86_64 | 1.0 | 24.60 | 56.99 | 81.59 | NOTE | |
r-release-macos-arm64 | 1.0 | 39.00 | NOTE | |||
r-release-macos-x86_64 | 1.0 | 59.00 | NOTE | |||
r-release-windows-x86_64 | 1.0 | 28.00 | 93.00 | 121.00 | NOTE | |
r-oldrel-macos-arm64 | 1.0 | 48.00 | NOTE | |||
r-oldrel-macos-x86_64 | 1.0 | 70.00 | NOTE | |||
r-oldrel-windows-x86_64 | 1.0 | 33.00 | 110.00 | 143.00 | NOTE |
Version: 1.0
Check: C++ specification
Result: NOTE
Specified C++11: please drop specification unless essential
Flavors: r-devel-linux-x86_64-debian-clang, r-devel-linux-x86_64-debian-gcc, r-devel-linux-x86_64-fedora-clang, r-devel-linux-x86_64-fedora-gcc, r-devel-macos-arm64, r-devel-macos-x86_64, r-devel-windows-x86_64, r-patched-linux-x86_64, r-release-linux-x86_64, r-release-macos-arm64, r-release-macos-x86_64, r-release-windows-x86_64, r-oldrel-macos-arm64, r-oldrel-macos-x86_64, r-oldrel-windows-x86_64